000
CXUS55 KCYS 021149 CCA
CF6SNY
PRELIMINARY LOCAL CLIMATOLOGICAL DATA (WS FORM: F-6)...CORRECTED
STATION: SIDNEY NEBRASKA AIRPORT
MONTH: SEPTEMBER
YEAR: 2022
LATITUDE: 41 5 N
LONGITUDE: 102 59 W
TEMPERATURE IN F: :PCPN: SNOW: WIND :SUNSHINE: SKY :PK WND
================================================================================
1 2 3 4 5 6A 6B 7 8 9 10 11 12 13 14 15 16 17 18
12Z AVG MX 2MIN
DY MAX MIN AVG DEP HDD CDD WTR SNW DPTH SPD SPD DIR MIN PSBL S-S WX SPD DR
================================================================================
1 95 53 74 6 0 9 0.00 M M 8.8 16 220 M M 0 23 210
2 96 56 76 9 0 11 0.00 M M 12.7 24 50 M M 0 31 40
3 89 55 72 5 0 7 0.00 M M 12.7 21 140 M M 0 29 160
4 95 60 78 11 0 13 0.00 M M 14.2 23 170 M M 0 32 150
5 99 57 78 12 0 13 0.00 M M 12.3 18 200 M M 0 26 220
6 102 55 79 13 0 14 0.00 M M 10.4 20 110 M M 0 26 120
7 102 60 81 15 0 16 0.00 M M 12.8 22 160 M M 0 29 150
8 102 59 81 15 0 16 T M M 16.1 39 360 M M 1 8 49 360
9 61 51 56 -9 9 0 T M M 15.2 28 360 M M 8 34 10
10 59 36 48 -17 17 0 T M M 6.7 14 50 M M 7 18 50
11 78 34 56 -8 9 0 0.00 M M 9.1 21 220 M M 0 12 26 220
12 92 37 65 1 0 0 0.00 M M 6.6 14 350 M M 0 22 30
13 92 44 68 4 0 3 0.00 M M 10.3 17 150 M M 0 8 28 130
14 88 53 71 8 0 6 0.04 M M 12.7 30 180 M M 1 3 40 180
15 82 55 69 6 0 4 0.24 M M 10.0 30 320 M M 3 13 36 320
16 85 50 68 6 0 3 0.24 M M 7.5 21 260 M M 1 3 29 170
17 79 50 65 3 0 0 T M M 7.4 15 100 M M 1 21 170
18 83 53 68 6 0 3 0.00 M M 8.0 21 320 M M 3 28 320
19 94 58 76 15 0 11 0.00 M M 7.7 20 210 M M 3 128 25 200
20 91 56 74 13 0 9 0.00 M M 11.8 25 30 M M 0 32 30
21 64 49 57 -3 8 0 0.07 M M 9.3 22 60 M M 7 13 30 60
22 51 44 48 -12 17 0 0.24 M M 16.8 24 170 M M 10 1 32 160
23 79 44 62 3 3 0 0.00 M M 13.0 36 290 M M 1 12 47 300
24 81 45 63 4 2 0 0.00 M M 13.3 26 310 M M 0 36 290
25 77 41 59 1 6 0 0.00 M M 6.9 16 340 M M 0 22 20
26 82 42 62 4 3 0 0.00 M M 8.2 21 330 M M 0 25 10
27 78 44 61 4 4 0 0.00 M M 8.6 15 150 M M 0 19 160
28 83 46 65 8 0 0 0.00 M M 17.7 30 150 M M 0 39 140
29 88 49 69 13 0 4 0.00 M M 10.5 25 340 M M 1 37 360
30 84 46 65 9 0 0 0.00 M M 11.9 31 300 M M 1 8 41 300
================================================================================
SM 2531 1482 78 142 0.83 M 329.2 M 48
================================================================================
AV 84.4 49.4 11.0 FASTST M M 2 MAX(MPH)
MISC ----> 39 360 49 360
================================================================================
NOTES:
# LAST OF SEVERAL OCCURRENCES
COLUMN 17 PEAK WIND IN M.P.H.
PRELIMINARY LOCAL CLIMATOLOGICAL DATA (WS FORM: F-6) , PAGE 2
STATION: SIDNEY NEBRASKA AIRPORT
MONTH: SEPTEMBER
YEAR: 2022
LATITUDE: 41 5 N
LONGITUDE: 102 59 W
[TEMPERATURE DATA] [PRECIPITATION DATA] SYMBOLS USED IN COLUMN 16
AVERAGE MONTHLY: 66.9 TOTAL FOR MONTH: 0.83 1 = FOG OR MIST
DPTR FM NORMAL: 4.6 DPTR FM NORMAL: -0.48 2 = FOG REDUCING VISIBILITY
HIGHEST: 102 ON 8, 7 GRTST 24HR 0.40 ON 15-16 TO 1/4 MILE OR LESS
LOWEST: 34 ON 11 3 = THUNDER
SNOW, ICE PELLETS, HAIL 4 = ICE PELLETS
TOTAL MONTH: M 5 = HAIL
GRTST 24HR M ON M 6 = FREEZING RAIN OR DRIZZLE
GRTST DEPTH: M ON M 7 = DUSTSTORM OR SANDSTORM:
VSBY 1/2 MILE OR LESS
8 = SMOKE OR HAZE
[NO. OF DAYS WITH] [WEATHER - DAYS WITH] 9 = BLOWING SNOW
X = TORNADO
MAX 32 OR BELOW: 0 0.01 INCH OR MORE: 5
MAX 90 OR ABOVE: 11 0.10 INCH OR MORE: 3
MIN 32 OR BELOW: 0 0.50 INCH OR MORE: 0
MIN 0 OR BELOW: 0 1.00 INCH OR MORE: 0
[HDD (BASE 65) ]
TOTAL THIS MO. 78 CLEAR (SCALE 0-3) 26
DPTR FM NORMAL -66 PTCLDY (SCALE 4-7) 3
TOTAL FM JUL 1 78 CLOUDY (SCALE 8-10) 1
DPTR FM NORMAL -91
[CDD (BASE 65) ]
TOTAL THIS MO. 142
DPTR FM NORMAL 77 [PRESSURE DATA]
TOTAL FM JAN 1 1022 HIGHEST SLP 30.37 ON 10
DPTR FM NORMAL 333 LOWEST SLP 29.59 ON 8
[REMARKS]
SEPTEMBER 6...TIED RECORD HIGH 102 DEGREES PREVIOUSLY SET IN 2013
SEPTEMBER 7...RECORD HIGH 102 DEGREES (PREVIOUS 100 DEGREES IN 2013)
SEPTEMBER 8...RECORD HIGH 102 DEGREES (PREVIOUS 100 DEGREES IN 2013)
MEAN TEMPERATURE 66.9 DEGREES WAS WARMEST SEPTEMBER ON RECORD
#FINAL-09-22#