000
CXUS55 KCYS 011530
CLMSNY
CLIMATE REPORT
NATIONAL WEATHER SERVICE CHEYENNE WY
930 AM MDT MON MAY 01 2023
...................................
...THE SIDNEY NEBRASKA AIRPORT CLIMATE SUMMARY FOR THE MONTH OF APRIL 2023...
CLIMATE NORMAL PERIOD 1991 TO 2020
CLIMATE RECORD PERIOD 1948 TO 2023
WEATHER OBSERVED NORMAL DEPART LAST YEAR`S
VALUE DATE(S) VALUE FROM VALUE DATE(S)
NORMAL
................................................................
TEMPERATURE (F)
RECORD
HIGH 92 04/24/2012
LOW -9 04/02/1975
HIGHEST 87 04/11 MM MM 91
04/12
LOWEST 16 04/05 MM MM 4
04/23
AVG. MAXIMUM 61.2 60.6 0.6 61.5
AVG. MINIMUM 28.3 30.0 -1.7 24.5
MEAN 44.8 45.3 -0.5 43.0
DAYS MAX >= 90 0 0.0 0.0 1
DAYS MAX <= 32 1 1.0 0.0 0
DAYS MIN <= 32 23 17.1 5.9 24
DAYS MIN <= 0 0 0.0 0.0 0
PRECIPITATION (INCHES)
RECORD
MAXIMUM 5.51 2015
TOTALS 0.03 1.67 -1.64 0.39
DAYS >= .01 0 9.3 -9.3 3
DAYS >= .10 0 4.2 -4.2 2
DAYS >= .50 0 1.1 -1.1 0
DAYS >= 1.00 0 0.3 -0.3 0
GREATEST
24 HR. TOTAL 0.03 04/27 TO 04/28 0.22 04/29 TO 04/29
DEGREE DAYS
HEATING TOTAL 598 591 7 657
SINCE 7/1 6870
COOLING TOTAL 0 0 0 3
SINCE 1/1 0
................................................................
WIND (MPH)
AVERAGE WIND SPEED 13.0
HIGHEST WIND SPEED/DIRECTION 43/330 DATE 04/27
HIGHEST GUST SPEED/DIRECTION 55/330 DATE 04/27
SKY COVER
POSSIBLE SUNSHINE (PERCENT) MM
AVERAGE SKY COVER 0.26
NUMBER OF DAYS FAIR 22
NUMBER OF DAYS PC 5
NUMBER OF DAYS CLOUDY 3
AVERAGE RH (PERCENT) 55
WEATHER CONDITIONS. NUMBER OF DAYS WITH
THUNDERSTORM 1 MIXED PRECIP 0
HEAVY RAIN 1 RAIN 1
LIGHT RAIN 7 FREEZING RAIN 0
LT FREEZING RAIN 1 HAIL 0
HEAVY SNOW 2 SNOW 2
LIGHT SNOW 4 SLEET 0
FOG 5 FOG W/VIS <= 1/4 MILE 2
HAZE 3
- INDICATES NEGATIVE NUMBERS.
R INDICATES RECORD WAS SET OR TIED.
MM INDICATES DATA IS MISSING.
T INDICATES TRACE AMOUNT.
$$