000
CXUS56 KPQR 011200
CF6SPB
PRELIMINARY LOCAL CLIMATOLOGICAL DATA (WS FORM: F-6)
STATION: SCAPPOOSE OR
MONTH: FEBRUARY
YEAR: 2020
LATITUDE: 45 46 N
LONGITUDE: 122 50 W
TEMPERATURE IN F: :PCPN: SNOW: WIND :SUNSHINE: SKY :PK WND
================================================================================
1 2 3 4 5 6A 6B 7 8 9 10 11 12 13 14 15 16 17 18
12Z AVG MX 2MIN
DY MAX MIN AVG DEP HDD CDD WTR SNW DPTH SPD SPD DIR MIN PSBL S-S WX SPD DR
================================================================================
1 57 37 47 6 18 0 0.30 M M 6.2 20 190 M M 6 1 26 160
2 44 30 37 -4 28 0 0.00 M M 2.8 9 70 M M 5 1 13 70
3 46 29 38 -4 27 0 T M M 1.7 7 290 M M 6 1 9 310
4 41 27 34 -8 31 0 T M M 2.5 12 150 M M 10 12 15 170
5 49 39 44 2 21 0 0.10 M M 2.7 7 130 M M 10 12 10 160
6 57 44 51 9 14 0 0.20 M M 2.3 10 220 M M 10 12 13 220
7 55 42 49 7 16 0 0.18 M M 6.2 20 250 M M 9 18 29 260
8 48 32 40 -2 25 0 0.12 M M 4.3 15 250 M M 7 1 21 280
9 46 30 38 -4 27 0 0.00 M M 1.8 7 150 M M 6 128 8 150
10 53 31 42 0 23 0 0.00 M M 4.2 12 350 M M 4 1 16 10
11 44 30 37 -5 28 0 0.01 M M 1.5 8 170 M M 7 128 12 110
12 52 31 42 0 23 0 T M M 1.3 8 280 M M 7 1 10 280
13 44 30 37 -5 28 0 T M M 2.9 9 140 M M 7 12 12 140
14 48 31 40 -2 25 0 0.06 M M 1.8 9 330 M M 6 1 11 350
15 45 40 43 1 22 0 0.18 M M 3.8 12 150 M M 10 1 16 150
16 51 32 42 0 23 0 0.01 M M 3.4 14 290 M M 7 12 19 290
17 50 30 40 -3 25 0 0.02 M M 2.2 9 30 M M 4 8 13 40
18 53 30 42 -1 23 0 0.00 M M 4.2 10 20 M M 3 12 13 20
19 57 28 43 0 22 0 0.00 M M 6.0 17 140 M M 0 8 21 150
20 57 29 43 0 22 0 0.00 M M 3.7 10 160 M M 0 12 170
21 57 26 42 -1 23 0 0.00 M M 1.6 7 280 M M 0 10 160
22 53 30 42 -1 23 0 0.00 M M 1.7 7 10 M M 6 10 40
23 51 39 45 2 20 0 0.19 M M 8.5 30 260 M M 7 1 40 260
24 49 33 41 -2 24 0 0.01 M M 2.7 16 240 M M 6 23 240
25 52 29 41 -3 24 0 T M M 1.5 7 140 M M 5 12 10 130
26 56 36 46 2 19 0 0.00 M M 2.1 9 280 M M 6 1 11 350
27 63 30 47 3 18 0 0.00 M M 2.5 7 290 M M 0 1 9 290
28 57 32 45 1 20 0 0.06 M M 3.4 22 250 M M 6 12 28 240
29 47 30 39 -5 26 0 0.11 M M 3.2 12 330 M M 5 1 15 340
================================================================================
SM 1482 937 668 0 1.55 M 92.7 M 165
================================================================================
AV 51.1 32.3 3.2 FASTST M M 6 MAX(MPH)
MISC ----> # 30 260 # 40 260
================================================================================
NOTES:
# LAST OF SEVERAL OCCURRENCES
COLUMN 17 PEAK WIND IN M.P.H.
PRELIMINARY LOCAL CLIMATOLOGICAL DATA (WS FORM: F-6) , PAGE 2
STATION: SCAPPOOSE OR
MONTH: FEBRUARY
YEAR: 2020
LATITUDE: 45 46 N
LONGITUDE: 122 50 W
[TEMPERATURE DATA] [PRECIPITATION DATA] SYMBOLS USED IN COLUMN 16
AVERAGE MONTHLY: 41.7 TOTAL FOR MONTH: 1.55 1 = FOG OR MIST
DPTR FM NORMAL: -0.7 DPTR FM NORMAL: -2.94 2 = FOG REDUCING VISIBILITY
HIGHEST: 63 ON 27 GRTST 24HR 0.30 ON 1- 1 TO 1/4 MILE OR LESS
LOWEST: 26 ON 21 3 = THUNDER
SNOW, ICE PELLETS, HAIL 4 = ICE PELLETS
TOTAL MONTH: M 5 = HAIL
GRTST 24HR M ON M 6 = FREEZING RAIN OR DRIZZLE
GRTST DEPTH: M ON M 7 = DUSTSTORM OR SANDSTORM:
VSBY 1/2 MILE OR LESS
8 = SMOKE OR HAZE
[NO. OF DAYS WITH] [WEATHER - DAYS WITH] 9 = BLOWING SNOW
X = TORNADO
MAX 32 OR BELOW: 0 0.01 INCH OR MORE: 14
MAX 90 OR ABOVE: 0 0.10 INCH OR MORE: 8
MIN 32 OR BELOW: 21 0.50 INCH OR MORE: 0
MIN 0 OR BELOW: 0 1.00 INCH OR MORE: 0
[HDD (BASE 65) ]
TOTAL THIS MO. 668 CLEAR (SCALE 0-3) 5
DPTR FM NORMAL 37 PTCLDY (SCALE 4-7) 19
TOTAL FM JUL 1 3248 CLOUDY (SCALE 8-10) 5
DPTR FM NORMAL -230
[CDD (BASE 65) ]
TOTAL THIS MO. 0
DPTR FM NORMAL 0 [PRESSURE DATA]
TOTAL FM JAN 1 0 HIGHEST SLP 30.63 ON 24
DPTR FM NORMAL 0 LOWEST SLP 29.94 ON 23
[REMARKS]
#FINAL-02-20#