000
CXUS53 KILX 010900
CF6SPI
PRELIMINARY LOCAL CLIMATOLOGICAL DATA (WS FORM: F-6)
STATION: SPRINGFIELD IL
MONTH: SEPTEMBER
YEAR: 2022
LATITUDE: 39 50 N
LONGITUDE: 89 41 W
TEMPERATURE IN F: :PCPN: SNOW: WIND :SUNSHINE: SKY :PK WND
================================================================================
1 2 3 4 5 6A 6B 7 8 9 10 11 12 13 14 15 16 17 18
12Z AVG MX 2MIN
DY MAX MIN AVG DEP HDD CDD WTR SNW DPTH SPD SPD DIR MIN PSBL S-S WX SPD DR
================================================================================
1 83 60 72 -1 0 7 0.00 0.0 0 4.6 13 150 M M 0 19 220
2 80 64 72 0 0 7 0.00 0.0 0 4.3 12 170 M M 0 16 170
3 81 65 73 1 0 8 0.58 0.0 0 3.3 13 80 M M 4 1 19 90
4 76 67 72 0 0 7 0.65 0.0 0 7.4 17 80 M M 8 13 23 80
5 75 68 72 0 0 7 0.00 0.0 0 8.4 15 50 M M 10 18 50
6 83 67 75 4 0 10 0.00 0.0 0 5.3 13 40 M M 6 17 30
7 81 59 70 -1 0 5 0.00 0.0 0 4.4 14 40 M M 1 1 20 20
8 82 56 69 -2 0 4 0.00 0.0 0 2.0 9 50 M M 0 1 16 60
9 82 55 69 -1 0 4 0.00 0.0 0 2.9 12 140 M M 0 1 18 140
10 86 57 72 2 0 7 0.00 0.0 0 2.0 8 170 M M 2 13 170
11 69 52 61 -9 4 0 0.04 0.0 0 7.7 18 330 M M 7 1 27 320
12 73 51 62 -8 3 0 T 0.0 0 6.5 20 280 M M 7 29 290
13 79 51 65 -4 0 0 0.00 0.0 0 3.4 12 270 M M 1 15 270
14 83 50 67 -2 0 2 0.00 0.0 0 2.4 9 170 M M 0 1 13 180
15 83 55 69 1 0 4 0.00 0.0 0 4.9 13 180 M M 0 17 190
16 83 58 71 3 0 6 0.00 0.0 0 6.2 13 200 M M 1 17 200
17 87 67 77 9 0 12 0.00 0.0 0 9.1 18 190 M M 1 27 200
18 88 66 77 10 0 12 0.16 0.0 0 8.8 22 200 M M 3 13 37 220
19 82 68 75 8 0 10 1.99 0.0 0 6.5 30 360 M M 5 13 45 360
20 95 71 83 16 0 18 0.00 0.0 0 6.2 15 230 M M 0 22 210
21 86 64 75 9 0 10 0.04 0.0 0 8.2 20 310 M M 3 31 300
22 70 51 61 -5 4 0 0.00 0.0 0 8.7 17 20 M M 0 23 340
23 59 49 54 -11 11 0 0.23 0.0 0 6.1 16 100 M M 6 24 100
24 83 51 67 2 0 2 0.00 0.0 0 5.4 16 250 M M 2 24 240
25 77 51 64 -1 1 0 0.01 0.0 0 10.5 24 300 M M 1 34 300
26 68 44 56 -8 9 0 0.00 0.0 0 8.8 20 320 M M 0 30 250
27 70 40 55 -9 10 0 0.00 0.0 0 6.7 20 340 M M 0 8 28 340
28 65 36 51 -12 14 0 0.00 0.0 0 4.9 13 30 M M 0 17 50
29 68 39 54 -9 11 0 0.00 0.0 0 2.9 9 110 M M 0 15 100
30 71 40 56 -7 9 0 0.00 0.0 0 4.7 14 60 M M 0 21 50
================================================================================
SM 2348 1672 76 142 3.70 0.0 173.2 M 68
================================================================================
AV 78.3 55.7 5.8 FASTST M M 2 MAX(MPH)
MISC ----> 30 360 45 360
================================================================================
NOTES:
# LAST OF SEVERAL OCCURRENCES
COLUMN 17 PEAK WIND IN M.P.H.
PRELIMINARY LOCAL CLIMATOLOGICAL DATA (WS FORM: F-6) , PAGE 2
STATION: SPRINGFIELD IL
MONTH: SEPTEMBER
YEAR: 2022
LATITUDE: 39 50 N
LONGITUDE: 89 41 W
[TEMPERATURE DATA] [PRECIPITATION DATA] SYMBOLS USED IN COLUMN 16
AVERAGE MONTHLY: 67.0 TOTAL FOR MONTH: 3.70 1 = FOG OR MIST
DPTR FM NORMAL: -1.0 DPTR FM NORMAL: 0.82 2 = FOG REDUCING VISIBILITY
HIGHEST: 95 ON 20 GRTST 24HR 2.15 ON 18-19 TO 1/4 MILE OR LESS
LOWEST: 36 ON 28 3 = THUNDER
SNOW, ICE PELLETS, HAIL 4 = ICE PELLETS
TOTAL MONTH: 0.0 INCH 5 = HAIL
GRTST 24HR 0.0 6 = FREEZING RAIN OR DRIZZLE
GRTST DEPTH: 0 7 = DUSTSTORM OR SANDSTORM:
VSBY 1/2 MILE OR LESS
8 = SMOKE OR HAZE
[NO. OF DAYS WITH] [WEATHER - DAYS WITH] 9 = BLOWING SNOW
X = TORNADO
MAX 32 OR BELOW: 0 0.01 INCH OR MORE: 8
MAX 90 OR ABOVE: 1 0.10 INCH OR MORE: 5
MIN 32 OR BELOW: 0 0.50 INCH OR MORE: 3
MIN 0 OR BELOW: 0 1.00 INCH OR MORE: 1
[HDD (BASE 65) ]
TOTAL THIS MO. 76 CLEAR (SCALE 0-3) 22
DPTR FM NORMAL 15 PTCLDY (SCALE 4-7) 6
TOTAL FM JUL 1 76 CLOUDY (SCALE 8-10) 2
DPTR FM NORMAL 12
[CDD (BASE 65) ]
TOTAL THIS MO. 142
DPTR FM NORMAL -9 [PRESSURE DATA]
TOTAL FM JAN 1 1267 HIGHEST SLP 30.51 ON 29
DPTR FM NORMAL 47 LOWEST SLP 29.82 ON 25
[REMARKS]
#FINAL-09-22#