000
CXUS53 KILX 010900
CF6SPI
PRELIMINARY LOCAL CLIMATOLOGICAL DATA (WS FORM: F-6)
STATION: SPRINGFIELD IL
MONTH: SEPTEMBER
YEAR: 2023
LATITUDE: 39 50 N
LONGITUDE: 89 41 W
TEMPERATURE IN F: :PCPN: SNOW: WIND :SUNSHINE: SKY :PK WND
================================================================================
1 2 3 4 5 6A 6B 7 8 9 10 11 12 13 14 15 16 17 18
12Z AVG MX 2MIN
DY MAX MIN AVG DEP HDD CDD WTR SNW DPTH SPD SPD DIR MIN PSBL S-S WX SPD DR
================================================================================
1 84 50 67 -6 0 2 0.00 0.0 0 3.1 10 90 M M 0 16 90
2 87 51 69 -3 0 4 0.00 0.0 0 3.3 14 180 M M 0 12 19 190
3 91 68 80 8 0 15 0.00 0.0 0 8.5 15 180 M M 1 1 21 200
4 92 72 82 10 0 17 0.00 0.0 0 9.2 21 170 M M 1 1 30 180
5 84 73 79 7 0 14 0.00 0.0 0 12.9 21 170 M M 3 3 30 160
6 78 66 72 1 0 7 T 0.0 0 11.3 20 280 M M 8 38 26 290
7 73 61 67 -4 0 2 0.00 0.0 0 7.1 15 310 M M 10 18 21 310
8 80 53 67 -4 0 2 0.00 0.0 0 5.3 15 40 M M 2 12 19 360
9 79 53 66 -4 0 1 0.00 0.0 0 5.7 17 360 M M 2 1 22 30
10 85 49 67 -3 0 2 0.00 0.0 0 1.3 10 320 M M 0 18 13 310
11 78 59 69 -1 0 4 0.13 0.0 0 4.2 12 350 M M 5 18 15 340
12 76 50 63 -7 2 0 0.00 0.0 0 6.3 15 350 M M 4 18 23 350
13 80 48 64 -5 1 0 0.00 0.0 0 5.4 18 320 M M 1 1 26 330
14 78 46 62 -7 3 0 0.00 0.0 0 4.7 16 60 M M 0 18 21 70
15 81 42 62 -6 3 0 0.00 0.0 0 1.9 9 70 M M 0 12 70
16 73 47 60 -8 5 0 0.16 0.0 0 2.7 29 290 M M 4 13 43 280
17 74 49 62 -6 3 0 0.00 0.0 0 6.0 15 320 M M 7 12 26 350
18 78 45 62 -5 3 0 0.00 0.0 0 2.7 10 180 M M 2 12 14 180
19 85 57 71 4 0 6 0.00 0.0 0 12.8 23 150 M M 0 31 160
20 82 60 71 4 0 6 0.07 0.0 0 5.4 12 160 M M 3 18 17 160
21 78 62 70 4 0 5 0.16 0.0 0 5.5 13 160 M M 9 138 17 160
22 78 65 72 6 0 7 0.96 0.0 0 6.6 26 160 M M 6 138 36 160
23 86 63 75 10 0 10 0.00 0.0 0 7.0 15 160 M M 1 1 21 170
24 86 60 73 8 0 8 0.00 0.0 0 9.0 17 140 M M 2 22 160
25 86 62 74 9 0 9 0.00 0.0 0 3.7 12 320 M M 5 18 15 330
26 84 59 72 8 0 7 0.45 0.0 0 4.0 17 270 M M 5 138 25 280
27 78 57 68 4 0 3 0.05 0.0 0 3.1 10 180 M M 5 1 15 200
28 75 56 66 3 0 1 0.00 0.0 0 4.0 10 60 M M 5 12 14 20
29 85 56 71 8 0 6 0.00 0.0 0 4.6 10 130 M M 2 1 14 120
30 89 62 76 13 0 11 0.00 0.0 0 6.8 10 140 M M 1 19 80
================================================================================
SM 2443 1701 20 149 1.98 0.0 174.1 M 94
================================================================================
AV 81.4 56.7 5.8 FASTST M M 3 MAX(MPH)
MISC ----> 29 290 43 280
================================================================================
NOTES:
# LAST OF SEVERAL OCCURRENCES
COLUMN 17 PEAK WIND IN M.P.H.
PRELIMINARY LOCAL CLIMATOLOGICAL DATA (WS FORM: F-6) , PAGE 2
STATION: SPRINGFIELD IL
MONTH: SEPTEMBER
YEAR: 2023
LATITUDE: 39 50 N
LONGITUDE: 89 41 W
[TEMPERATURE DATA] [PRECIPITATION DATA] SYMBOLS USED IN COLUMN 16
AVERAGE MONTHLY: 69.1 TOTAL FOR MONTH: 1.98 1 = FOG OR MIST
DPTR FM NORMAL: 1.1 DPTR FM NORMAL: -0.90 2 = FOG REDUCING VISIBILITY
HIGHEST: 92 ON 4 GRTST 24HR 0.99 ON 21-22 TO 1/4 MILE OR LESS
LOWEST: 42 ON 15 3 = THUNDER
SNOW, ICE PELLETS, HAIL 4 = ICE PELLETS
TOTAL MONTH: 0.0 INCH 5 = HAIL
GRTST 24HR 0.0 6 = FREEZING RAIN OR DRIZZLE
GRTST DEPTH: 0 7 = DUSTSTORM OR SANDSTORM:
VSBY 1/2 MILE OR LESS
8 = SMOKE OR HAZE
[NO. OF DAYS WITH] [WEATHER - DAYS WITH] 9 = BLOWING SNOW
X = TORNADO
MAX 32 OR BELOW: 0 0.01 INCH OR MORE: 7
MAX 90 OR ABOVE: 2 0.10 INCH OR MORE: 5
MIN 32 OR BELOW: 0 0.50 INCH OR MORE: 1
MIN 0 OR BELOW: 0 1.00 INCH OR MORE: 0
[HDD (BASE 65) ]
TOTAL THIS MO. 20 CLEAR (SCALE 0-3) 18
DPTR FM NORMAL -41 PTCLDY (SCALE 4-7) 10
TOTAL FM JUL 1 22 CLOUDY (SCALE 8-10) 2
DPTR FM NORMAL -42
[CDD (BASE 65) ]
TOTAL THIS MO. 149
DPTR FM NORMAL -2 [PRESSURE DATA]
TOTAL FM JAN 1 1105 HIGHEST SLP 30.20 ON 9
DPTR FM NORMAL -115 LOWEST SLP 29.77 ON 6
[REMARKS]
#FINAL-09-23#