000
CXUS54 KOUN 011419
CLMSPS
CLIMATE REPORT
NATIONAL WEATHER SERVICE NORMAN OK
819 AM CST MON JAN 01 2024
...................................
...THE WICHITA FALLS CLIMATE SUMMARY FOR THE MONTH OF DECEMBER 2023...
CLIMATE NORMAL PERIOD 1991 TO 2020
CLIMATE RECORD PERIOD 1897 TO 2023
WEATHER OBSERVED NORMAL DEPART LAST YEAR`S
VALUE DATE(S) VALUE FROM VALUE
NORMAL
..............................................................
TEMPERATURE (F)
RECORD
HIGH 91 12/24/2021
LOW -7 12/23/1989
HIGHEST 75 77 -2 81
LOWEST 24 16 8 9
AVG. MAXIMUM 61.2 55.7 5.5 56.6
AVG. MINIMUM 35.8 31.8 4.0 34.4
MEAN 48.5 43.7 4.8 45.5
DAYS MAX >= 90 0 0.0 0.0 0
DAYS MAX <= 32 0 0.9 -0.9 1
DAYS MIN <= 32 11 16.1 -5.1 14
DAYS MIN <= 0 0 0.0 0.0 0
PRECIPITATION (INCHES)
RECORD
MAXIMUM 6.93 1991
MINIMUM 0.00 1919
TOTALS 1.40 1.56 -0.16 2.05
DAILY AVG. 0.05 0.05 -0.00 0.07
DAYS >= .01 4 4.5 -0.5 6
DAYS >= .10 2 2.9 -0.9 3
DAYS >= .50 1 1.2 -0.2 2
DAYS >= 1.00 1 0.3 0.7 1
GREATEST
24 HR. TOTAL 1.00 12/15 TO 12/15
SNOWFALL (INCHES)
TOTALS 0.0 0.8 -0.8
SINCE 7/1 0.0 1.1 -1.1
DEGREE DAYS
HEATING TOTAL 505 659 -154
SINCE 7/1 957 1166 -209
..............................................................
WIND (MPH)
AVERAGE WIND SPEED 10.2
HIGHEST WIND SPEED/DIRECTION 35/230 DATE 12/24
HIGHEST GUST SPEED/DIRECTION 52/230 DATE 12/24
WEATHER CONDITIONS. NUMBER OF DAYS WITH
THUNDERSTORM 3 MIXED PRECIP 0
HEAVY RAIN 1 RAIN 2
LIGHT RAIN 8 FREEZING RAIN 0
LT FREEZING RAIN 0 HAIL 0
HEAVY SNOW 0 SNOW 0
LIGHT SNOW 0 SLEET 0
FOG 5 FOG W/VIS <= 1/4 MILE 2
HAZE 0
- INDICATES NEGATIVE NUMBERS.
R INDICATES RECORD WAS SET OR TIED.
MM INDICATES DATA IS MISSING.
T INDICATES TRACE AMOUNT.
$$
..................................................................................
RECORDS/REMARKS
NEW RECORD WARM LOW OF 51 DEGREES ON DEC. 21ST
5TH WARMEST DECEMBER ON RECORD
JANUARY-DECEMBER 2023 PRECIPITATION TOTAL IS 21.77 INCHES