000
CXUS52 KTBW 090122
CF6SRQ
PRELIMINARY LOCAL CLIMATOLOGICAL DATA (WS FORM: F-6)
STATION: SARASOTA BRADENTON
MONTH: OCTOBER
YEAR: 2021
LATITUDE: 27 23 N
LONGITUDE: 82 33 W
TEMPERATURE IN F: :PCPN: SNOW: WIND :SUNSHINE: SKY :PK WND
================================================================================
1 2 3 4 5 6A 6B 7 8 9 10 11 12 13 14 15 16 17 18
12Z AVG MX 2MIN
DY MAX MIN AVG DEP HDD CDD WTR SNW DPTH SPD SPD DIR MIN PSBL S-S WX SPD DR
================================================================================
1 92 73 83 3 0 18 T 0.0 0 9.6 21 110 M M 3 8 25 110
2 91 73 82 2 0 17 0.00 0.0 0 10.1 20 120 M M 1 25 100
3 90 70 80 0 0 15 0.00 0.0 0 7.5 15 110 M M 0 19 70
4 91 70 81 1 0 16 0.00 0.0 0 6.3 14 80 M M 1 16 70
5 89 71 80 0 0 15 0.00 0.0 0 7.9 15 210 M M 1 18 220
6 91 75 83 3 0 18 0.00 0.0 0 6.4 14 140 M M 1 17 140
7 90 75 83 4 0 18 0.00 0.0 0 6.8 14 70 M M 2 19 220
8 87 75 81 2 0 16 0.08 0.0 0 5.8 20 290 M M 4 13 24 290
9 89 74 82 3 0 17 T 0.0 0 6.5 17 330 M M 3 1 23 320
10 89 71 80 1 0 15 0.00 0.0 0 7.0 15 310 M M 1 19 330
11 90 71 81 2 0 16 0.00 0.0 0 5.6 15 320 M M 1 17 320
12 91 73 82 4 0 17 0.00 0.0 0 6.9 16 110 M M 2 20 110
13 91 73 82 4 0 17 0.00 0.0 0 7.3 12 110 M M 2 16 80
14 91 74 83 5 0 18 0.00 0.0 0 5.9 15 260 M M 2 17 290
15 90 73 82 4 0 17 0.00 0.0 0 5.8 14 300 M M 2 18 300
16 88 72 80 2 0 15 0.00 0.0 0 5.9 17 280 M M 0 22 280
17 87 70 79 2 0 14 0.00 0.0 0 7.4 15 70 M M 2 21 60
18 87 64 76 -1 0 11 0.00 0.0 0 9.6 17 70 M M 0 24 60
19 86 66 76 -1 0 11 0.00 0.0 0 9.3 17 110 M M 1 22 80
20 87 65 76 0 0 11 0.00 0.0 0 8.9 16 100 M M 1 22 120
21 87 67 77 1 0 12 0.00 0.0 0 7.6 17 300 M M 1 21 290
22 89 69 79 3 0 14 0.00 0.0 0 6.3 14 290 M M 1 20 270
23 88 71 80 4 0 15 0.00 0.0 0 5.7 13 50 M M 1 18 50
24 82 74 78 3 0 13 T 0.0 0 5.8 12 110 M M 4 1 15 110
25 86 75 81 6 0 16 0.10 0.0 0 10.9 20 240 M M 5 18 24 240
26 87 73 80 5 0 15 0.00 0.0 0 8.9 16 280 M M 2 20 300
27 83 66 75 0 0 10 0.00 0.0 0 4.7 9 230 M M 0 14 220
28 83 74 79 5 0 14 0.85 0.0 0 13.6 31 200 M M 8 13 39 190
29 83 69 76 2 0 11 T 0.0 0 17.8 26 270 M M 9 36 270
30 75 64 70 -4 0 5 T 0.0 0 7.8 22 300 M M 8 1 28 300
31 76 64 70 -4 0 5 T 0.0 0 6.8 14 10 M M 6 1 18 10
================================================================================
SM 2706 2194 0 442 1.03 0.0 242.4 M 75
================================================================================
AV 87.3 70.8 7.8 FASTST M M 2 MAX(MPH)
MISC ----> 31 200 39 190
================================================================================
NOTES:
# LAST OF SEVERAL OCCURRENCES
COLUMN 17 PEAK WIND IN M.P.H.
PRELIMINARY LOCAL CLIMATOLOGICAL DATA (WS FORM: F-6) , PAGE 2
STATION: SARASOTA BRADENTON
MONTH: OCTOBER
YEAR: 2021
LATITUDE: 27 23 N
LONGITUDE: 82 33 W
[TEMPERATURE DATA] [PRECIPITATION DATA] SYMBOLS USED IN COLUMN 16
AVERAGE MONTHLY: 79.0 TOTAL FOR MONTH: 1.03 1 = FOG OR MIST
DPTR FM NORMAL: 1.7 DPTR FM NORMAL: -1.73 2 = FOG REDUCING VISIBILITY
HIGHEST: 92 ON 1 GRTST 24HR 0.85 ON 28-28 TO 1/4 MILE OR LESS
LOWEST: 64 ON 30,31 3 = THUNDER
SNOW, ICE PELLETS, HAIL 4 = ICE PELLETS
TOTAL MONTH: 0.0 INCH 5 = HAIL
GRTST 24HR 0.0 6 = FREEZING RAIN OR DRIZZLE
GRTST DEPTH: 0 7 = DUSTSTORM OR SANDSTORM:
VSBY 1/2 MILE OR LESS
8 = SMOKE OR HAZE
[NO. OF DAYS WITH] [WEATHER - DAYS WITH] 9 = BLOWING SNOW
X = TORNADO
MAX 32 OR BELOW: 0 0.01 INCH OR MORE: 3
MAX 90 OR ABOVE: 11 0.10 INCH OR MORE: 2
MIN 32 OR BELOW: 0 0.50 INCH OR MORE: 1
MIN 0 OR BELOW: 0 1.00 INCH OR MORE: 0
[HDD (BASE 65) ]
TOTAL THIS MO. 0 CLEAR (SCALE 0-3) 24
DPTR FM NORMAL -2 PTCLDY (SCALE 4-7) 5
TOTAL FM JUL 1 0 CLOUDY (SCALE 8-10) 2
DPTR FM NORMAL 0
[CDD (BASE 65) ]
TOTAL THIS MO. 442
DPTR FM NORMAL 58 [PRESSURE DATA]
TOTAL FM JAN 1 3627 HIGHEST SLP 30.19 ON 20
DPTR FM NORMAL 186 LOWEST SLP 29.67 ON 30
[REMARKS]
#FINAL-10-21#