000
CXUS54 KEWX 011011
CF6SSF
PRELIMINARY LOCAL CLIMATOLOGICAL DATA (WS FORM: F-6)
STATION: SAN ANTONIO STINSON FIELD
MONTH: MAY
YEAR: 2020
LATITUDE: 29 19 N
LONGITUDE: 98 29 W
TEMPERATURE IN F: :PCPN: SNOW: WIND :SUNSHINE: SKY :PK WND
================================================================================
1 2 3 4 5 6A 6B 7 8 9 10 11 12 13 14 15 16 17 18
12Z AVG MX 2MIN
DY MAX MIN AVG DEP HDD CDD WTR SNW DPTH SPD SPD DIR MIN PSBL S-S WX SPD DR
================================================================================
1 91 52 72 -2 0 7 0.00 M M 7.7 18 140 M M 0 26 120
2 95 63 79 5 0 14 0.00 M M 9.2 20 140 M M 4 27 130
3 95 68 82 8 0 17 0.00 M M 8.7 20 130 M M 5 28 120
4 96 69 83 9 0 18 0.00 M M 9.1 21 140 M M 3 27 150
5 93 73 83 8 0 18 0.00 M M 9.6 21 20 M M 6 30 10
6 87 68 78 3 0 13 0.00 M M 10.8 17 50 M M 6 8 26 40
7 90 57 74 -1 0 9 0.00 M M 9.9 22 150 M M 4 33 160
8 M 67 M M M M 0.00 M M 12.9 24 40 M M 4 3 37 20
9 77 62 70 -6 0 5 0.00 M M 8.4 17 60 M M 6 3 24 70
10 83 54 69 -7 0 4 0.00 M M 6.5 14 110 M M 0 23 20
11 86 60 73 -3 0 8 0.00 M M 9.8 21 140 M M 4 28 150
12 89 66 78 2 0 13 1.21 M M 9.4 22 110 M M 9 13 30 40
13 90 64 77 0 0 12 0.00 M M 9.1 20 130 M M 6 28 130
14 93 63 78 1 0 13 0.44 M M 7.9 18 330 M M 3 13 28 140
15 91 63 77 0 0 12 0.85 M M 9.0 26 320 M M 8 13 40 320
16 87 62 75 -3 0 10 0.22 M M 3.9 15 60 M M 2 13 22 60
17 91 63 77 -1 0 12 0.00 M M 4.0 12 160 M M 0 17 70
18 92 64 78 0 0 13 0.00 M M 4.5 15 150 M M 0 20 140
19 94 66 80 2 0 15 T M M 5.5 14 160 M M 0 22 150
20 94 69 82 4 0 17 0.06 M M 9.3 33 250 M M 4 13 45 260
21 91 69 80 1 0 15 0.03 M M 9.1 21 140 M M 3 13 27 130
22 94 76 85 6 0 20 0.00 M M 11.9 18 130 M M 6 27 140
23 93 67 80 1 0 15 0.03 M M 12.8 26 280 M M 6 1 32 280
24 92 63 78 -1 0 13 2.47 M M 10.8 26 130 M M 5 13 36 120
25 79 64 72 -8 0 7 0.99 M M 6.4 23 290 M M 9 13 31 290
26 85 64 75 -5 0 10 0.01 M M 4.0 16 140 M M 3 3 24 140
27 90 64 77 -3 0 12 0.19 M M 7.4 26 30 M M 2 13 39 30
28 88 66 77 -3 0 12 T M M 3.9 24 330 M M 0 42 320
29 87 69 78 -2 0 13 0.00 M M 6.5 15 60 M M 1 21 40
30 86 66 76 -5 0 11 0.00 M M 5.8 14 90 M M 1 8 23 90
31 83 70 77 -4 0 12 0.04 0.0 0 5.5 15 140 M M 5 3 19 100
================================================================================
SM 2682 2011 0 370 6.54 0.0 249.3 M 115
================================================================================
AV 89.4 64.9 8.0 FASTST M M 4 MAX(MPH)
MISC ----> # 33 250 # 45 260
================================================================================
NOTES:
# LAST OF SEVERAL OCCURRENCES
COLUMN 17 PEAK WIND IN M.P.H.
PRELIMINARY LOCAL CLIMATOLOGICAL DATA (WS FORM: F-6) , PAGE 2
STATION: SAN ANTONIO STINSON FIELD
MONTH: MAY
YEAR: 2020
LATITUDE: 29 19 N
LONGITUDE: 98 29 W
[TEMPERATURE DATA] [PRECIPITATION DATA] SYMBOLS USED IN COLUMN 16
AVERAGE MONTHLY: 77.1 TOTAL FOR MONTH: 6.54 1 = FOG OR MIST
DPTR FM NORMAL: -0.3 DPTR FM NORMAL: 3.11 2 = FOG REDUCING VISIBILITY
HIGHEST: 96 ON 4 GRTST 24HR 2.47 ON 24-24 TO 1/4 MILE OR LESS
LOWEST: 52 ON 1 3 = THUNDER
SNOW, ICE PELLETS, HAIL 4 = ICE PELLETS
TOTAL MONTH: 0.0 INCH 5 = HAIL
GRTST 24HR 0.0 6 = FREEZING RAIN OR DRIZZLE
GRTST DEPTH: 0 7 = DUSTSTORM OR SANDSTORM:
VSBY 1/2 MILE OR LESS
8 = SMOKE OR HAZE
[NO. OF DAYS WITH] [WEATHER - DAYS WITH] 9 = BLOWING SNOW
X = TORNADO
MAX 32 OR BELOW: 0 0.01 INCH OR MORE: 12
MAX 90 OR ABOVE: 18 0.10 INCH OR MORE: 7
MIN 32 OR BELOW: 0 0.50 INCH OR MORE: 4
MIN 0 OR BELOW: 0 1.00 INCH OR MORE: 2
[HDD (BASE 65) ]
TOTAL THIS MO. 0 CLEAR (SCALE 0-3) 13
DPTR FM NORMAL -1 PTCLDY (SCALE 4-7) 16
TOTAL FM JUL 1 1308 CLOUDY (SCALE 8-10) 2
DPTR FM NORMAL -103
[CDD (BASE 65) ]
TOTAL THIS MO. 370
DPTR FM NORMAL -17 [PRESSURE DATA]
TOTAL FM JAN 1 737 HIGHEST SLP 30.21 ON 10
DPTR FM NORMAL 64 LOWEST SLP 29.51 ON 24
[REMARKS]
#FINAL-05-20#