000
CXUS52 KJAX 010800
CF6SSI
PRELIMINARY LOCAL CLIMATOLOGICAL DATA (WS FORM: F-6)
STATION: ST SIMONS ISLAND
MONTH: OCTOBER
YEAR: 2022
LATITUDE: 31 9 N
LONGITUDE: 81 23 W
TEMPERATURE IN F: :PCPN: SNOW: WIND :SUNSHINE: SKY :PK WND
================================================================================
1 2 3 4 5 6A 6B 7 8 9 10 11 12 13 14 15 16 17 18
12Z AVG MX 2MIN
DY MAX MIN AVG DEP HDD CDD WTR SNW DPTH SPD SPD DIR MIN PSBL S-S WX SPD DR
================================================================================
1 84 60 72 -4 0 7 0.00 0.0 0 5.8 16 270 M M 2 24 250
2 80 61 71 -5 0 6 0.00 0.0 0 6.9 15 40 M M 4 21 10
3 69 59 64 -11 1 0 0.00 0.0 0 9.2 18 360 M M 6 24 10
4 72 59 66 -9 0 1 0.00 0.0 0 7.4 22 40 M M 1 30 20
5 81 56 69 -6 0 4 0.00 0.0 0 5.3 13 260 M M 0 19 240
6 82 58 70 -5 0 5 0.00 0.0 0 4.2 13 140 M M 0 16 120
7 83 59 71 -3 0 6 0.00 0.0 0 4.5 10 130 M M 0 14 120
8 84 61 73 -1 0 8 0.00 0.0 0 3.4 10 110 M M 0 13 110
9 81 65 73 -1 0 8 0.00 0.0 0 5.0 13 70 M M 0 1 17 110
10 80 67 74 1 0 9 0.00 0.0 0 6.0 15 50 M M 5 12 20 50
11 82 70 76 3 0 11 0.00 0.0 0 11.4 18 40 M M 7 25 40
12 82 74 78 5 0 13 0.25 0.0 0 7.5 15 100 M M 6 13 19 90
13 86 68 77 5 0 12 1.41 0.0 0 6.1 21 260 M M 3 13 30 240
14 81 62 72 0 0 7 0.00 0.0 0 5.1 15 350 M M 0 19 360
15 79 57 68 -4 0 3 0.00 0.0 0 3.5 13 80 M M 0 17 80
16 80 58 69 -2 0 4 0.00 0.0 0 4.4 12 130 M M 0 16 190
17 86 70 78 7 0 13 0.00 0.0 0 6.9 16 220 M M 2 21 220
18 73 50 62 -9 3 0 0.00 0.0 0 9.6 15 280 M M 1 24 320
19 64 43 54 -16 11 0 0.00 0.0 0 6.8 16 340 M M 0 25 350
20 72 45 59 -11 6 0 0.00 0.0 0 3.1 10 290 M M 0 14 290
21 71 48 60 -10 5 0 0.00 0.0 0 6.1 15 90 M M 0 20 90
22 75 51 63 -6 2 0 0.00 0.0 0 6.2 16 40 M M 0 22 50
23 77 56 67 -2 0 2 0.00 0.0 0 6.9 16 70 M M 0 21 70
24 76 56 66 -3 0 1 0.00 0.0 0 4.3 12 90 M M 0 1 16 60
25 77 53 65 -3 0 0 0.00 0.0 0 4.3 12 120 M M 0 17 90
26 85 66 76 8 0 11 T 0.0 0 6.0 13 220 M M 4 18 220
27 75 57 66 -2 0 1 0.00 0.0 0 10.0 16 40 M M 2 22 60
28 75 67 71 4 0 6 0.00 0.0 0 11.9 20 40 M M 8 1 28 50
29 69 64 67 0 0 2 0.00 0.0 0 12.1 18 20 M M 10 1 26 20
30 77 65 71 4 0 6 T 0.0 0 10.2 17 40 M M 9 18 24 40
31 81 71 76 10 0 11 0.00 0.0 0 4.9 10 220 M M 3 16 160
================================================================================
SM 2419 1856 28 157 1.66 0.0 205.0 M 73
================================================================================
AV 78.0 59.9 6.6 FASTST M M 2 MAX(MPH)
MISC ----> 22 40 # 30 20
================================================================================
NOTES:
# LAST OF SEVERAL OCCURRENCES
COLUMN 17 PEAK WIND IN M.P.H.
PRELIMINARY LOCAL CLIMATOLOGICAL DATA (WS FORM: F-6) , PAGE 2
STATION: ST SIMONS ISLAND
MONTH: OCTOBER
YEAR: 2022
LATITUDE: 31 9 N
LONGITUDE: 81 23 W
[TEMPERATURE DATA] [PRECIPITATION DATA] SYMBOLS USED IN COLUMN 16
AVERAGE MONTHLY: 69.0 TOTAL FOR MONTH: 1.66 1 = FOG OR MIST
DPTR FM NORMAL: -2.3 DPTR FM NORMAL: -3.04 2 = FOG REDUCING VISIBILITY
HIGHEST: 86 ON 17,13 GRTST 24HR 1.64 ON 12-13 TO 1/4 MILE OR LESS
LOWEST: 43 ON 19 3 = THUNDER
SNOW, ICE PELLETS, HAIL 4 = ICE PELLETS
TOTAL MONTH: 0.0 INCH 5 = HAIL
GRTST 24HR 0.0 6 = FREEZING RAIN OR DRIZZLE
GRTST DEPTH: 0 7 = DUSTSTORM OR SANDSTORM:
VSBY 1/2 MILE OR LESS
8 = SMOKE OR HAZE
[NO. OF DAYS WITH] [WEATHER - DAYS WITH] 9 = BLOWING SNOW
X = TORNADO
MAX 32 OR BELOW: 0 0.01 INCH OR MORE: 2
MAX 90 OR ABOVE: 0 0.10 INCH OR MORE: 2
MIN 32 OR BELOW: 0 0.50 INCH OR MORE: 1
MIN 0 OR BELOW: 0 1.00 INCH OR MORE: 1
[HDD (BASE 65) ]
TOTAL THIS MO. 28 CLEAR (SCALE 0-3) 22
DPTR FM NORMAL 5 PTCLDY (SCALE 4-7) 7
TOTAL FM JUL 1 28 CLOUDY (SCALE 8-10) 2
DPTR FM NORMAL 8
[CDD (BASE 65) ]
TOTAL THIS MO. 157
DPTR FM NORMAL -61 [PRESSURE DATA]
TOTAL FM JAN 1 2998 HIGHEST SLP 30.25 ON 29
DPTR FM NORMAL 222 LOWEST SLP 29.74 ON 18
[REMARKS]
#FINAL-10-22#