000
CXUS52 KJAX 020839
CF6SSI
PRELIMINARY LOCAL CLIMATOLOGICAL DATA (WS FORM: F-6)
STATION: ST SIMONS ISLAND
MONTH: NOVEMBER
YEAR: 2020
LATITUDE: 31 9 N
LONGITUDE: 81 23 W
TEMPERATURE IN F: :PCPN: SNOW: WIND :SUNSHINE: SKY :PK WND
================================================================================
1 2 3 4 5 6A 6B 7 8 9 10 11 12 13 14 15 16 17 18
12Z AVG MX 2MIN
DY MAX MIN AVG DEP HDD CDD WTR SNW DPTH SPD SPD DIR MIN PSBL S-S WX SPD DR
================================================================================
1 80 64 72 6 0 7 0.12 0.0 0 5.8 16 300 M M 5 1 24 310
2 64 46 55 -10 10 0 0.00 0.0 0 9.8 23 10 M M 0 33 360
3 68 43 56 -9 9 0 0.00 0.0 0 3.6 10 330 M M 0 13 350
4 75 48 62 -3 3 0 0.00 0.0 0 7.6 17 50 M M 1 22 70
5 78 65 72 7 0 7 0.00 0.0 0 11.9 21 50 M M 5 26 50
6 77 69 73 9 0 8 0.22 0.0 0 12.2 23 350 M M 6 1 32 350
7 80 70 75 11 0 10 0.41 0.0 0 11.0 20 50 M M 6 1 25 60
8 80 71 76 12 0 11 0.04 0.0 0 11.9 20 60 M M 6 30 100
9 80 71 76 12 0 11 0.03 0.0 0 12.8 23 70 M M 10 31 90
10 78 73 76 13 0 11 0.14 0.0 0 10.7 20 120 M M 10 26 120
11 81 75 78 15 0 13 0.04 0.0 0 8.4 16 130 M M 7 20 130
12 79 71 75 12 0 10 0.15 0.0 0 9.1 23 150 M M 8 1 34 150
13 79 64 72 10 0 7 0.00 0.0 0 2.9 12 90 M M 6 1 16 90
14 77 57 67 5 0 2 0.00 0.0 0 3.0 10 100 M M 0 1 13 10
15 80 65 73 11 0 8 0.01 0.0 0 4.1 14 170 M M 3 1 20 170
16 74 56 65 3 0 0 0.00 0.0 0 5.6 14 330 M M 1 1 21 330
17 72 49 61 0 4 0 0.00 0.0 0 6.9 13 340 M M 0 17 300
18 62 47 55 -6 10 0 0.00 0.0 0 11.9 24 30 M M 0 33 30
19 66 48 57 -4 8 0 0.14 0.0 0 12.3 22 30 M M 7 31 30
20 73 58 66 5 0 1 0.03 0.0 0 10.7 17 30 M M 5 23 50
21 74 62 68 8 0 3 0.01 0.0 0 10.1 20 50 M M 5 26 70
22 76 63 70 10 0 5 0.02 0.0 0 8.3 16 40 M M 8 22 30
23 76 57 67 7 0 2 0.01 0.0 0 6.9 14 320 M M 3 1 19 330
24 70 53 62 2 3 0 0.00 0.0 0 10.8 21 40 M M 2 27 40
25 78 67 73 14 0 8 0.00 0.0 0 6.7 15 140 M M 4 20 140
26 82 65 74 15 0 9 0.00 0.0 0 6.1 14 220 M M 0 1 17 210
27 78 62 70 11 0 5 0.10 0.0 0 2.3 9 110 M M 5 1 11 250
28 69 59 64 6 1 0 0.53 0.0 0 7.1 18 20 M M 8 1 24 20
29 70 59 65 7 0 0 0.00 0.0 0 5.4 12 200 M M 6 17 180
30 70 46 58 0 7 0 0.30 0.0 0 13.5 22 270 M M 6 1 32 270
================================================================================
SM 2246 1803 55 138 2.30 0.0 249.4 M 133
================================================================================
AV 74.9 60.1 8.3 FASTST M M 4 MAX(MPH)
MISC ----> 24 30 34 150
================================================================================
NOTES:
# LAST OF SEVERAL OCCURRENCES
COLUMN 17 PEAK WIND IN M.P.H.
PRELIMINARY LOCAL CLIMATOLOGICAL DATA (WS FORM: F-6) , PAGE 2
STATION: ST SIMONS ISLAND
MONTH: NOVEMBER
YEAR: 2020
LATITUDE: 31 9 N
LONGITUDE: 81 23 W
[TEMPERATURE DATA] [PRECIPITATION DATA] SYMBOLS USED IN COLUMN 16
AVERAGE MONTHLY: 67.5 TOTAL FOR MONTH: 2.30 1 = FOG OR MIST
DPTR FM NORMAL: 5.7 DPTR FM NORMAL: 0.27 2 = FOG REDUCING VISIBILITY
HIGHEST: 82 ON 26 GRTST 24HR 0.55 ON 6- 7 TO 1/4 MILE OR LESS
LOWEST: 43 ON 3 3 = THUNDER
SNOW, ICE PELLETS, HAIL 4 = ICE PELLETS
TOTAL MONTH: 0.0 INCH 5 = HAIL
GRTST 24HR 0.0 6 = FREEZING RAIN OR DRIZZLE
GRTST DEPTH: 0 7 = DUSTSTORM OR SANDSTORM:
VSBY 1/2 MILE OR LESS
8 = SMOKE OR HAZE
[NO. OF DAYS WITH] [WEATHER - DAYS WITH] 9 = BLOWING SNOW
X = TORNADO
MAX 32 OR BELOW: 0 0.01 INCH OR MORE: 17
MAX 90 OR ABOVE: 0 0.10 INCH OR MORE: 9
MIN 32 OR BELOW: 0 0.50 INCH OR MORE: 1
MIN 0 OR BELOW: 0 1.00 INCH OR MORE: 0
[HDD (BASE 65) ]
TOTAL THIS MO. 55 CLEAR (SCALE 0-3) 11
DPTR FM NORMAL -95 PTCLDY (SCALE 4-7) 15
TOTAL FM JUL 1 56 CLOUDY (SCALE 8-10) 4
DPTR FM NORMAL -125
[CDD (BASE 65) ]
TOTAL THIS MO. 138
DPTR FM NORMAL 84 [PRESSURE DATA]
TOTAL FM JAN 1 3223 HIGHEST SLP 30.54 ON 19
DPTR FM NORMAL 608 LOWEST SLP 29.67 ON 12
[REMARKS]
#FINAL-11-20#