000
CXUS53 KMPX 010710
CF6STC
PRELIMINARY LOCAL CLIMATOLOGICAL DATA (WS FORM: F-6)
STATION: ST CLOUD MN
MONTH: MAY
YEAR: 2020
LATITUDE: 45 32 N
LONGITUDE: 94 4 W
TEMPERATURE IN F: :PCPN: SNOW: WIND :SUNSHINE: SKY :PK WND
================================================================================
1 2 3 4 5 6A 6B 7 8 9 10 11 12 13 14 15 16 17 18
12Z AVG MX 2MIN
DY MAX MIN AVG DEP HDD CDD WTR SNW DPTH SPD SPD DIR MIN PSBL S-S WX SPD DR
================================================================================
1 73 47 60 8 5 0 0.08 0.0 0 8.9 21 130 M M 3 30 100
2 72 48 60 8 5 0 0.00 0.0 0 13.9 31 310 M M 0 42 280
3 61 40 51 -1 14 0 0.00 0.0 0 9.2 21 310 M M 0 29 320
4 58 36 47 -6 18 0 0.00 0.0 0 8.2 15 90 M M 0 25 50
5 61 38 50 -3 15 0 0.00 0.0 0 6.5 14 320 M M 6 17 310
6 66 44 55 1 10 0 0.00 0.0 0 11.2 23 310 M M 5 40 310
7 58 35 47 -7 18 0 0.00 0.0 0 8.6 20 360 M M 0 29 360
8 50 30 40 -14 25 0 0.00 0.0 0 7.3 18 360 M M 0 28 360
9 56 27 42 -12 23 0 0.02 T 0 7.1 22 50 M M 7 1 34 70
10 48 37 43 -12 22 0 T 0.0 0 10.2 20 320 M M 10 8 28 340
11 53 31 42 -13 23 0 0.00 0.0 0 8.1 17 340 M M 2 26 10
12 57 27 42 -13 23 0 0.00 0.0 0 3.8 10 160 M M 0 16 170
13 59 46 53 -3 12 0 0.06 0.0 0 9.9 24 170 M M 9 18 36 170
14 73 49 61 5 4 0 0.01 0.0 0 8.8 23 300 M M 7 1 32 320
15 68 41 55 -1 10 0 0.00 0.0 0 7.8 15 10 M M 1 26 40
16 57 51 54 -3 11 0 0.20 0.0 0 6.4 12 60 M M 9 1 19 40
17 55 47 51 -6 14 0 0.48 0.0 0 11.8 21 40 M M 10 1 34 30
18 70 46 58 1 7 0 0.00 0.0 0 12.0 25 60 M M 5 42 40
19 74 48 61 3 4 0 0.00 0.0 0 8.5 15 140 M M 3 25 140
20 77 60 69 11 0 4 0.00 0.0 0 10.3 18 150 M M 5 34 170
21 70 54 62 4 3 0 0.00 0.0 0 9.8 20 160 M M 8 26 180
22 67 57 62 4 3 0 0.00 0.0 0 7.7 16 150 M M 10 22 130
23 70 58 64 5 1 0 0.08 0.0 0 4.4 13 140 M M 8 1 15 150
24 77 57 67 8 0 2 T 0.0 0 7.4 16 160 M M 8 12 22 160
25 80 58 69 10 0 4 0.00 0.0 0 3.4 13 180 M M 5 1 16 260
26 73 63 68 9 0 3 0.12 0.0 0 6.5 16 210 M M 9 1 21 210
27 83 59 71 11 0 6 0.00 0.0 0 3.3 12 300 M M 4 128 16 310
28 77 53 65 5 0 0 0.00 0.0 0 12.3 26 310 M M 2 37 300
29 68 48 58 -2 7 0 0.00 0.0 0 9.5 17 330 M M 6 27 290
30 67 43 55 -6 10 0 0.00 0.0 0 5.0 15 10 M M 1 22 360
31 77 37 57 -4 8 0 0.00 0.0 0 6.5 17 140 M M 2 23 140
================================================================================
SM 2055 1415 295 19 1.05 T 254.3 M 145
================================================================================
AV 66.3 45.6 8.2 FASTST M M 5 MAX(MPH)
MISC ----> 31 310 # 42 280
================================================================================
NOTES:
# LAST OF SEVERAL OCCURRENCES
COLUMN 17 PEAK WIND IN M.P.H.
PRELIMINARY LOCAL CLIMATOLOGICAL DATA (WS FORM: F-6) , PAGE 2
STATION: ST CLOUD MN
MONTH: MAY
YEAR: 2020
LATITUDE: 45 32 N
LONGITUDE: 94 4 W
[TEMPERATURE DATA] [PRECIPITATION DATA] SYMBOLS USED IN COLUMN 16
AVERAGE MONTHLY: 56.0 TOTAL FOR MONTH: 1.05 1 = FOG OR MIST
DPTR FM NORMAL: -0.5 DPTR FM NORMAL: -1.90 2 = FOG REDUCING VISIBILITY
HIGHEST: 83 ON 27 GRTST 24HR 0.63 ON 16-17 TO 1/4 MILE OR LESS
LOWEST: 27 ON 12, 9 3 = THUNDER
SNOW, ICE PELLETS, HAIL 4 = ICE PELLETS
TOTAL MONTH: T 5 = HAIL
GRTST 24HR T ON 9- 9 6 = FREEZING RAIN OR DRIZZLE
GRTST DEPTH: 0 7 = DUSTSTORM OR SANDSTORM:
VSBY 1/2 MILE OR LESS
8 = SMOKE OR HAZE
[NO. OF DAYS WITH] [WEATHER - DAYS WITH] 9 = BLOWING SNOW
X = TORNADO
MAX 32 OR BELOW: 0 0.01 INCH OR MORE: 8
MAX 90 OR ABOVE: 0 0.10 INCH OR MORE: 3
MIN 32 OR BELOW: 4 0.50 INCH OR MORE: 0
MIN 0 OR BELOW: 0 1.00 INCH OR MORE: 0
[HDD (BASE 65) ]
TOTAL THIS MO. 295 CLEAR (SCALE 0-3) 13
DPTR FM NORMAL 8 PTCLDY (SCALE 4-7) 11
TOTAL FM JUL 1 8322 CLOUDY (SCALE 8-10) 7
DPTR FM NORMAL -133
[CDD (BASE 65) ]
TOTAL THIS MO. 19
DPTR FM NORMAL -4 [PRESSURE DATA]
TOTAL FM JAN 1 19 HIGHEST SLP M ON M
DPTR FM NORMAL -6 LOWEST SLP 29.60 ON 1
[REMARKS]
#FINAL-05-20#