000
CXUS53 KEAX 011842
CLMSTJ
CLIMATE REPORT
NATIONAL WEATHER SERVICE KANSAS CITY/PLEASANT HILL MO
140 PM CDT THU JUN 01 2023
...................................
...THE ST. JOSEPH MO CLIMATE SUMMARY FOR THE MONTH OF MAY 2023...
CLIMATE NORMAL PERIOD: 1991 TO 2020
CLIMATE RECORD PERIOD: 1892 TO 2023
WEATHER OBSERVED NORMAL DEPART LAST YEAR`S
VALUE DATE(S) VALUE FROM VALUE DATE(S)
NORMAL
................................................................
TEMPERATURE (F)
RECORD
HIGH 103 05/30/1934
LOW 29 05/03/2005
HIGHEST 93 05/06 90 3 94 05/12
LOWEST 31 05/03 38 -7 36 05/22
AVG. MAXIMUM 80.5 75.8 4.7 74.3
AVG. MINIMUM 53.4 53.7 -0.3 53.8
MEAN 67.0 64.8 2.2 64.0
DAYS MAX >= 90 2 2.1 -0.1 4
DAYS MAX <= 32 0 0.0 0.0 0
DAYS MIN <= 32 1 0.2 0.8 0
DAYS MIN <= 0 0 0.0 0.0 0
PRECIPITATION (INCHES)
RECORD
MAXIMUM 11.65 1995
MINIMUM 0.55 1914
TOTALS 3.53 4.87 -1.34 4.68
DAILY AVG. 0.11 0.16 -0.05 0.15
DAYS >= .01 9 12.3 -3.3 16
DAYS >= .10 5 7.3 -2.3 8
DAYS >= .50 3 2.9 0.1 3
DAYS >= 1.00 1 1.3 -0.3 1
GREATEST
24 HR. TOTAL 2.11 05/14 TO 05/15
DEGREE DAYS
HEATING TOTAL 63 113 -50 156
SINCE 7/1 5337 5378 -41 MM
COOLING TOTAL 133 105 28 136
SINCE 1/1 148 126 22 MM
................................................................
WIND (MPH)
AVERAGE WIND SPEED 7.1
HIGHEST WIND SPEED/DIRECTION 35/350 DATE 05/07
HIGHEST GUST SPEED/DIRECTION 48/350 DATE 05/07
SKY COVER
POSSIBLE SUNSHINE (PERCENT) MM
AVERAGE SKY COVER 0.25
NUMBER OF DAYS FAIR 23
NUMBER OF DAYS PC 5
NUMBER OF DAYS CLOUDY 3
AVERAGE RH (PERCENT) 64
WEATHER CONDITIONS. NUMBER OF DAYS WITH
THUNDERSTORM 8 MIXED PRECIP 0
HEAVY RAIN 3 RAIN 7
LIGHT RAIN 14 FREEZING RAIN 0
LT FREEZING RAIN 0 HAIL 0
HEAVY SNOW 0 SNOW 0
LIGHT SNOW 0 SLEET 0
FOG 20 FOG W/VIS <= 1/4 MILE 2
HAZE 11
- INDICATES NEGATIVE NUMBERS.
R INDICATES RECORD WAS SET OR TIED.
MM INDICATES DATA IS MISSING.
T INDICATES TRACE AMOUNT.
$$