000
CXUS53 KLSX 011555
CF6STL
PRELIMINARY LOCAL CLIMATOLOGICAL DATA (WS FORM: F-6)
STATION: ST. LOUIS
MONTH: OCTOBER
YEAR: 2021
LATITUDE: 38 45 N
LONGITUDE: 90 23 W
TEMPERATURE IN F: :PCPN: SNOW: WIND :SUNSHINE: SKY :PK WND
================================================================================
1 2 3 4 5 6A 6B 7 8 9 10 11 12 13 14 15 16 17 18
12Z AVG MX 2MIN
DY MAX MIN AVG DEP HDD CDD WTR SNW DPTH SPD SPD DIR MIN PSBL S-S WX SPD DR
================================================================================
1 84 66 75 10 0 10 0.00 0.0 0 8.9 18 150 M M 6 26 140
2 80 71 76 11 0 11 0.14 0.0 0 6.7 14 220 M M 8 1 17 200
3 75 66 71 7 0 6 0.32 0.0 0 8.4 17 310 M M 7 138 26 310
4 79 59 69 5 0 4 0.00 0.0 0 6.9 14 280 M M 4 24 340
5 75 62 69 5 0 4 T 0.0 0 5.3 17 30 M M 7 21 20
6 79 65 72 9 0 7 0.02 0.0 0 7.0 14 90 M M 7 1 18 70
7 78 64 71 8 0 6 0.00 0.0 0 3.5 13 260 M M 6 19 250
8 83 61 72 10 0 7 0.00 0.0 0 4.1 10 130 M M 5 18 200
9 87 67 77 15 0 12 0.00 0.0 0 8.1 15 190 M M 8 20 190
10 88 70 79 17 0 14 0.00 0.0 0 12.0 22 200 M M 3 29 220
11 77 61 69 8 0 4 0.44 0.0 0 16.8 30 230 M M 9 38 46 240
12 79 55 67 6 0 2 0.00 0.0 0 5.9 14 250 M M 4 22 250
13 84 59 72 12 0 7 0.02 0.0 0 10.7 20 220 M M 9 26 170
14 77 64 71 11 0 6 0.82 0.0 0 4.9 14 260 M M 9 1 20 280
15 66 49 58 -2 7 0 0.10 0.0 0 7.7 23 330 M M 8 1 35 340
16 66 46 56 -3 9 0 0.00 0.0 0 8.5 21 320 M M 0 30 330
17 73 45 59 0 6 0 0.00 0.0 0 5.4 15 220 M M 0 21 210
18 77 48 63 5 2 0 0.00 0.0 0 6.1 15 210 M M 0 20 210
19 73 51 62 4 3 0 0.00 0.0 0 7.2 15 200 M M 3 21 160
20 81 56 69 11 0 4 0.05 0.0 0 8.1 17 170 M M 4 23 180
21 67 50 59 2 6 0 0.00 0.0 0 11.2 22 280 M M 7 28 280
22 61 49 55 -2 10 0 0.00 0.0 0 5.1 13 260 M M 7 17 220
23 58 47 53 -3 12 0 0.02 0.0 0 7.0 13 100 M M 9 13 17 120
24 81 56 69 13 0 4 T 0.0 0 13.8 32 280 M M 9 13 42 270
25 61 44 53 -3 12 0 T 0.0 0 14.7 32 270 M M 9 46 260
26 62 40 51 -4 14 0 0.00 0.0 0 6.8 15 100 M M 2 20 110
27 66 50 58 3 7 0 T 0.0 0 15.0 24 130 M M 8 36 110
28 56 49 53 -1 12 0 0.59 0.0 0 10.7 16 90 M M 10 1 24 110
29 56 52 54 0 11 0 0.10 0.0 0 11.7 15 330 M M 10 1 30 340
30 61 46 54 1 11 0 T 0.0 0 8.1 17 320 M M 7 18 22 310
31 60 42 51 -2 14 0 0.00 0.0 0 8.1 17 310 M M 3 18 24 310
================================================================================
SM 2250 1710 136 108 2.62 0.0 264.4 M 188
================================================================================
AV 72.6 55.2 8.5 FASTST M M 6 MAX(MPH)
MISC ----> # 32 280 # 46 240
================================================================================
NOTES:
# LAST OF SEVERAL OCCURRENCES
COLUMN 17 PEAK WIND IN M.P.H.
PRELIMINARY LOCAL CLIMATOLOGICAL DATA (WS FORM: F-6) , PAGE 2
STATION: ST. LOUIS
MONTH: OCTOBER
YEAR: 2021
LATITUDE: 38 45 N
LONGITUDE: 90 23 W
[TEMPERATURE DATA] [PRECIPITATION DATA] SYMBOLS USED IN COLUMN 16
AVERAGE MONTHLY: 63.9 TOTAL FOR MONTH: 2.62 1 = FOG OR MIST
DPTR FM NORMAL: 4.8 DPTR FM NORMAL: -0.53 2 = FOG REDUCING VISIBILITY
HIGHEST: 88 ON 10 GRTST 24HR 0.86 ON 14-15 TO 1/4 MILE OR LESS
LOWEST: 40 ON 26 3 = THUNDER
SNOW, ICE PELLETS, HAIL 4 = ICE PELLETS
TOTAL MONTH: 0.0 INCH 5 = HAIL
GRTST 24HR 0.0 6 = FREEZING RAIN OR DRIZZLE
GRTST DEPTH: 0 7 = DUSTSTORM OR SANDSTORM:
VSBY 1/2 MILE OR LESS
8 = SMOKE OR HAZE
[NO. OF DAYS WITH] [WEATHER - DAYS WITH] 9 = BLOWING SNOW
X = TORNADO
MAX 32 OR BELOW: 0 0.01 INCH OR MORE: 11
MAX 90 OR ABOVE: 0 0.10 INCH OR MORE: 7
MIN 32 OR BELOW: 0 0.50 INCH OR MORE: 2
MIN 0 OR BELOW: 0 1.00 INCH OR MORE: 0
[HDD (BASE 65) ]
TOTAL THIS MO. 136 CLEAR (SCALE 0-3) 7
DPTR FM NORMAL -93 PTCLDY (SCALE 4-7) 12
TOTAL FM JUL 1 139 CLOUDY (SCALE 8-10) 12
DPTR FM NORMAL -123
[CDD (BASE 65) ]
TOTAL THIS MO. 108
DPTR FM NORMAL 60 [PRESSURE DATA]
TOTAL FM JAN 1 1976 HIGHEST SLP 30.30 ON 31
DPTR FM NORMAL 266 LOWEST SLP 29.35 ON 28
[REMARKS]
#FINAL-10-21#