000
CXUS53 KLSX 011923 CCA
CF6STL
PRELIMINARY LOCAL CLIMATOLOGICAL DATA (WS FORM: F-6)
STATION: ST. LOUIS
MONTH: AUGUST
YEAR: 2021
LATITUDE: 38 45 N
LONGITUDE: 90 23 W
TEMPERATURE IN F: :PCPN: SNOW: WIND :SUNSHINE: SKY :PK WND
================================================================================
1 2 3 4 5 6A 6B 7 8 9 10 11 12 13 14 15 16 17 18
12Z AVG MX 2MIN
DY MAX MIN AVG DEP HDD CDD WTR SNW DPTH SPD SPD DIR MIN PSBL S-S WX SPD DR
================================================================================
1 86 64 75 -5 0 10 0.00 0.0 0 7.7 16 30 M M 4 18 21 30
2 82 66 74 -6 0 9 0.00 0.0 0 5.8 14 40 M M 2 20 40
3 82 64 73 -7 0 8 0.00 0.0 0 4.0 13 40 M M 4 17 60
4 85 63 74 -6 0 9 0.00 0.0 0 3.1 12 90 M M 2 15 30
5 87 65 76 -4 0 11 0.00 0.0 0 6.0 15 180 M M 5 23 210
6 89 72 81 1 0 16 0.00 0.0 0 7.9 14 220 M M 7 22 220
7 93 74 84 4 0 19 0.00 0.0 0 8.9 17 160 M M 4 23 180
8 93 72 83 3 0 18 1.01 0.0 0 10.2 38 190 M M 8 13 47 200
9 95 72 84 4 0 19 0.60 0.0 0 9.4 21 220 M M 8 1238 32 250
10 94 76 85 5 0 20 0.39 0.0 0 10.4 26 290 M M 5 3 40 290
11 97 80 89 9 0 24 0.00 0.0 0 12.6 23 200 M M 4 33 190
12 97 70 84 4 0 19 0.91 0.0 0 10.8 41 330 M M 6 13 58 330
13 90 70 80 0 0 15 0.00 0.0 0 5.1 14 340 M M 8 12 19 330
14 84 68 76 -3 0 11 0.00 0.0 0 5.0 14 60 M M 6 19 60
15 83 67 75 -4 0 10 0.00 0.0 0 6.4 15 30 M M 4 20 20
16 85 66 76 -3 0 11 0.00 0.0 0 4.4 13 50 M M 5 15 50
17 88 71 80 1 0 15 0.00 0.0 0 2.7 10 350 M M 6 18 14 200
18 90 71 81 2 0 16 0.00 0.0 0 4.6 14 230 M M 7 22 220
19 89 71 80 1 0 15 0.00 0.0 0 5.1 12 110 M M 2 17 130
20 92 75 84 6 0 19 0.00 0.0 0 8.3 15 160 M M 5 25 160
21 90 76 83 5 0 18 T 0.0 0 7.2 16 310 M M 6 8 21 290
22 90 70 80 2 0 15 0.00 0.0 0 4.6 10 330 M M 2 16 10
23 98 74 86 8 0 21 0.52 0.0 0 6.6 33 120 M M 3 3 41 120
24 97 74 86 8 0 21 0.00 0.0 0 8.0 20 150 M M 2 24 140
25 100 81 91 13 0 26 0.00 0.0 0 6.1 15 220 M M 5 26 220
26 95 75 85 8 0 20 0.08 0.0 0 6.4 26 80 M M 6 3 35 80
27 95 73 84 7 0 19 0.00 0.0 0 8.1 17 190 M M 4 3 23 180
28 94 78 86 9 0 21 0.00 0.0 0 8.4 17 150 M M 4 23 200
29 95 78 87 10 0 22 0.00 0.0 0 7.1 17 180 M M 4 24 190
30 90 73 82 6 0 17 0.12 0.0 0 5.8 24 170 M M 8 3 35 160
31 86 70 78 2 0 13 1.22 0.0 0 5.8 28 320 M M 8 138 42 330
================================================================================
SM 2811 2219 0 507 4.85 0.0 212.5 M 154
================================================================================
AV 90.7 71.6 6.9 FASTST M M 5 MAX(MPH)
MISC ----> 41 330 58 330
================================================================================
NOTES:
# LAST OF SEVERAL OCCURRENCES
COLUMN 17 PEAK WIND IN M.P.H.
PRELIMINARY LOCAL CLIMATOLOGICAL DATA (WS FORM: F-6) , PAGE 2
STATION: ST. LOUIS
MONTH: AUGUST
YEAR: 2021
LATITUDE: 38 45 N
LONGITUDE: 90 23 W
[TEMPERATURE DATA] [PRECIPITATION DATA] SYMBOLS USED IN COLUMN 16
AVERAGE MONTHLY: 81.1 TOTAL FOR MONTH: 4.85 1 = FOG OR MIST
DPTR FM NORMAL: 2.3 DPTR FM NORMAL: 1.47 2 = FOG REDUCING VISIBILITY
HIGHEST: 100 ON 25 GRTST 24HR 1.61 ON 8- 9 TO 1/4 MILE OR LESS
LOWEST: 63 ON 4 3 = THUNDER
SNOW, ICE PELLETS, HAIL 4 = ICE PELLETS
TOTAL MONTH: 0.0 INCH 5 = HAIL
GRTST 24HR 0.0 6 = FREEZING RAIN OR DRIZZLE
GRTST DEPTH: 0 7 = DUSTSTORM OR SANDSTORM:
VSBY 1/2 MILE OR LESS
8 = SMOKE OR HAZE
[NO. OF DAYS WITH] [WEATHER - DAYS WITH] 9 = BLOWING SNOW
X = TORNADO
MAX 32 OR BELOW: 0 0.01 INCH OR MORE: 8
MAX 90 OR ABOVE: 19 0.10 INCH OR MORE: 7
MIN 32 OR BELOW: 0 0.50 INCH OR MORE: 5
MIN 0 OR BELOW: 0 1.00 INCH OR MORE: 2
[HDD (BASE 65) ]
TOTAL THIS MO. 0 CLEAR (SCALE 0-3) 6
DPTR FM NORMAL -1 PTCLDY (SCALE 4-7) 20
TOTAL FM JUL 1 0 CLOUDY (SCALE 8-10) 5
DPTR FM NORMAL 0
[CDD (BASE 65) ]
TOTAL THIS MO. 507
DPTR FM NORMAL 79 [PRESSURE DATA]
TOTAL FM JAN 1 1561 HIGHEST SLP 30.22 ON 14
DPTR FM NORMAL 111 LOWEST SLP 29.65 ON 31
[REMARKS]
#FINAL-08-21#