000
CXUS56 KMTR 010900
CF6STS
PRELIMINARY LOCAL CLIMATOLOGICAL DATA (WS FORM: F-6)
STATION: SANTA ROSA AIRPORT
MONTH: JULY
YEAR: 2022
LATITUDE: 38 30 N
LONGITUDE: 122 49 W
TEMPERATURE IN F: :PCPN: SNOW: WIND :SUNSHINE: SKY :PK WND
================================================================================
1 2 3 4 5 6A 6B 7 8 9 10 11 12 13 14 15 16 17 18
12Z AVG MX 2MIN
DY MAX MIN AVG DEP HDD CDD WTR SNW DPTH SPD SPD DIR MIN PSBL S-S WX SPD DR
================================================================================
1 79 52 66 -2 0 1 0.00 M M 6.6 17 140 M M 6 1 22 170
2 78 52 65 -3 0 0 T M M 6.4 15 130 M M 6 1 21 120
3 73 53 63 -5 2 0 0.00 M M 6.4 15 230 M M 7 20 240
4 76 54 65 -3 0 0 T M M 4.9 13 190 M M 8 1 21 210
5 76 57 67 -1 0 2 0.00 M M 6.1 15 220 M M 6 18 22 240
6 75 56 66 -2 0 1 0.00 M M 6.5 16 220 M M 5 23 210
7 84 51 68 0 0 3 0.00 M M 5.3 16 140 M M 2 1 22 140
8 89 50 70 2 0 5 0.00 M M 5.9 17 140 M M 0 22 150
9 83 52 68 0 0 3 0.00 M M 6.0 14 140 M M 4 1 23 140
10 95 51 73 5 0 8 0.00 M M 4.8 15 140 M M 0 1 19 210
11 88 53 71 3 0 6 0.00 M M 6.4 17 180 M M 0 18 23 180
12 76 56 66 -2 0 1 0.00 M M 7.0 15 190 M M 7 21 160
13 77 54 66 -2 0 1 T M M 5.5 14 180 M M 5 1 20 170
14 89 50 70 2 0 5 0.00 M M 5.5 16 140 M M 0 18 21 160
15 87 47 67 -1 0 2 0.00 M M 5.6 15 160 M M 0 18 21 150
16 94 47 71 3 0 6 0.00 M M 4.8 15 160 M M 0 1 20 150
17 90 49 70 2 0 5 0.00 M M 5.8 17 140 M M 0 18 22 160
18 85 48 67 -1 0 2 0.00 M M 6.0 16 140 M M 0 18 21 140
19 83 50 67 -1 0 2 0.00 M M 6.6 16 160 M M 3 1 22 140
20 87 49 68 0 0 3 0.00 M M 6.9 17 160 M M 4 12 23 160
21 85 49 67 -1 0 2 0.00 M M 5.5 15 160 M M 4 12 25 130
22 86 44 65 -3 0 0 0.00 M M 6.1 16 160 M M 1 12 22 160
23 86 48 67 -1 0 2 0.00 M M 6.2 15 190 M M 3 1 19 190
24 79 51 65 -3 0 0 0.00 M M 6.3 15 180 M M 5 1 20 170
25 75 50 63 -5 2 0 0.00 M M 6.6 15 180 M M 6 1 23 170
26 78 54 66 -2 0 1 0.00 M M 6.4 15 150 M M 5 1 21 150
27 81 54 68 0 0 3 0.00 M M 5.8 15 160 M M 4 21 170
28 83 53 68 0 0 3 0.00 M M 6.9 17 140 M M 5 1 22 140
29 83 56 70 2 0 5 T M M 7.3 18 140 M M 6 1 23 140
30 79 56 68 0 0 3 0.00 M M 6.4 16 140 M M 6 1 22 190
31 80 57 69 1 0 4 0.00 M M 7.6 17 170 M M 5 22 180
================================================================================
SM 2559 1603 4 79 T M 190.1 M 113
================================================================================
AV 82.5 51.7 6.1 FASTST M M 4 MAX(MPH)
MISC ----> 18 140 25 130
================================================================================
NOTES:
# LAST OF SEVERAL OCCURRENCES
COLUMN 17 PEAK WIND IN M.P.H.
PRELIMINARY LOCAL CLIMATOLOGICAL DATA (WS FORM: F-6) , PAGE 2
STATION: SANTA ROSA AIRPORT
MONTH: JULY
YEAR: 2022
LATITUDE: 38 30 N
LONGITUDE: 122 49 W
[TEMPERATURE DATA] [PRECIPITATION DATA] SYMBOLS USED IN COLUMN 16
AVERAGE MONTHLY: 67.1 TOTAL FOR MONTH: T 1 = FOG OR MIST
DPTR FM NORMAL: -0.5 DPTR FM NORMAL: -0.01 2 = FOG REDUCING VISIBILITY
HIGHEST: 95 ON 10 GRTST 24HR T ON 2- 2 TO 1/4 MILE OR LESS
LOWEST: 44 ON 22 3 = THUNDER
SNOW, ICE PELLETS, HAIL 4 = ICE PELLETS
TOTAL MONTH: M 5 = HAIL
GRTST 24HR M ON M 6 = FREEZING RAIN OR DRIZZLE
GRTST DEPTH: M ON M 7 = DUSTSTORM OR SANDSTORM:
VSBY 1/2 MILE OR LESS
8 = SMOKE OR HAZE
[NO. OF DAYS WITH] [WEATHER - DAYS WITH] 9 = BLOWING SNOW
X = TORNADO
MAX 32 OR BELOW: 0 0.01 INCH OR MORE: 0
MAX 90 OR ABOVE: 3 0.10 INCH OR MORE: 0
MIN 32 OR BELOW: 0 0.50 INCH OR MORE: 0
MIN 0 OR BELOW: 0 1.00 INCH OR MORE: 0
[HDD (BASE 65) ]
TOTAL THIS MO. 4 CLEAR (SCALE 0-3) 12
DPTR FM NORMAL -12 PTCLDY (SCALE 4-7) 18
TOTAL FM JUL 1 4 CLOUDY (SCALE 8-10) 1
DPTR FM NORMAL -13
[CDD (BASE 65) ]
TOTAL THIS MO. 79
DPTR FM NORMAL -18 [PRESSURE DATA]
TOTAL FM JAN 1 253 HIGHEST SLP M ON M
DPTR FM NORMAL 56 LOWEST SLP 29.74 ON 17
[REMARKS]
#FINAL-07-22#