000
CXUS53 KLSX 011500
CF6SUS
PRELIMINARY LOCAL CLIMATOLOGICAL DATA (WS FORM: F-6)
STATION: SPIRIT OF ST LOUIS MO
MONTH: JANUARY
YEAR: 2024
LATITUDE: 38 39 N
LONGITUDE: 90 38 W
TEMPERATURE IN F: :PCPN: SNOW: WIND :SUNSHINE: SKY :PK WND
================================================================================
1 2 3 4 5 6A 6B 7 8 9 10 11 12 13 14 15 16 17 18
12Z AVG MX 2MIN
DY MAX MIN AVG DEP HDD CDD WTR SNW DPTH SPD SPD DIR MIN PSBL S-S WX SPD DR
================================================================================
1 34 26 30 -2 35 0 0.00 0.0 0 6.3 15 310 M M 10 19 310
2 43 21 32 0 33 0 0.00 0.0 0 3.1 13 250 M M 0 8 18 250
3 38 21 30 -2 35 0 0.00 0.0 0 2.9 12 350 M M 6 18 16 340
4 41 21 31 -1 34 0 0.00 0.0 0 2.0 9 70 M M 5 1 15 70
5 38 22 30 -2 35 0 0.06 M M 4.6 15 100 M M 4 1 24 80
6 36 32 34 2 31 0 0.05 M M 4.8 14 250 M M 10 1 19 270
7 38 23 31 -1 34 0 T M 0 6.5 15 280 M M 8 18 21 250
8 38 24 31 0 34 0 0.46 M 0 7.6 20 70 M M 5 18 25 70
9 41 31 36 5 29 0 0.39 M 0 12.3 28 280 M M 10 1 43 260
10 43 28 36 5 29 0 0.00 0.0 M 10.7 24 280 M M 5 33 280
11 50 26 38 7 27 0 T 0.0 0 7.4 18 240 M M 2 29 240
12 49 16 33 2 32 0 0.63 M 0 14.2 32 250 M M 10 128 47 250
13 19 0 10 -21 55 0 T M M 14.5 25 290 M M 9 18 35 280
14 2 -8 -3 -34 68 0 0.00 0.0 M 10.6 22 280 M M 3 30 290
15 8 -4 2 -29 63 0 T M M 7.3 15 290 M M 4 18 19 280
16 13 -5 4 -27 61 0 T M M 10.0 18 240 M M 2 18 24 230
17 41 9 25 -6 40 0 0.00 0.0 M 10.5 20 230 M M 0 28 220
18 41 25 33 2 32 0 T M M 5.5 18 330 M M 4 1 25 320
19 25 5 15 -16 50 0 T M M 15.5 25 310 M M 5 18 37 320
20 19 0 10 -21 55 0 0.00 0.0 M 5.0 13 290 M M 0 16 290
21 32 1 17 -14 48 0 0.00 0.0 M 6.6 16 170 M M 2 24 160
22 35 29 32 1 33 0 0.66 0.0 M 4.3 9 170 M M 10 16 15 140
23 46 34 40 9 25 0 0.57 0.0 0 3.1 9 50 M M 10 1 11 230
24 45 37 41 10 24 0 0.31 0.0 0 1.5 8 340 M M 10 12 11 330
25 42 36 39 7 26 0 0.54 0.0 0 2.6 12 250 M M 10 12 16 250
26 44 37 41 9 24 0 0.00 0.0 0 5.5 15 250 M M 10 1 20 250
27 40 37 39 7 26 0 0.21 0.0 0 6.9 15 320 M M 10 1 21 330
28 38 33 36 4 29 0 T 0.0 0 9.9 17 280 M M 10 18 28 320
29 56 24 40 8 25 0 0.00 0.0 0 2.2 12 200 M M 2 12 15 220
30 46 38 42 10 23 0 T 0.0 0 9.2 20 320 M M 8 26 320
31 53 28 41 9 24 0 0.00 M M 3.3 12 330 M M 5 16 330
================================================================================
SM 1134 647 1119 0 3.88 0.0 216.4 M 189
================================================================================
AV 36.6 20.9 7.0 FASTST M M 6 MAX(MPH)
MISC ----> 32 250 47 250
================================================================================
NOTES:
# LAST OF SEVERAL OCCURRENCES
COLUMN 17 PEAK WIND IN M.P.H.
PRELIMINARY LOCAL CLIMATOLOGICAL DATA (WS FORM: F-6) , PAGE 2
STATION: SPIRIT OF ST LOUIS MO
MONTH: JANUARY
YEAR: 2024
LATITUDE: 38 39 N
LONGITUDE: 90 38 W
[TEMPERATURE DATA] [PRECIPITATION DATA] SYMBOLS USED IN COLUMN 16
AVERAGE MONTHLY: 28.7 TOTAL FOR MONTH: 3.88 1 = FOG OR MIST
DPTR FM NORMAL: -2.8 DPTR FM NORMAL: 1.50 2 = FOG REDUCING VISIBILITY
HIGHEST: 56 ON 29 GRTST 24HR 0.87 ON 22-23 TO 1/4 MILE OR LESS
LOWEST: -8 ON 14 3 = THUNDER
SNOW, ICE PELLETS, HAIL 4 = ICE PELLETS
TOTAL MONTH: 0.0 INCH 5 = HAIL
GRTST 24HR 0.0 6 = FREEZING RAIN OR DRIZZLE
GRTST DEPTH: 0 7 = DUSTSTORM OR SANDSTORM:
VSBY 1/2 MILE OR LESS
8 = SMOKE OR HAZE
[NO. OF DAYS WITH] [WEATHER - DAYS WITH] 9 = BLOWING SNOW
X = TORNADO
MAX 32 OR BELOW: 7 0.01 INCH OR MORE: 10
MAX 90 OR ABOVE: 0 0.10 INCH OR MORE: 8
MIN 32 OR BELOW: 24 0.50 INCH OR MORE: 4
MIN 0 OR BELOW: 5 1.00 INCH OR MORE: 0
[HDD (BASE 65) ]
TOTAL THIS MO. 1119 CLEAR (SCALE 0-3) 8
DPTR FM NORMAL 81 PTCLDY (SCALE 4-7) 10
TOTAL FM JUL 1 2663 CLOUDY (SCALE 8-10) 13
DPTR FM NORMAL -203
[CDD (BASE 65) ]
TOTAL THIS MO. 0
DPTR FM NORMAL 0 [PRESSURE DATA]
TOTAL FM JAN 1 0 HIGHEST SLP 30.75 ON 20
DPTR FM NORMAL 0 LOWEST SLP 29.11 ON 9
[REMARKS]
#FINAL-01-24#