958
CXUS53 KLSX 011400
CF6SUS
PRELIMINARY LOCAL CLIMATOLOGICAL DATA (WS FORM: F-6)
STATION: SPIRIT OF ST LOUIS MO
MONTH: AUGUST
YEAR: 2020
LATITUDE: 38 39 N
LONGITUDE: 90 38 W
TEMPERATURE IN F: :PCPN: SNOW: WIND :SUNSHINE: SKY :PK WND
================================================================================
1 2 3 4 5 6A 6B 7 8 9 10 11 12 13 14 15 16 17 18
12Z AVG MX 2MIN
DY MAX MIN AVG DEP HDD CDD WTR SNW DPTH SPD SPD DIR MIN PSBL S-S WX SPD DR
================================================================================
1 81 66 74 -4 0 9 0.04 0.0 0 5.4 13 290 M M 7 17 330
2 85 66 76 -2 0 11 0.03 0.0 0 4.4 14 280 M M 4 3 20 300
3 79 63 71 -7 0 6 T 0.0 0 6.4 17 330 M M 6 23 340
4 77 57 67 -11 0 2 0.00 0.0 0 3.7 13 30 M M 5 1 17 20
5 78 55 67 -11 0 2 0.00 0.0 0 1.3 10 40 M M 4 128 13 40
6 82 56 69 -9 0 4 0.00 0.0 0 1.7 10 50 M M 2 1 15 60
7 85 61 73 -5 0 8 0.00 0.0 0 3.8 10 140 M M 1 17 160
8 87 65 76 -2 0 11 2.13 0.0 0 5.1 30 10 M M 6 13 42 10
9 89 70 80 2 0 15 1.27 0.0 0 4.8 20 80 M M 4 13 27 100
10 93 70 82 4 0 17 0.77 0.0 0 8.2 40 330 M M 3 13 60 330
11 84 68 76 -1 0 11 0.00 0.0 0 1.3 9 40 M M 7 18 13 70
12 85 71 78 1 0 13 0.17 0.0 0 3.4 13 50 M M 3 138 16 120
13 86 71 79 2 0 14 0.48 0.0 0 2.8 21 70 M M 5 138 29 60
14 89 70 80 3 0 15 0.00 0.0 0 2.7 9 20 M M 4 128 13 10
15 90 70 80 3 0 15 T 0.0 0 4.3 14 360 M M 6 1238 19 360
16 86 62 74 -3 0 9 0.00 0.0 0 3.5 10 40 M M 0 14 40
17 89 64 77 0 0 12 0.00 0.0 0 5.0 16 300 M M 2 22 290
18 83 65 74 -3 0 9 0.00 0.0 0 6.0 14 350 M M 2 19 340
19 81 58 70 -6 0 5 0.00 0.0 0 4.6 15 50 M M 1 22 70
20 84 55 70 -6 0 5 0.00 0.0 0 2.0 12 40 M M 0 18 16 50
21 86 58 72 -4 0 7 0.00 0.0 0 1.4 8 80 M M 2 128 13 100
22 89 60 75 -1 0 10 0.00 0.0 0 1.3 8 260 M M 2 18 11 230
23 92 66 79 3 0 14 0.00 0.0 0 3.6 12 250 M M 1 18 17 230
24 95 67 81 5 0 16 0.00 0.0 0 2.3 10 280 M M 0 18 13 290
25 94 68 81 6 0 16 0.00 0.0 0 2.0 7 230 M M 0 18 12 190
26 90 67 79 4 0 14 0.00 0.0 0 3.9 12 200 M M 2 18 16 200
27 87 74 81 6 0 16 0.00 0.0 0 3.8 13 180 M M 1 16 130
28 90 73 82 7 0 17 0.00 0.0 0 5.4 13 40 M M 3 19 30
29 82 61 72 -2 0 7 T 0.0 0 4.6 15 300 M M 2 128 20 310
30 85 54 70 -4 0 5 0.00 0.0 0 2.9 10 70 M M 3 128 14 40
31 81 66 74 0 0 9 0.02 0.0 0 2.4 20 320 M M 5 138 28 320
================================================================================
SM 2664 1997 0 324 4.91 0.0 114.0 M 93
================================================================================
AV 85.9 64.4 3.7 FASTST M M 3 MAX(MPH)
MISC ----> 40 330 60 330
================================================================================
NOTES:
# LAST OF SEVERAL OCCURRENCES
COLUMN 17 PEAK WIND IN M.P.H.
PRELIMINARY LOCAL CLIMATOLOGICAL DATA (WS FORM: F-6) , PAGE 2
STATION: SPIRIT OF ST LOUIS MO
MONTH: AUGUST
YEAR: 2020
LATITUDE: 38 39 N
LONGITUDE: 90 38 W
[TEMPERATURE DATA] [PRECIPITATION DATA] SYMBOLS USED IN COLUMN 16
AVERAGE MONTHLY: 75.2 TOTAL FOR MONTH: 4.91 1 = FOG OR MIST
DPTR FM NORMAL: -1.3 DPTR FM NORMAL: 1.75 2 = FOG REDUCING VISIBILITY
HIGHEST: 95 ON 24 GRTST 24HR 3.40 ON 8- 9 TO 1/4 MILE OR LESS
LOWEST: 54 ON 30 3 = THUNDER
SNOW, ICE PELLETS, HAIL 4 = ICE PELLETS
TOTAL MONTH: 0.0 INCH 5 = HAIL
GRTST 24HR 0.0 6 = FREEZING RAIN OR DRIZZLE
GRTST DEPTH: 0 7 = DUSTSTORM OR SANDSTORM:
VSBY 1/2 MILE OR LESS
8 = SMOKE OR HAZE
[NO. OF DAYS WITH] [WEATHER - DAYS WITH] 9 = BLOWING SNOW
X = TORNADO
MAX 32 OR BELOW: 0 0.01 INCH OR MORE: 8
MAX 90 OR ABOVE: 7 0.10 INCH OR MORE: 5
MIN 32 OR BELOW: 0 0.50 INCH OR MORE: 3
MIN 0 OR BELOW: 0 1.00 INCH OR MORE: 2
[HDD (BASE 65) ]
TOTAL THIS MO. 0 CLEAR (SCALE 0-3) 17
DPTR FM NORMAL -2 PTCLDY (SCALE 4-7) 14
TOTAL FM JUL 1 0 CLOUDY (SCALE 8-10) 0
DPTR FM NORMAL 0
[CDD (BASE 65) ]
TOTAL THIS MO. 324
DPTR FM NORMAL -35 [PRESSURE DATA]
TOTAL FM JAN 1 1251 HIGHEST SLP 30.14 ON 5
DPTR FM NORMAL 68 LOWEST SLP 29.64 ON 28
[REMARKS]
#FINAL-08-20#