000
CXUS53 KLSX 011400
CF6SUS
PRELIMINARY LOCAL CLIMATOLOGICAL DATA (WS FORM: F-6)
STATION: SPIRIT OF ST LOUIS MO
MONTH: SEPTEMBER
YEAR: 2023
LATITUDE: 38 39 N
LONGITUDE: 90 38 W
TEMPERATURE IN F: :PCPN: SNOW: WIND :SUNSHINE: SKY :PK WND
================================================================================
1 2 3 4 5 6A 6B 7 8 9 10 11 12 13 14 15 16 17 18
12Z AVG MX 2MIN
DY MAX MIN AVG DEP HDD CDD WTR SNW DPTH SPD SPD DIR MIN PSBL S-S WX SPD DR
================================================================================
1 84 51 68 -6 0 3 0.00 0.0 0 1.8 9 70 M M 1 12 14 50
2 89 51 70 -3 0 5 0.00 0.0 0 1.7 12 160 M M 1 12 17 170
3 91 64 78 5 0 13 0.00 0.0 0 2.9 12 110 M M 3 128 19 120
4 94 68 81 8 0 16 0.01 0.0 0 5.1 24 200 M M 2 13 39 200
5 85 69 77 5 0 12 T 0.0 0 6.5 14 180 M M 1 22 190
6 81 69 75 3 0 10 0.00 0.0 0 9.7 17 310 M M 7 38 25 310
7 80 55 68 -4 0 3 0.00 0.0 0 5.7 13 330 M M 1 18 19 320
8 78 54 66 -5 0 1 0.00 0.0 0 3.7 13 350 M M 2 1 18 40
9 79 51 65 -6 0 0 0.00 0.0 0 4.2 14 350 M M 4 1 20 340
10 84 51 68 -3 0 3 0.00 0.0 0 1.4 10 330 M M 0 1 14 340
11 77 57 67 -3 0 2 0.04 0.0 0 2.6 14 330 M M 4 1 18 330
12 78 51 65 -5 0 0 0.02 0.0 0 4.8 14 330 M M 5 1 19 300
13 82 47 65 -5 0 0 0.00 0.0 0 1.9 9 10 M M 2 12 15 10
14 82 50 66 -3 0 1 0.00 0.0 0 2.3 16 60 M M 2 1 20 60
15 82 45 64 -5 1 0 0.00 0.0 0 1.9 10 20 M M 0 1 16 30
16 76 50 63 -6 2 0 0.00 0.0 0 2.8 9 320 M M 3 M M
17 78 50 64 -4 1 0 T 0.0 0 4.4 16 320 M M 3 1 20 360
18 80 47 64 -4 1 0 0.00 0.0 0 1.0 8 60 M M 1 1 11 110
19 87 52 70 2 0 5 0.00 0.0 0 5.7 13 180 M M 0 21 180
20 87 52 70 3 0 5 0.01 0.0 0 2.5 15 170 M M 6 18 22 160
21 85 54 70 3 0 5 0.05 0.0 0 2.7 9 80 M M 6 1238 16 130
22 83 64 74 8 0 9 0.30 0.0 0 4.4 14 250 M M 4 138 19 220
23 86 59 73 7 0 8 0.00 0.0 0 3.2 13 110 M M 0 128 20 180
24 85 62 74 8 0 9 0.00 0.0 0 3.8 15 190 M M 1 21 140
25 86 58 72 7 0 7 0.00 0.0 0 1.7 10 330 M M 3 12 14 340
26 89 59 74 9 0 9 0.24 0.0 0 2.7 13 280 M M 2 3 19 230
27 81 61 71 7 0 6 0.54 0.0 0 3.6 17 320 M M 5 13 22 320
28 82 60 71 7 0 6 0.00 0.0 0 1.7 10 60 M M 4 1 15 100
29 87 61 74 10 0 9 0.00 0.0 0 2.5 10 90 M M 1 1 14 100
30 90 63 77 14 0 12 0.00 0.0 M 2.1 12 80 M M 1 12 17 80
================================================================================
SM 2508 1685 5 159 1.21 0.0 101.0 M 75
================================================================================
AV 83.6 56.2 3.4 FASTST M M 3 MAX(MPH)
MISC ----> 24 200 39 200
================================================================================
NOTES:
# LAST OF SEVERAL OCCURRENCES
COLUMN 17 PEAK WIND IN M.P.H.
PRELIMINARY LOCAL CLIMATOLOGICAL DATA (WS FORM: F-6) , PAGE 2
STATION: SPIRIT OF ST LOUIS MO
MONTH: SEPTEMBER
YEAR: 2023
LATITUDE: 38 39 N
LONGITUDE: 90 38 W
[TEMPERATURE DATA] [PRECIPITATION DATA] SYMBOLS USED IN COLUMN 16
AVERAGE MONTHLY: 69.9 TOTAL FOR MONTH: 1.21 1 = FOG OR MIST
DPTR FM NORMAL: 1.2 DPTR FM NORMAL: -1.81 2 = FOG REDUCING VISIBILITY
HIGHEST: 94 ON 4 GRTST 24HR 0.78 ON 26-27 TO 1/4 MILE OR LESS
LOWEST: 45 ON 15 3 = THUNDER
SNOW, ICE PELLETS, HAIL 4 = ICE PELLETS
TOTAL MONTH: 0.0 INCH 5 = HAIL
GRTST 24HR 0.0 6 = FREEZING RAIN OR DRIZZLE
GRTST DEPTH: 0 7 = DUSTSTORM OR SANDSTORM:
VSBY 1/2 MILE OR LESS
8 = SMOKE OR HAZE
[NO. OF DAYS WITH] [WEATHER - DAYS WITH] 9 = BLOWING SNOW
X = TORNADO
MAX 32 OR BELOW: 0 0.01 INCH OR MORE: 8
MAX 90 OR ABOVE: 3 0.10 INCH OR MORE: 3
MIN 32 OR BELOW: 0 0.50 INCH OR MORE: 1
MIN 0 OR BELOW: 0 1.00 INCH OR MORE: 0
[HDD (BASE 65) ]
TOTAL THIS MO. 5 CLEAR (SCALE 0-3) 19
DPTR FM NORMAL -46 PTCLDY (SCALE 4-7) 11
TOTAL FM JUL 1 5 CLOUDY (SCALE 8-10) 0
DPTR FM NORMAL -46
[CDD (BASE 65) ]
TOTAL THIS MO. 159
DPTR FM NORMAL -3 [PRESSURE DATA]
TOTAL FM JAN 1 1246 HIGHEST SLP 30.18 ON 9
DPTR FM NORMAL -166 LOWEST SLP 29.77 ON 5
[REMARKS]
#FINAL-09-23#