000
CXUS54 KOUN 010700
CF6SWO
PRELIMINARY LOCAL CLIMATOLOGICAL DATA (WS FORM: F-6)
STATION: STILLWATER
MONTH: MARCH
YEAR: 2020
LATITUDE: 36 10 N
LONGITUDE: 97 5 W
TEMPERATURE IN F: :PCPN: SNOW: WIND :SUNSHINE: SKY :PK WND
================================================================================
1 2 3 4 5 6A 6B 7 8 9 10 11 12 13 14 15 16 17 18
12Z AVG MX 2MIN
DY MAX MIN AVG DEP HDD CDD WTR SNW DPTH SPD SPD DIR MIN PSBL S-S WX SPD DR
================================================================================
1 78 52 65 20 0 0 0.00 0.0 0 12.6 23 180 M M 0 30 200
2 59 37 48 2 17 0 0.00 0.0 0 8.4 22 360 M M 4 28 10
3 68 35 52 6 13 0 0.00 0.0 0 4.2 13 360 M M 0 16 350
4 62 40 51 5 14 0 0.00 0.0 0 5.9 14 70 M M 0 19 60
5 68 25 47 1 18 0 0.00 0.0 0 8.4 25 10 M M 0 32 10
6 65 27 46 -1 19 0 0.00 0.0 0 5.4 13 160 M M 0 16 140
7 73 34 54 7 11 0 0.00 0.0 0 14.0 28 180 M M 0 35 180
8 62 47 55 7 10 0 0.24 M 0 18.4 31 190 M M 6 1 38 180
9 69 39 54 6 11 0 0.17 0.0 0 13.6 28 250 M M 7 1 38 260
10 70 32 51 3 14 0 0.00 0.0 0 7.1 16 160 M M 2 1 20 160
11 78 56 67 19 0 2 0.00 0.0 0 8.5 21 50 M M 1 8 25 40
12 80 55 68 19 0 3 0.00 0.0 0 13.6 24 40 M M 0 31 30
13 55 43 49 0 16 0 0.16 M 0 15.3 26 80 M M 8 1 34 80
14 52 42 47 -2 18 0 0.74 M 0 10.0 17 20 M M 10 13 24 80
15 48 40 44 -6 21 0 0.53 M 0 9.3 17 110 M M 10 13 20 110
16 52 45 49 -1 16 0 0.31 M 0 5.2 12 120 M M 9 1 15 120
17 59 47 53 3 12 0 0.78 M 0 10.0 17 110 M M 10 13 21 80
18 78 54 66 15 0 1 0.36 0.0 0 10.6 24 180 M M 6 13 31 190
19 81 62 72 21 0 7 0.20 0.0 0 15.3 32 220 M M 4 13 42 240
20 62 35 49 -2 16 0 0.00 0.0 0 14.8 26 320 M M 5 43 330
21 56 31 44 -8 21 0 0.14 0.0 0 7.9 16 100 M M 3 13 20 100
22 54 43 49 -3 16 0 0.29 0.0 0 8.6 17 100 M M 9 1 21 90
23 61 52 57 5 8 0 0.00 0.0 0 7.7 12 120 M M 10 12 M M
24 74 48 61 9 4 0 0.47 M 0 7.4 18 110 M M 6 1 23 120
25 86 48 67 14 0 2 0.00 0.0 0 10.7 23 200 M M 0 29 190
26 94 60 77 24 0 12 0.00 0.0 0 7.5 22 170 M M 0 28 180
27 85 69 77 24 0 12 0.01 0.0 0 8.5 22 170 M M 1 138 26 190
28 72 50 61 7 4 0 0.16 0.0 0 16.3 35 250 M M 0 3 43 260
29 72 41 57 3 8 0 0.00 0.0 0 5.3 15 210 M M 0 20 200
30 65 48 57 3 8 0 0.18 M 0 9.3 23 150 M M 7 1 29 160
31 69 50 60 5 5 0 0.02 0.0 0 5.4 15 40 M M 5 1 19 20
================================================================================
SM 2107 1387 300 39 4.76 0.0 305.2 M 123
================================================================================
AV 68.0 44.7 9.8 FASTST M M 4 MAX(MPH)
MISC ----> # 35 250 # 43 330
================================================================================
NOTES:
# LAST OF SEVERAL OCCURRENCES
COLUMN 17 PEAK WIND IN M.P.H.
PRELIMINARY LOCAL CLIMATOLOGICAL DATA (WS FORM: F-6) , PAGE 2
STATION: STILLWATER
MONTH: MARCH
YEAR: 2020
LATITUDE: 36 10 N
LONGITUDE: 97 5 W
[TEMPERATURE DATA] [PRECIPITATION DATA] SYMBOLS USED IN COLUMN 16
AVERAGE MONTHLY: 56.4 TOTAL FOR MONTH: 4.76 1 = FOG OR MIST
DPTR FM NORMAL: 6.4 DPTR FM NORMAL: 1.43 2 = FOG REDUCING VISIBILITY
HIGHEST: 94 ON 26 GRTST 24HR 0.78 ON 17-17 TO 1/4 MILE OR LESS
LOWEST: 25 ON 5 3 = THUNDER
SNOW, ICE PELLETS, HAIL 4 = ICE PELLETS
TOTAL MONTH: 0.0 INCH 5 = HAIL
GRTST 24HR 0.0 6 = FREEZING RAIN OR DRIZZLE
GRTST DEPTH: 0 7 = DUSTSTORM OR SANDSTORM:
VSBY 1/2 MILE OR LESS
8 = SMOKE OR HAZE
[NO. OF DAYS WITH] [WEATHER - DAYS WITH] 9 = BLOWING SNOW
X = TORNADO
MAX 32 OR BELOW: 0 0.01 INCH OR MORE: 16
MAX 90 OR ABOVE: 1 0.10 INCH OR MORE: 14
MIN 32 OR BELOW: 4 0.50 INCH OR MORE: 3
MIN 0 OR BELOW: 0 1.00 INCH OR MORE: 0
[HDD (BASE 65) ]
TOTAL THIS MO. 300 CLEAR (SCALE 0-3) 15
DPTR FM NORMAL -175 PTCLDY (SCALE 4-7) 10
TOTAL FM JUL 1 3085 CLOUDY (SCALE 8-10) 6
DPTR FM NORMAL -444
[CDD (BASE 65) ]
TOTAL THIS MO. 39
DPTR FM NORMAL 30 [PRESSURE DATA]
TOTAL FM JAN 1 39 HIGHEST SLP M ON M
DPTR FM NORMAL 29 LOWEST SLP 29.53 ON 28
[REMARKS]
#FINAL-03-20#