000
CXUS51 KBGM 170810
CF6SYR
PRELIMINARY LOCAL CLIMATOLOGICAL DATA (WS FORM: F-6)
STATION: SYRACUSE NY
MONTH: APRIL
YEAR: 2024
LATITUDE: 43 7 N
LONGITUDE: 76 7 W
TEMPERATURE IN F: :PCPN: SNOW: WIND :SUNSHINE: SKY :PK WND
================================================================================
1 2 3 4 5 6A 6B 7 8 9 10 11 12 13 14 15 16 17 18
12Z AVG MX 2MIN
DY MAX MIN AVG DEP HDD CDD WTR SNW DPTH SPD SPD DIR MIN PSBL S-S WX SPD DR
================================================================================
1 61 34 48 8 17 0 0.00 0.0 0 5.2 17 330 M M 8 22 330
2 49 36 43 3 22 0 0.05 0.0 0 11.8 21 90 M M 10 1 27 90
3 46 37 42 1 23 0 0.92 T 0 14.0 30 70 M M 10 14 42 60
4 40 33 37 -4 28 0 0.25 0.4 0 8.9 16 90 M M 10 1 21 90
5 43 33 38 -4 27 0 0.02 0.2 T 11.9 20 290 M M 10 1 28 310
6 53 38 46 4 19 0 0.00 0.0 0 10.3 24 320 M M 9 36 290
7 58 36 47 5 18 0 0.00 0.0 0 8.0 17 320 M M 3 25 330
8 64 29 47 4 18 0 T 0.0 0 2.1 8 100 M M 7 10 100
9 78 39 59 16 6 0 0.02 0.0 0 4.1 14 150 M M 4 3 23 160
10 70 54 62 18 3 0 0.11 0.0 0 3.6 17 200 M M 10 13 23 180
11 69 54 62 18 3 0 0.42 0.0 0 11.4 24 110 M M 10 1 38 120
12 67 45 56 11 9 0 0.10 0.0 0 16.0 23 270 M M 10 35 130
13 48 39 44 -1 21 0 0.41 0.0 0 17.6 29 300 M M 9 1 40 300
14 58 40 49 3 16 0 0.11 0.0 0 5.2 16 290 M M 8 1 16 290
15 61 39 50 4 15 0 T 0.0 0 8.6 16 270 M M 5 1 23 270
16 65 38 52 5 13 0 0.00 0.0 0 6.9 14 330 M M 2 23 290
================================================================================
SM 930 624 258 0 2.41 0.6 145.6 M 125
================================================================================
AV 58.1 39.0 9.1 FASTST M M 8 MAX(MPH)
MISC ----> 30 70 42 60
================================================================================
NOTES:
# LAST OF SEVERAL OCCURRENCES
COLUMN 17 PEAK WIND IN M.P.H.
PRELIMINARY LOCAL CLIMATOLOGICAL DATA (WS FORM: F-6) , PAGE 2
STATION: SYRACUSE NY
MONTH: APRIL
YEAR: 2024
LATITUDE: 43 7 N
LONGITUDE: 76 7 W
[TEMPERATURE DATA] [PRECIPITATION DATA] SYMBOLS USED IN COLUMN 16
AVERAGE MONTHLY: 48.6 TOTAL FOR MONTH: 2.41 1 = FOG OR MIST
DPTR FM NORMAL: 5.4 DPTR FM NORMAL: 0.53 2 = FOG REDUCING VISIBILITY
HIGHEST: 78 ON 9 GRTST 24HR 0.94 ON 3- 4 TO 1/4 MILE OR LESS
LOWEST: 29 ON 8 3 = THUNDER
SNOW, ICE PELLETS, HAIL 4 = ICE PELLETS
TOTAL MONTH: 0.6 INCH 5 = HAIL
GRTST 24HR 0.4 ON 4- 4 6 = FREEZING RAIN OR DRIZZLE
GRTST DEPTH: T 7 = DUSTSTORM OR SANDSTORM:
VSBY 1/2 MILE OR LESS
8 = SMOKE OR HAZE
[NO. OF DAYS WITH] [WEATHER - DAYS WITH] 9 = BLOWING SNOW
X = TORNADO
MAX 32 OR BELOW: 0 0.01 INCH OR MORE: 10
MAX 90 OR ABOVE: 0 0.10 INCH OR MORE: 7
MIN 32 OR BELOW: 1 0.50 INCH OR MORE: 1
MIN 0 OR BELOW: 0 1.00 INCH OR MORE: 0
[HDD (BASE 65) ]
TOTAL THIS MO. 258 CLEAR (SCALE 0-3) 2
DPTR FM NORMAL -93 PTCLDY (SCALE 4-7) 5
TOTAL FM JUL 1 4871 CLOUDY (SCALE 8-10) 9
DPTR FM NORMAL -1203
[CDD (BASE 65) ]
TOTAL THIS MO. 0
DPTR FM NORMAL 0 [PRESSURE DATA]
TOTAL FM JAN 1 0 HIGHEST SLP M ON M
DPTR FM NORMAL 0 LOWEST SLP 29.06 ON 12
[REMARKS]