000
CXUS52 KTBW 041654
CF6TBW
PRELIMINARY LOCAL CLIMATOLOGICAL DATA (WS FORM: F-6)
STATION: RUSKIN WFO
MONTH: JULY
YEAR: 2022
LATITUDE: 27 42 N
LONGITUDE: 82 24 W
TEMPERATURE IN F: :PCPN: SNOW: WIND :SUNSHINE: SKY :PK WND
================================================================================
1 2 3 4 5 6A 6B 7 8 9 10 11 12 13 14 15 16 17 18
12Z AVG MX 2MIN
DY MAX MIN AVG DEP HDD CDD WTR SNW DPTH SPD SPD DIR MIN PSBL S-S WX SPD DR
================================================================================
1 92 73 83 1 0 18 0.15 0.0 0 M M M M M M 3 M M
2 89 75 82 0 0 17 0.03 0.0 0 M M M M M M 3 M M
3 90 74 82 0 0 17 0.02 0.0 0 M M M M M M 3 M M
4 93 74 84 2 0 19 0.36 0.0 0 M M M M M M 13 M M
5 95 76 86 4 0 21 0.15 0.0 0 M M M M M M 13 M M
6 96 74 85 3 0 20 2.64 0.0 0 M M M M M M 123 M M
7 91 75 83 1 0 18 0.98 0.0 0 M M M M M M 13 M M
8 94 74 84 2 0 19 0.36 0.0 0 M M M M M M 13 M M
9 91 75 83 1 0 18 0.00 0.0 0 M M M M M M 3 M M
10 91 77 84 2 0 19 T 0.0 0 M M M M M M 3 M M
11 87 77 82 0 0 17 0.10 0.0 0 M M M M M M 3 M M
12 92 75 84 2 0 19 0.00 0.0 0 M M M M M M M M
13 94 72 83 1 0 18 1.84 0.0 0 M M M M M M 13 M M
14 93 72 83 1 0 18 1.92 0.0 0 M M M M M M 123 M M
15 94 71 83 1 0 18 T 0.0 0 M M M M M M 3 M M
16 92 74 83 1 0 18 0.04 0.0 0 M M M M M M 3 M M
17 89 73 81 -1 0 16 0.01 0.0 0 M M M M M M 3 M M
18 91 75 83 1 0 18 0.00 0.0 0 M M M M M M M M
19 91 76 84 2 0 19 0.37 0.0 0 M M M M M M 3 M M
20 92 76 84 2 0 19 0.00 0.0 0 M M M M M M M M
21 92 75 84 2 0 19 0.09 0.0 0 M M M M M M 3 M M
22 95 72 84 2 0 19 1.34 0.0 0 M M M M M M 13 M M
23 93 75 84 2 0 19 0.29 0.0 0 M M M M M M 13 M M
24 95 75 85 3 0 20 0.00 0.0 0 M M M M M M M M
25 95 75 85 3 0 20 0.06 0.0 0 M M M M M M 3 M M
26 92 73 83 1 0 18 1.99 0.0 0 M M M M M M 123 M M
27 92 7 50 -32 15 0 0.02 0.0 0 M M M M M M 3 M M
28 95 75 85 3 0 20 0.00 0.0 0 M M M M M M M M
29 96 75 86 4 0 21 0.00 0.0 0 M M M M M M M M
30 95 75 85 3 0 20 0.00 0.0 0 M M M M M M M M
31 96 75 86 4 0 21 0.02 0.0 0 M M M M M M M M
================================================================================
SM 2873 2240 15 563 12.78 0.0 M M M
================================================================================
AV 92.7 72.3 M FASTST M M M MAX(MPH)
MISC ----> M M M M
================================================================================
NOTES:
# LAST OF SEVERAL OCCURRENCES
COLUMN 17 PEAK WIND IN M.P.H.
PRELIMINARY LOCAL CLIMATOLOGICAL DATA (WS FORM: F-6) , PAGE 2
STATION: RUSKIN WFO
MONTH: JULY
YEAR: 2022
LATITUDE: 27 42 N
LONGITUDE: 82 24 W
[TEMPERATURE DATA] [PRECIPITATION DATA] SYMBOLS USED IN COLUMN 16
AVERAGE MONTHLY: 82.5 TOTAL FOR MONTH: 12.78 1 = FOG OR MIST
DPTR FM NORMAL: 0.3 DPTR FM NORMAL: 4.62 2 = FOG REDUCING VISIBILITY
HIGHEST: 96 ON 29,31 GRTST 24HR 2.64 ON 6- 6 TO 1/4 MILE OR LESS
LOWEST: 7 ON 27 3 = THUNDER
SNOW, ICE PELLETS, HAIL 4 = ICE PELLETS
TOTAL MONTH: 0.0 INCH 5 = HAIL
GRTST 24HR 0.0 6 = FREEZING RAIN OR DRIZZLE
GRTST DEPTH: 0 7 = DUSTSTORM OR SANDSTORM:
VSBY 1/2 MILE OR LESS
8 = SMOKE OR HAZE
[NO. OF DAYS WITH] [WEATHER - DAYS WITH] 9 = BLOWING SNOW
X = TORNADO
MAX 32 OR BELOW: 0 0.01 INCH OR MORE: 21
MAX 90 OR ABOVE: 28 0.10 INCH OR MORE: 13
MIN 32 OR BELOW: 1 0.50 INCH OR MORE: 6
MIN 0 OR BELOW: 0 1.00 INCH OR MORE: 5
[HDD (BASE 65) ]
TOTAL THIS MO. 15 CLEAR (SCALE 0-3) 0
DPTR FM NORMAL 15 PTCLDY (SCALE 4-7) 0
TOTAL FM JUL 1 15 CLOUDY (SCALE 8-10) 31
DPTR FM NORMAL 15
[CDD (BASE 65) ]
TOTAL THIS MO. 563
DPTR FM NORMAL 30 [PRESSURE DATA]
TOTAL FM JAN 1 2200 HIGHEST SLP M ON M
DPTR FM NORMAL 328 LOWEST SLP M ON M
[REMARKS]
#FINAL-07-22#