910
CXUS54 KBMX 011110
CF6TCL
PRELIMINARY LOCAL CLIMATOLOGICAL DATA (WS FORM: F-6)
STATION: TUSCALOOSA
MONTH: APRIL
YEAR: 2020
LATITUDE: 33 13 N
LONGITUDE: 87 37 W
TEMPERATURE IN F: :PCPN: SNOW: WIND :SUNSHINE: SKY :PK WND
================================================================================
1 2 3 4 5 6A 6B 7 8 9 10 11 12 13 14 15 16 17 18
12Z AVG MX 2MIN
DY MAX MIN AVG DEP HDD CDD WTR SNW DPTH SPD SPD DIR MIN PSBL S-S WX SPD DR
================================================================================
1 72 41 57 -3 8 0 0.00 0.0 0 5.0 15 360 M M 0 1 22 310
2 73 43 58 -2 7 0 0.00 0.0 0 2.1 10 90 M M 0 15 70
3 79 49 64 4 1 0 0.00 0.0 0 1.3 9 250 M M 0 12 270
4 82 54 68 8 0 3 0.00 0.0 0 1.2 10 10 M M 0 1 15 30
5 84 59 72 12 0 7 0.00 0.0 0 2.1 9 60 M M 2 12 40
6 84 55 70 9 0 5 0.00 0.0 0 2.7 13 210 M M 0 1 17 200
7 72 64 68 7 0 3 0.46 0.0 0 3.2 10 180 M M 6 18 14 180
8 81 65 73 12 0 8 0.08 0.0 0 4.0 12 210 M M 6 1238 15 190
9 80 63 72 11 0 7 0.26 0.0 0 8.7 20 290 M M 4 13 28 290
10 65 43 54 -8 11 0 0.00 0.0 0 7.5 21 10 M M 2 26 10
11 74 39 57 -5 8 0 0.00 0.0 0 3.3 13 190 M M 0 16 190
12 M M M M M M M M 0 M M M M M M 38 M M
13 M M M M M M M 0.0 0 M M M M M 7 M M
14 65 M M M M M 0.00 0.0 0 7.5 12 330 M M 0 M M
15 66 40 53 -10 12 0 0.00 0.0 0 7.4 21 10 M M 0 29 10
16 73 37 55 -8 10 0 0.00 0.0 0 2.6 12 110 M M 0 16 60
17 77 43 60 -3 5 0 0.00 0.0 0 5.6 18 190 M M 1 3 24 200
18 71 52 62 -2 3 0 0.03 0.0 0 5.3 17 340 M M 5 13 26 310
19 62 53 58 -6 7 0 5.42 0.0 0 5.7 21 360 M M 6 123 32 310
20 77 54 66 2 0 1 0.09 0.0 0 5.4 15 350 M M 4 1 20 330
21 81 50 66 1 0 1 0.00 0.0 0 4.0 17 290 M M 0 1 23 290
22 71 50 61 -4 4 0 0.38 0.0 0 5.1 16 110 M M 2 138 24 120
23 M M M M M M 1.20 0.0 0 8.0 22 130 M M 8 13 34 120
24 80 53 67 1 0 2 0.00 0.0 0 3.6 12 10 M M 1 17 330
25 79 58 69 3 0 4 0.01 0.0 0 8.0 23 250 M M 4 30 240
26 74 49 62 -4 3 0 0.00 0.0 0 8.8 23 300 M M 0 33 300
27 76 43 60 -6 5 0 0.00 0.0 0 1.4 12 20 M M 0 16 20
28 82 51 67 0 0 2 0.00 0.0 0 6.1 17 190 M M 0 24 180
29 74 58 66 -1 0 1 0.11 0.0 0 7.9 24 150 M M 6 1 37 140
30 74 50 62 -5 3 0 0.00 0.0 0 5.7 18 350 M M 3 24 300
================================================================================
SM 2028 1316 87 44 8.04 0.0 139.2 M 67
================================================================================
AV 75.1 50.6 5.0 FASTST M M 2 MAX(MPH)
MISC ----> # 24 150 # 37 140
================================================================================
NOTES:
# LAST OF SEVERAL OCCURRENCES
COLUMN 17 PEAK WIND IN M.P.H.
PRELIMINARY LOCAL CLIMATOLOGICAL DATA (WS FORM: F-6) , PAGE 2
STATION: TUSCALOOSA
MONTH: APRIL
YEAR: 2020
LATITUDE: 33 13 N
LONGITUDE: 87 37 W
[TEMPERATURE DATA] [PRECIPITATION DATA] SYMBOLS USED IN COLUMN 16
AVERAGE MONTHLY: 62.9 TOTAL FOR MONTH: 8.04 1 = FOG OR MIST
DPTR FM NORMAL: -0.3 DPTR FM NORMAL: 3.83 2 = FOG REDUCING VISIBILITY
HIGHEST: 84 ON 6, 5 GRTST 24HR 5.42 ON 19-19 TO 1/4 MILE OR LESS
LOWEST: 37 ON 16 3 = THUNDER
SNOW, ICE PELLETS, HAIL 4 = ICE PELLETS
TOTAL MONTH: 0.0 INCH 5 = HAIL
GRTST 24HR 0.0 6 = FREEZING RAIN OR DRIZZLE
GRTST DEPTH: 0 7 = DUSTSTORM OR SANDSTORM:
VSBY 1/2 MILE OR LESS
8 = SMOKE OR HAZE
[NO. OF DAYS WITH] [WEATHER - DAYS WITH] 9 = BLOWING SNOW
X = TORNADO
MAX 32 OR BELOW: 0 0.01 INCH OR MORE: 10
MAX 90 OR ABOVE: 0 0.10 INCH OR MORE: 6
MIN 32 OR BELOW: 0 0.50 INCH OR MORE: 2
MIN 0 OR BELOW: 0 1.00 INCH OR MORE: 2
[HDD (BASE 65) ]
TOTAL THIS MO. 87 CLEAR (SCALE 0-3) 19
DPTR FM NORMAL -34 PTCLDY (SCALE 4-7) 10
TOTAL FM JUL 1 1866 CLOUDY (SCALE 8-10) 0
DPTR FM NORMAL -639
[CDD (BASE 65) ]
TOTAL THIS MO. 44
DPTR FM NORMAL -21 [PRESSURE DATA]
TOTAL FM JAN 1 147 HIGHEST SLP 30.31 ON 16
DPTR FM NORMAL 59 LOWEST SLP 29.47 ON 12
[REMARKS]
#FINAL-04-20#