000
CXUS54 KEPZ 221306
CF6TCS
PRELIMINARY LOCAL CLIMATOLOGICAL DATA (WS FORM: F-6)
STATION: TRUTH OR CONSEQUENCES
MONTH: SEPTEMBER
YEAR: 2022
LATITUDE: 33 13 N
LONGITUDE: 107 16 W
TEMPERATURE IN F: :PCPN: SNOW: WIND :SUNSHINE: SKY :PK WND
================================================================================
1 2 3 4 5 6A 6B 7 8 9 10 11 12 13 14 15 16 17 18
12Z AVG MX 2MIN
DY MAX MIN AVG DEP HDD CDD WTR SNW DPTH SPD SPD DIR MIN PSBL S-S WX SPD DR
================================================================================
1 84 62 73 -3 0 8 0.00 M M 7.6 15 80 M M 1 23 60
2 90 61 76 0 0 11 0.00 M M 4.1 16 180 M M 0 19 170
3 88 63 76 0 0 11 0.04 M M 7.2 23 10 M M 2 34 360
4 87 62 75 -1 0 10 0.00 M M 6.6 16 60 M M 0 24 60
5 88 60 74 -1 0 9 0.00 M M 7.0 14 170 M M 0 8 23 270
6 89 60 75 0 0 10 0.00 M M 4.6 12 160 M M 0 19 190
7 91 61 76 1 0 11 0.00 M M 6.6 15 210 M M 0 20 130
8 89 62 76 1 0 11 0.00 M M 6.3 14 190 M M 0 22 220
9 91 62 77 3 0 12 0.00 M M 7.7 15 330 M M 0 23 320
10 90 63 77 3 0 12 0.08 M M 8.8 28 300 M M 1 36 310
11 82 61 72 -2 0 7 0.08 M M 5.3 25 330 M M 3 3 38 320
12 84 59 72 -2 0 7 0.00 M M 8.7 17 270 M M 0 3 25 140
13 85 62 74 1 0 9 0.17 M M 6.1 41 280 M M 1 13 56 270
14 83 58 71 -2 0 6 0.00 M M 7.0 20 180 M M 2 25 200
15 87 57 72 -1 0 7 0.00 M M 6.4 18 180 M M 0 26 200
16 90 59 75 3 0 10 0.00 M M 9.6 23 200 M M 0 32 180
17 92 59 76 4 0 11 0.00 0.0 0 8.6 22 190 M M 0 33 180
18 89 60 75 3 0 10 0.01 M M 5.4 22 130 M M 3 31 110
19 86 61 74 2 0 9 T M M 5.3 15 150 M M 1 25 200
20 86 63 75 4 0 10 0.52 M M 7.2 20 270 M M 3 13 25 280
21 89 64 77 6 0 12 0.00 M M 6.9 17 190 M M 1 26 200
22 89 61 75 4 0 10 0.00 M M 7.1 16 190 M M 1 24 190
23 88 63 76 6 0 11 0.14 M M 5.0 15 20 M M 2 3 25 340
24 86 59 73 3 0 8 0.00 M M 6.8 18 290 M M 0 25 290
25 81 57 69 -1 0 4 T M M 6.4 14 40 M M 3 19 50
26 83 59 71 2 0 6 T M M 5.8 21 220 M M 2 3 26 220
27 83 56 70 1 0 5 0.00 M M 5.0 15 140 M M 1 22 160
28 82 55 69 0 0 4 0.00 M M 6.9 18 130 M M 0 26 120
29 79 53 66 -2 0 1 0.00 M M 5.4 12 160 M M 0 17 100
30 80 53 67 -1 0 2 0.00 M M 6.1 13 190 M M 0 20 150
================================================================================
SM 2591 1795 0 254 1.04 0.0 197.5 M 27
================================================================================
AV 86.4 59.8 6.6 FASTST M M 1 MAX(MPH)
MISC ----> 41 280 56 270
================================================================================
NOTES:
# LAST OF SEVERAL OCCURRENCES
COLUMN 17 PEAK WIND IN M.P.H.
PRELIMINARY LOCAL CLIMATOLOGICAL DATA (WS FORM: F-6) , PAGE 2
STATION: TRUTH OR CONSEQUENCES
MONTH: SEPTEMBER
YEAR: 2022
LATITUDE: 33 13 N
LONGITUDE: 107 16 W
[TEMPERATURE DATA] [PRECIPITATION DATA] SYMBOLS USED IN COLUMN 16
AVERAGE MONTHLY: 73.1 TOTAL FOR MONTH: 1.04 1 = FOG OR MIST
DPTR FM NORMAL: 0.7 DPTR FM NORMAL: -0.66 2 = FOG REDUCING VISIBILITY
HIGHEST: 92 ON 17 GRTST 24HR 0.52 ON 19-20 TO 1/4 MILE OR LESS
LOWEST: 53 ON 30,29 3 = THUNDER
SNOW, ICE PELLETS, HAIL 4 = ICE PELLETS
TOTAL MONTH: 0.0 INCH 5 = HAIL
GRTST 24HR 0.0 6 = FREEZING RAIN OR DRIZZLE
GRTST DEPTH: 0 7 = DUSTSTORM OR SANDSTORM:
VSBY 1/2 MILE OR LESS
8 = SMOKE OR HAZE
[NO. OF DAYS WITH] [WEATHER - DAYS WITH] 9 = BLOWING SNOW
X = TORNADO
MAX 32 OR BELOW: 0 0.01 INCH OR MORE: 7
MAX 90 OR ABOVE: 6 0.10 INCH OR MORE: 3
MIN 32 OR BELOW: 0 0.50 INCH OR MORE: 1
MIN 0 OR BELOW: 0 1.00 INCH OR MORE: 0
[HDD (BASE 65) ]
TOTAL THIS MO. 0 CLEAR (SCALE 0-3) 30
DPTR FM NORMAL -8 PTCLDY (SCALE 4-7) 0
TOTAL FM JUL 1 0 CLOUDY (SCALE 8-10) 0
DPTR FM NORMAL -4
[CDD (BASE 65) ]
TOTAL THIS MO. 254
DPTR FM NORMAL 22 [PRESSURE DATA]
TOTAL FM JAN 1 2033 HIGHEST SLP 30.19 ON 28
DPTR FM NORMAL 252 LOWEST SLP 29.58 ON 9
[REMARKS]
#FINAL-09-22#