000
CXUS54 KEPZ 010956
CF6TCS
PRELIMINARY LOCAL CLIMATOLOGICAL DATA (WS FORM: F-6)
STATION: TRUTH OR CONSEQUENCES
MONTH: NOVEMBER
YEAR: 2020
LATITUDE: 33 13 N
LONGITUDE: 107 16 W
TEMPERATURE IN F: :PCPN: SNOW: WIND :SUNSHINE: SKY :PK WND
================================================================================
1 2 3 4 5 6A 6B 7 8 9 10 11 12 13 14 15 16 17 18
12Z AVG MX 2MIN
DY MAX MIN AVG DEP HDD CDD WTR SNW DPTH SPD SPD DIR MIN PSBL S-S WX SPD DR
================================================================================
1 72 46 59 4 6 0 0.00 M M 5.9 15 30 M M 0 21 30
2 74 45 60 5 5 0 0.00 M M 5.6 9 290 M M 0 12 10
3 75 45 60 6 5 0 0.00 M M 6.0 12 190 M M 0 18 170
4 80 49 65 11 0 0 0.00 M M 6.5 14 330 M M 0 20 330
5 81 49 65 11 0 0 0.00 M M 5.0 12 40 M M 0 16 320
6 76 46 61 8 4 0 0.00 M M 6.6 15 210 M M 0 20 230
7 77 48 63 10 2 0 0.00 M M 13.7 37 210 M M 1 52 210
8 70 51 61 9 4 0 0.17 M M 21.9 38 220 M M 2 56 210
9 64 40 52 0 13 0 0.00 M M 17.7 36 230 M M 0 52 220
10 57 32 45 -7 20 0 0.00 M M 7.3 20 320 M M 0 29 320
11 60 32 46 -5 19 0 0.00 M M 5.6 9 310 M M 0 15 210
12 62 35 49 -2 16 0 0.00 M M 5.2 10 310 M M 0 13 340
13 67 39 53 3 12 0 0.00 M M 4.9 10 330 M M 0 15 340
14 76 38 57 7 8 0 0.00 M M 10.5 25 330 M M 0 40 320
15 66 34 50 1 15 0 0.00 M M 5.9 10 320 M M 0 15 320
16 74 35 55 6 10 0 0.00 M M 6.1 13 50 M M 0 18 50
17 75 40 58 9 7 0 0.00 M M 6.1 14 200 M M 0 18 200
18 78 45 62 14 3 0 0.00 M M 8.1 18 190 M M 0 28 210
19 82 46 64 16 1 0 0.00 M M 8.3 17 260 M M 0 23 260
20 80 50 65 18 0 0 0.00 M M 7.8 17 200 M M 0 22 200
21 74 48 61 14 4 0 0.00 M M 5.8 12 310 M M 0 14 310
22 72 47 60 13 5 0 0.00 M M 7.7 16 30 M M 0 23 50
23 70 46 58 12 7 0 0.00 M M 8.0 28 200 M M 4 39 200
24 64 42 53 7 12 0 0.00 M M 13.6 33 290 M M 1 42 290
25 63 34 49 4 16 0 0.00 M M 5.8 12 150 M M 0 8 18 200
26 67 37 52 7 13 0 0.00 M M 8.2 16 280 M M 0 21 210
27 61 32 47 2 18 0 0.00 M M 10.0 30 220 M M 2 40 250
28 57 31 44 0 21 0 0.00 M M 6.4 15 300 M M 1 20 310
29 60 31 46 2 19 0 0.00 M M 11.0 22 20 M M 0 31 30
30 51 27 39 -5 26 0 0.00 M M 6.6 16 20 M M 0 25 20
================================================================================
SM 2085 1220 291 0 0.17 M 247.8 M 11
================================================================================
AV 69.5 40.7 8.3 FASTST M M 0 MAX(MPH)
MISC ----> 38 220 56 210
================================================================================
NOTES:
# LAST OF SEVERAL OCCURRENCES
COLUMN 17 PEAK WIND IN M.P.H.
PRELIMINARY LOCAL CLIMATOLOGICAL DATA (WS FORM: F-6) , PAGE 2
STATION: TRUTH OR CONSEQUENCES
MONTH: NOVEMBER
YEAR: 2020
LATITUDE: 33 13 N
LONGITUDE: 107 16 W
[TEMPERATURE DATA] [PRECIPITATION DATA] SYMBOLS USED IN COLUMN 16
AVERAGE MONTHLY: 55.1 TOTAL FOR MONTH: 0.17 1 = FOG OR MIST
DPTR FM NORMAL: 5.8 DPTR FM NORMAL: -0.51 2 = FOG REDUCING VISIBILITY
HIGHEST: 82 ON 19 GRTST 24HR 0.17 ON 8- 8 TO 1/4 MILE OR LESS
LOWEST: 27 ON 30 3 = THUNDER
SNOW, ICE PELLETS, HAIL 4 = ICE PELLETS
TOTAL MONTH: M 5 = HAIL
GRTST 24HR M ON M 6 = FREEZING RAIN OR DRIZZLE
GRTST DEPTH: M ON M 7 = DUSTSTORM OR SANDSTORM:
VSBY 1/2 MILE OR LESS
8 = SMOKE OR HAZE
[NO. OF DAYS WITH] [WEATHER - DAYS WITH] 9 = BLOWING SNOW
X = TORNADO
MAX 32 OR BELOW: 0 0.01 INCH OR MORE: 1
MAX 90 OR ABOVE: 0 0.10 INCH OR MORE: 1
MIN 32 OR BELOW: 6 0.50 INCH OR MORE: 0
MIN 0 OR BELOW: 0 1.00 INCH OR MORE: 0
[HDD (BASE 65) ]
TOTAL THIS MO. 291 CLEAR (SCALE 0-3) 29
DPTR FM NORMAL -182 PTCLDY (SCALE 4-7) 1
TOTAL FM JUL 1 433 CLOUDY (SCALE 8-10) 0
DPTR FM NORMAL -206
[CDD (BASE 65) ]
TOTAL THIS MO. 0
DPTR FM NORMAL 0 [PRESSURE DATA]
TOTAL FM JAN 1 2490 HIGHEST SLP 30.43 ON 30
DPTR FM NORMAL 868 LOWEST SLP 29.46 ON 8
[REMARKS]
#FINAL-11-20#