000
CXUS54 KFWD 010731
CF6TKI
PRELIMINARY LOCAL CLIMATOLOGICAL DATA (WS FORM: F-6)
STATION: MCKINNEY
MONTH: JULY
YEAR: 2020
LATITUDE: 33 10 N
LONGITUDE: 96 35 W
TEMPERATURE IN F: :PCPN: SNOW: WIND :SUNSHINE: SKY :PK WND
================================================================================
1 2 3 4 5 6A 6B 7 8 9 10 11 12 13 14 15 16 17 18
12Z AVG MX 2MIN
DY MAX MIN AVG DEP HDD CDD WTR SNW DPTH SPD SPD DIR MIN PSBL S-S WX SPD DR
================================================================================
1 93 79 86 4 0 21 0.00 0.0 0 13.2 21 160 M M 3 29 170
2 94 77 86 4 0 21 T 0.0 0 7.2 22 220 M M 3 3 30 200
3 98 74 86 4 0 21 0.00 0.0 0 5.1 24 130 M M 0 3 35 120
4 92 73 83 1 0 18 0.00 0.0 0 6.8 16 50 M M 0 22 40
5 94 76 85 3 0 20 0.00 0.0 0 4.0 17 170 M M 3 3 23 170
6 88 73 81 -1 0 16 0.39 0.0 0 5.0 17 180 M M 4 13 23 180
7 88 72 80 -2 0 15 0.00 0.0 0 5.9 16 170 M M 4 21 170
8 93 74 84 2 0 19 0.00 0.0 0 8.4 20 160 M M 2 24 150
9 93 78 86 3 0 21 0.00 0.0 0 11.7 23 160 M M 1 32 170
10 94 77 86 3 0 21 0.00 0.0 0 7.5 18 170 M M 1 23 170
11 98 77 88 5 0 23 0.00 0.0 0 7.4 16 150 M M 0 22 160
12 99 77 88 5 0 23 T 0.0 0 8.4 39 50 M M 0 56 40
13 100 79 90 7 0 25 0.00 0.0 0 9.5 18 150 M M 0 26 190
14 96 78 87 4 0 22 T 0.0 0 14.3 24 170 M M 0 31 170
15 96 79 88 5 0 23 0.00 0.0 0 12.0 22 180 M M 0 30 180
16 97 79 88 5 0 23 T 0.0 0 8.6 17 160 M M 0 21 160
17 98 76 87 3 0 22 0.00 0.0 0 7.6 16 140 M M 0 23 170
18 93 76 85 1 0 20 0.00 0.0 0 10.5 21 150 M M 0 28 120
19 95 75 85 1 0 20 0.00 0.0 0 8.3 15 160 M M 0 22 160
20 97 75 86 2 0 21 0.00 0.0 0 8.0 17 160 M M 1 23 110
21 93 75 84 0 0 19 0.00 0.0 0 7.3 22 140 M M 3 28 130
22 93 75 84 0 0 19 0.00 0.0 0 6.4 17 20 M M 4 23 20
23 96 77 87 3 0 22 0.00 0.0 0 7.1 15 150 M M 3 21 140
24 96 76 86 2 0 21 0.00 0.0 0 7.5 18 60 M M 1 27 80
25 92 76 84 0 0 19 0.00 0.0 0 7.1 14 150 M M 5 20 100
26 92 76 84 0 0 19 T 0.0 0 7.8 18 180 M M 6 26 140
27 91 74 83 -1 0 18 0.00 0.0 0 6.0 15 160 M M 4 19 160
28 82 75 79 -6 0 14 1.27 0.0 0 4.1 13 300 M M 4 13 16 290
29 94 76 85 0 0 20 0.00 0.0 0 9.6 20 180 M M 3 26 190
30 97 70 84 -1 0 19 0.56 0.0 0 12.1 30 350 M M 1 13 37 340
31 91 70 81 -4 0 16 0.06 0.0 0 7.8 17 330 M M 3 13 23 330
================================================================================
SM 2913 2344 0 621 2.28 0.0 252.2 M 59
================================================================================
AV 94.0 75.6 8.1 FASTST M M 2 MAX(MPH)
MISC ----> # 39 50 # 56 40
================================================================================
NOTES:
# LAST OF SEVERAL OCCURRENCES
COLUMN 17 PEAK WIND IN M.P.H.
PRELIMINARY LOCAL CLIMATOLOGICAL DATA (WS FORM: F-6) , PAGE 2
STATION: MCKINNEY
MONTH: JULY
YEAR: 2020
LATITUDE: 33 10 N
LONGITUDE: 96 35 W
[TEMPERATURE DATA] [PRECIPITATION DATA] SYMBOLS USED IN COLUMN 16
AVERAGE MONTHLY: 84.8 TOTAL FOR MONTH: 2.28 1 = FOG OR MIST
DPTR FM NORMAL: 1.5 DPTR FM NORMAL: 0.08 2 = FOG REDUCING VISIBILITY
HIGHEST: 100 ON 13 GRTST 24HR 1.27 ON 28-28 TO 1/4 MILE OR LESS
LOWEST: 70 ON 31,30 3 = THUNDER
SNOW, ICE PELLETS, HAIL 4 = ICE PELLETS
TOTAL MONTH: 0.0 INCH 5 = HAIL
GRTST 24HR 0.0 6 = FREEZING RAIN OR DRIZZLE
GRTST DEPTH: 0 7 = DUSTSTORM OR SANDSTORM:
VSBY 1/2 MILE OR LESS
8 = SMOKE OR HAZE
[NO. OF DAYS WITH] [WEATHER - DAYS WITH] 9 = BLOWING SNOW
X = TORNADO
MAX 32 OR BELOW: 0 0.01 INCH OR MORE: 4
MAX 90 OR ABOVE: 28 0.10 INCH OR MORE: 3
MIN 32 OR BELOW: 0 0.50 INCH OR MORE: 2
MIN 0 OR BELOW: 0 1.00 INCH OR MORE: 1
[HDD (BASE 65) ]
TOTAL THIS MO. 0 CLEAR (SCALE 0-3) 22
DPTR FM NORMAL 0 PTCLDY (SCALE 4-7) 9
TOTAL FM JUL 1 0 CLOUDY (SCALE 8-10) 0
DPTR FM NORMAL 0
[CDD (BASE 65) ]
TOTAL THIS MO. 621
DPTR FM NORMAL 52 [PRESSURE DATA]
TOTAL FM JAN 1 1476 HIGHEST SLP M ON M
DPTR FM NORMAL 156 LOWEST SLP 29.74 ON M
[REMARKS]
#FINAL-07-20#