000
CXUS52 KTAE 010800
CF6TLH
PRELIMINARY LOCAL CLIMATOLOGICAL DATA (WS FORM: F-6)
STATION: TALLAHASSEE
MONTH: SEPTEMBER
YEAR: 2022
LATITUDE: 30 22 N
LONGITUDE: 84 22 W
TEMPERATURE IN F: :PCPN: SNOW: WIND :SUNSHINE: SKY :PK WND
================================================================================
1 2 3 4 5 6A 6B 7 8 9 10 11 12 13 14 15 16 17 18
12Z AVG MX 2MIN
DY MAX MIN AVG DEP HDD CDD WTR SNW DPTH SPD SPD DIR MIN PSBL S-S WX SPD DR
================================================================================
1 90 73 82 1 0 17 0.17 0.0 0 4.4 16 160 M M 4 1 22 170
2 90 74 82 1 0 17 0.06 0.0 0 6.4 15 110 M M 6 13 21 120
3 90 74 82 1 0 17 0.00 0.0 0 5.0 15 90 M M 6 3 18 100
4 91 75 83 2 0 18 0.14 0.0 M 4.5 14 180 M M 6 1 19 150
5 92 75 84 3 0 19 0.35 0.0 0 4.1 16 310 M M 6 123 19 220
6 94 73 84 3 0 19 T 0.0 0 3.2 16 210 M M 4 20 210
7 89 75 82 1 0 17 0.00 0.0 M 4.0 9 280 M M 5 12 260
8 86 73 80 -1 0 15 T M M 3.1 10 130 M M 8 13 160
9 87 73 80 0 0 15 0.11 0.0 0 6.7 15 100 M M 6 1 17 100
10 76 72 74 -6 0 9 0.90 0.0 0 5.8 14 180 M M 8 13 18 190
11 87 72 80 0 0 15 0.52 0.0 0 4.2 31 230 M M 7 13 42 220
12 87 72 80 0 0 15 T 0.0 0 3.3 13 40 M M 6 13 20 70
13 89 71 80 0 0 15 0.00 0.0 0 4.7 12 340 M M 5 15 320
14 89 66 78 -2 0 13 0.00 0.0 0 4.5 12 360 M M 3 16 330
15 89 67 78 -2 0 13 0.00 0.0 0 5.4 15 40 M M 3 22 60
16 90 71 81 2 0 16 T M M 7.1 15 90 M M 6 19 80
17 91 71 81 2 0 16 0.00 M M 6.1 15 80 M M 2 19 110
18 90 70 80 1 0 15 0.00 0.0 0 6.9 18 340 M M 3 24 350
19 92 69 81 2 0 16 0.00 0.0 0 6.0 16 20 M M 2 21 350
20 93 69 81 3 0 16 0.00 0.0 M 3.9 14 350 M M 1 8 17 10
21 95 67 81 3 0 16 0.00 0.0 0 3.1 15 80 M M 2 22 70
22 96 67 82 4 0 17 0.00 0.0 0 3.3 13 340 M M 0 16 350
23 89 71 80 2 0 15 0.00 0.0 0 7.3 14 90 M M 1 17 80
24 88 66 77 -1 0 12 0.00 0.0 0 5.0 10 360 M M 2 14 100
25 91 62 77 0 0 12 0.00 0.0 0 2.6 12 360 M M 2 1 15 360
26 94 69 82 5 0 17 0.00 0.0 0 4.0 15 340 M M 2 19 320
27 84 64 74 -3 0 9 0.00 0.0 0 6.2 16 360 M M 5 20 360
28 82 61 72 -4 0 7 0.00 0.0 0 12.8 23 30 M M 4 33 20
29 79 62 71 -5 0 6 0.00 0.0 0 13.1 23 360 M M 5 29 360
30 82 59 71 -5 0 6 0.00 0.0 0 7.5 16 330 M M 2 22 360
================================================================================
SM 2662 2083 0 430 2.25 0.0 164.2 M 122
================================================================================
AV 88.7 69.4 5.5 FASTST M M 4 MAX(MPH)
MISC ----> 31 230 42 220
================================================================================
NOTES:
# LAST OF SEVERAL OCCURRENCES
COLUMN 17 PEAK WIND IN M.P.H.
PRELIMINARY LOCAL CLIMATOLOGICAL DATA (WS FORM: F-6) , PAGE 2
STATION: TALLAHASSEE
MONTH: SEPTEMBER
YEAR: 2022
LATITUDE: 30 22 N
LONGITUDE: 84 22 W
[TEMPERATURE DATA] [PRECIPITATION DATA] SYMBOLS USED IN COLUMN 16
AVERAGE MONTHLY: 79.1 TOTAL FOR MONTH: 2.25 1 = FOG OR MIST
DPTR FM NORMAL: 0.0 DPTR FM NORMAL: -2.66 2 = FOG REDUCING VISIBILITY
HIGHEST: 96 ON 22 GRTST 24HR 1.01 ON 9-10 TO 1/4 MILE OR LESS
LOWEST: 59 ON 30 3 = THUNDER
SNOW, ICE PELLETS, HAIL 4 = ICE PELLETS
TOTAL MONTH: 0.0 INCH 5 = HAIL
GRTST 24HR 0.0 6 = FREEZING RAIN OR DRIZZLE
GRTST DEPTH: 0 7 = DUSTSTORM OR SANDSTORM:
VSBY 1/2 MILE OR LESS
8 = SMOKE OR HAZE
[NO. OF DAYS WITH] [WEATHER - DAYS WITH] 9 = BLOWING SNOW
X = TORNADO
MAX 32 OR BELOW: 0 0.01 INCH OR MORE: 7
MAX 90 OR ABOVE: 15 0.10 INCH OR MORE: 6
MIN 32 OR BELOW: 0 0.50 INCH OR MORE: 2
MIN 0 OR BELOW: 0 1.00 INCH OR MORE: 0
[HDD (BASE 65) ]
TOTAL THIS MO. 0 CLEAR (SCALE 0-3) 13
DPTR FM NORMAL 0 PTCLDY (SCALE 4-7) 16
TOTAL FM JUL 1 0 CLOUDY (SCALE 8-10) 1
DPTR FM NORMAL 0
[CDD (BASE 65) ]
TOTAL THIS MO. 430
DPTR FM NORMAL 7 [PRESSURE DATA]
TOTAL FM JAN 1 2671 HIGHEST SLP M ON M
DPTR FM NORMAL 178 LOWEST SLP 29.71 ON 8
[REMARKS]
#FINAL-09-22#