000
CXUS54 KBMX 011010
CF6TOI
PRELIMINARY LOCAL CLIMATOLOGICAL DATA (WS FORM: F-6)
STATION: TROY
MONTH: JULY
YEAR: 2023
LATITUDE: 31 51 N
LONGITUDE: 86 1 W
TEMPERATURE IN F: :PCPN: SNOW: WIND :SUNSHINE: SKY :PK WND
================================================================================
1 2 3 4 5 6A 6B 7 8 9 10 11 12 13 14 15 16 17 18
12Z AVG MX 2MIN
DY MAX MIN AVG DEP HDD CDD WTR SNW DPTH SPD SPD DIR MIN PSBL S-S WX SPD DR
================================================================================
1 99 73 86 6 0 21 0.00 0.0 M 3.2 16 360 M M 1 23 360
2 99 75 87 7 0 22 0.38 0.0 0 3.7 23 120 M M 2 138 40 140
3 95 74 85 5 0 20 0.00 0.0 0 2.2 9 200 M M 2 18 16 230
4 93 76 85 5 0 20 0.04 0.0 0 2.1 15 200 M M 2 138 19 200
5 94 75 85 5 0 20 0.02 0.0 0 2.7 14 340 M M 4 1238 19 300
6 95 73 84 4 0 19 0.00 0.0 0 3.5 12 240 M M 2 18 16 240
7 93 73 83 3 0 18 0.01 0.0 0 4.2 20 330 M M 3 3 24 330
8 95 72 84 4 0 19 0.46 0.0 0 3.5 23 300 M M 2 138 34 330
9 92 72 82 2 0 17 0.67 0.0 0 4.5 14 190 M M 6 1238 22 190
10 91 74 83 2 0 18 0.61 0.0 0 4.9 16 270 M M 5 13 24 260
11 95 72 84 3 0 19 0.00 0.0 0 1.1 9 300 M M 1 18 14 240
12 95 74 85 4 0 20 0.02 0.0 M 3.8 16 260 M M 2 1238 26 240
13 87 73 80 -1 0 15 0.86 0.0 0 3.5 17 220 M M 7 13 26 220
14 94 76 85 4 0 20 0.01 0.0 0 1.6 12 220 M M 6 128 16 200
15 96 76 86 5 0 21 0.00 0.0 0 4.4 14 300 M M 4 123 23 300
16 96 76 86 5 0 21 T 0.0 0 3.2 14 20 M M 3 138 18 20
17 95 74 85 4 0 20 0.00 0.0 0 2.0 12 340 M M 0 18 21 290
18 97 71 84 3 0 19 0.00 0.0 0 1.8 10 320 M M 1 128 14 320
19 98 78 88 7 0 23 T 0.0 0 3.4 13 190 M M 1 18 19 190
20 98 76 87 6 0 22 0.00 0.0 M 3.0 10 300 M M 0 18 15 300
21 99 78 89 8 0 24 0.00 0.0 0 3.7 25 350 M M 2 1238 36 340
22 89 76 83 2 0 18 0.10 0.0 0 4.4 21 350 M M 4 138 30 330
23 93 75 84 3 0 19 0.14 0.0 0 1.7 9 300 M M 5 138 13 300
24 95 70 83 2 0 18 0.00 0.0 0 1.8 12 310 M M 2 18 15 310
25 96 70 83 2 0 18 0.00 0.0 0 1.7 9 350 M M 0 18 13 30
26 98 71 85 4 0 20 0.00 0.0 0 1.7 12 40 M M 0 138 15 120
27 100 72 86 5 0 21 0.00 0.0 0 1.4 9 100 M M 0 18 13 100
28 97 76 87 6 0 22 0.00 0.0 0 1.9 12 120 M M 1 138 15 130
29 99 78 89 8 0 24 0.00 0.0 0 2.7 10 230 M M 1 138 16 220
30 99 73 86 5 0 21 T 0.0 0 4.4 26 30 M M 1 138 36 20
31 97 72 85 4 0 20 0.00 0.0 0 3.2 15 340 M M 3 12 20 340
================================================================================
SM 2959 2294 0 619 3.32 0.0 90.9 M 73
================================================================================
AV 95.5 74.0 2.9 FASTST M M 2 MAX(MPH)
MISC ----> 26 30 40 140
================================================================================
NOTES:
# LAST OF SEVERAL OCCURRENCES
COLUMN 17 PEAK WIND IN M.P.H.
PRELIMINARY LOCAL CLIMATOLOGICAL DATA (WS FORM: F-6) , PAGE 2
STATION: TROY
MONTH: JULY
YEAR: 2023
LATITUDE: 31 51 N
LONGITUDE: 86 1 W
[TEMPERATURE DATA] [PRECIPITATION DATA] SYMBOLS USED IN COLUMN 16
AVERAGE MONTHLY: 84.7 TOTAL FOR MONTH: 3.32 1 = FOG OR MIST
DPTR FM NORMAL: 4.0 DPTR FM NORMAL: -1.92 2 = FOG REDUCING VISIBILITY
HIGHEST: 100 ON 27 GRTST 24HR 1.28 ON 9-10 TO 1/4 MILE OR LESS
LOWEST: 70 ON 25,24 3 = THUNDER
SNOW, ICE PELLETS, HAIL 4 = ICE PELLETS
TOTAL MONTH: 0.0 INCH 5 = HAIL
GRTST 24HR 0.0 6 = FREEZING RAIN OR DRIZZLE
GRTST DEPTH: 0 7 = DUSTSTORM OR SANDSTORM:
VSBY 1/2 MILE OR LESS
8 = SMOKE OR HAZE
[NO. OF DAYS WITH] [WEATHER - DAYS WITH] 9 = BLOWING SNOW
X = TORNADO
MAX 32 OR BELOW: 0 0.01 INCH OR MORE: 12
MAX 90 OR ABOVE: 29 0.10 INCH OR MORE: 7
MIN 32 OR BELOW: 0 0.50 INCH OR MORE: 3
MIN 0 OR BELOW: 0 1.00 INCH OR MORE: 0
[HDD (BASE 65) ]
TOTAL THIS MO. 0 CLEAR (SCALE 0-3) 22
DPTR FM NORMAL 0 PTCLDY (SCALE 4-7) 9
TOTAL FM JUL 1 0 CLOUDY (SCALE 8-10) 0
DPTR FM NORMAL 0
[CDD (BASE 65) ]
TOTAL THIS MO. 619
DPTR FM NORMAL 132 [PRESSURE DATA]
TOTAL FM JAN 1 1661 HIGHEST SLP 30.17 ON 25
DPTR FM NORMAL 457 LOWEST SLP 29.84 ON 10
[REMARKS]
#FINAL-07-23#