000
CXUS51 KCLE 010800
CF6TOL
PRELIMINARY LOCAL CLIMATOLOGICAL DATA (WS FORM: F-6)
STATION: TOLEDO OH
MONTH: JUNE
YEAR: 2023
LATITUDE: 41 35 N
LONGITUDE: 83 48 W
TEMPERATURE IN F: :PCPN: SNOW: WIND :SUNSHINE: SKY :PK WND
================================================================================
1 2 3 4 5 6A 6B 7 8 9 10 11 12 13 14 15 16 17 18
12Z AVG MX 2MIN
DY MAX MIN AVG DEP HDD CDD WTR SNW DPTH SPD SPD DIR MIN PSBL S-S WX SPD DR
================================================================================
1 92 59 76 9 0 11 0.00 0.0 0 5.4 17 70 M M 0 21 110
2 92 58 75 7 0 10 0.00 0.0 0 5.8 17 50 M M 0 23 30
3 89 65 77 9 0 12 0.00 0.0 0 9.8 21 80 M M 0 27 80
4 78 54 66 -2 0 1 0.00 0.0 0 11.4 25 50 M M 1 30 60
5 81 52 67 -2 0 2 0.00 0.0 0 2.5 9 100 M M 1 8 15 70
6 81 54 68 -1 0 3 0.00 0.0 0 6.0 15 20 M M 2 8 20 30
7 78 47 63 -6 2 0 0.00 0.0 0 6.3 17 40 M M 1 8 22 10
8 79 48 64 -6 1 0 0.00 0.0 0 5.8 17 360 M M 2 8 23 350
9 80 52 66 -4 0 1 0.00 0.0 0 4.7 13 20 M M 1 8 17 300
10 88 52 70 0 0 5 0.00 0.0 0 4.7 18 260 M M 1 8 22 250
11 81 59 70 -1 0 5 0.38 0.0 0 6.8 20 40 M M 6 1 27 40
12 67 49 58 -13 7 0 0.00 0.0 0 11.9 22 260 M M 8 1 27 270
13 72 49 61 -10 4 0 0.50 0.0 0 9.3 23 220 M M 7 18 28 220
14 76 53 65 -7 0 0 0.00 0.0 0 6.3 14 310 M M 3 1 18 270
15 83 53 68 -4 0 3 0.00 0.0 0 7.9 26 250 M M 2 138 34 270
16 74 57 66 -6 0 1 0.00 0.0 0 10.2 18 360 M M 7 18 28 350
17 84 54 69 -3 0 4 0.00 0.0 0 4.2 15 300 M M 1 18 21 290
18 85 51 68 -4 0 3 0.00 0.0 0 4.6 16 70 M M 0 18 22 40
19 84 58 71 -2 0 6 0.00 0.0 0 9.0 22 50 M M 0 27 50
20 87 65 76 3 0 11 0.00 0.0 0 11.0 22 40 M M 0 29 60
21 86 66 76 3 0 11 0.00 0.0 0 9.7 22 70 M M 0 1 27 60
22 78 62 70 -4 0 5 0.00 0.0 0 8.7 23 50 M M 5 29 50
23 72 66 69 -5 0 4 0.50 0.0 0 4.2 10 20 M M 10 18 13 30
24 87 65 76 2 0 11 0.00 0.0 0 2.8 9 10 M M 6 128 13 320
25 89 65 77 3 0 12 0.49 0.0 0 6.0 40 270 M M 3 138 53 280
26 78 66 72 -2 0 7 0.41 0.0 0 11.7 26 250 M M 8 138 34 260
27 75 64 70 -4 0 5 T 0.0 0 8.9 15 290 M M 10 18 20 300
28 81 59 70 -5 0 5 0.00 0.0 0 2.5 10 80 M M 10 18 13 100
29 87 57 72 -3 0 7 0.00 0.0 0 4.6 17 240 M M 7 18 22 260
30 88 68 78 3 0 13 0.01 0.0 0 5.3 15 230 M M 4 138 19 220
================================================================================
SM 2452 1727 14 158 2.29 0.0 208.0 M 106
================================================================================
AV 81.7 57.6 6.9 FASTST M M 4 MAX(MPH)
MISC ----> 40 270 53 280
================================================================================
NOTES:
# LAST OF SEVERAL OCCURRENCES
COLUMN 17 PEAK WIND IN M.P.H.
PRELIMINARY LOCAL CLIMATOLOGICAL DATA (WS FORM: F-6) , PAGE 2
STATION: TOLEDO OH
MONTH: JUNE
YEAR: 2023
LATITUDE: 41 35 N
LONGITUDE: 83 48 W
[TEMPERATURE DATA] [PRECIPITATION DATA] SYMBOLS USED IN COLUMN 16
AVERAGE MONTHLY: 69.6 TOTAL FOR MONTH: 2.29 1 = FOG OR MIST
DPTR FM NORMAL: -2.0 DPTR FM NORMAL: -1.16 2 = FOG REDUCING VISIBILITY
HIGHEST: 92 ON 2, 1 GRTST 24HR 0.90 ON 25-26 TO 1/4 MILE OR LESS
LOWEST: 47 ON 7 3 = THUNDER
SNOW, ICE PELLETS, HAIL 4 = ICE PELLETS
TOTAL MONTH: 0.0 INCH 5 = HAIL
GRTST 24HR 0.0 6 = FREEZING RAIN OR DRIZZLE
GRTST DEPTH: 0 7 = DUSTSTORM OR SANDSTORM:
VSBY 1/2 MILE OR LESS
8 = SMOKE OR HAZE
[NO. OF DAYS WITH] [WEATHER - DAYS WITH] 9 = BLOWING SNOW
X = TORNADO
MAX 32 OR BELOW: 0 0.01 INCH OR MORE: 6
MAX 90 OR ABOVE: 2 0.10 INCH OR MORE: 5
MIN 32 OR BELOW: 0 0.50 INCH OR MORE: 2
MIN 0 OR BELOW: 0 1.00 INCH OR MORE: 0
[HDD (BASE 65) ]
TOTAL THIS MO. 14 CLEAR (SCALE 0-3) 16
DPTR FM NORMAL -6 PTCLDY (SCALE 4-7) 11
TOTAL FM JUL 1 5016 CLOUDY (SCALE 8-10) 3
DPTR FM NORMAL -622
[CDD (BASE 65) ]
TOTAL THIS MO. 158
DPTR FM NORMAL -60 [PRESSURE DATA]
TOTAL FM JAN 1 210 HIGHEST SLP 30.14 ON 21
DPTR FM NORMAL -89 LOWEST SLP 29.49 ON 13
[REMARKS]
#FINAL-06-23#