000
CXUS51 KCLE 010800
CF6TOL
PRELIMINARY LOCAL CLIMATOLOGICAL DATA (WS FORM: F-6)
STATION: TOLEDO OH
MONTH: AUGUST
YEAR: 2022
LATITUDE: 41 35 N
LONGITUDE: 83 48 W
TEMPERATURE IN F: :PCPN: SNOW: WIND :SUNSHINE: SKY :PK WND
================================================================================
1 2 3 4 5 6A 6B 7 8 9 10 11 12 13 14 15 16 17 18
12Z AVG MX 2MIN
DY MAX MIN AVG DEP HDD CDD WTR SNW DPTH SPD SPD DIR MIN PSBL S-S WX SPD DR
================================================================================
1 88 68 78 3 0 13 T 0.0 0 10.3 22 240 M M 5 28 250
2 87 68 78 3 0 13 0.00 0.0 0 5.7 14 270 M M 1 19 260
3 96 67 82 7 0 17 0.27 0.0 0 9.1 47 250 M M 2 138 58 250
4 86 73 80 5 0 15 T 0.0 0 5.6 12 210 M M 4 19 220
5 90 74 82 8 0 17 0.00 0.0 0 2.8 14 50 M M 5 138 17 30
6 91 72 82 8 0 17 0.00 0.0 0 4.9 12 230 M M 2 1 17 230
7 95 75 85 11 0 20 0.02 0.0 0 8.2 18 270 M M 2 24 250
8 91 74 83 9 0 18 1.19 0.0 0 8.1 31 240 M M 7 138 43 230
9 77 66 72 -2 0 7 0.01 0.0 0 4.0 15 360 M M 8 1 18 350
10 84 64 74 0 0 9 0.00 0.0 0 2.8 12 290 M M 3 1 16 310
11 82 62 72 -2 0 7 0.00 0.0 0 7.1 15 360 M M 2 20 340
12 81 54 68 -6 0 3 0.00 0.0 0 3.5 12 320 M M 0 16 30
13 71 56 64 -10 1 0 0.30 0.0 0 1.1 9 30 M M 5 1 11 40
14 74 61 68 -6 0 3 0.37 0.0 0 5.0 12 90 M M 10 1 14 90
15 85 64 75 1 0 10 0.00 0.0 0 6.1 14 50 M M 7 18 70
16 82 61 72 -2 0 7 0.00 0.0 0 6.9 21 60 M M 1 26 70
17 84 61 73 -1 0 8 0.00 0.0 0 5.1 16 20 M M 1 3 20 20
18 85 58 72 -2 0 7 0.00 0.0 0 3.0 12 260 M M 1 15 250
19 87 60 74 1 0 9 0.00 0.0 0 3.5 10 200 M M 1 14 250
20 85 65 75 2 0 10 0.42 0.0 0 2.4 26 240 M M 5 13 37 230
21 81 67 74 1 0 9 0.51 0.0 0 4.0 20 100 M M 7 13 24 100
22 83 66 75 2 0 10 0.00 0.0 0 6.4 14 300 M M 4 1 18 350
23 84 62 73 0 0 8 0.00 0.0 0 3.2 10 300 M M 2 13 330
24 87 63 75 2 0 10 0.00 0.0 0 2.7 9 230 M M 0 20 20
25 85 63 74 2 0 9 0.00 0.0 0 3.5 12 180 M M 2 1 16 220
26 77 63 70 -2 0 5 T 0.0 0 5.3 15 350 M M 4 18 19 330
27 83 63 73 1 0 8 0.00 0.0 0 3.6 12 40 M M 2 15 50
28 90 61 76 4 0 11 0.00 0.0 0 4.5 13 200 M M 1 1 17 210
29 91 70 81 9 0 16 1.04 0.0 0 10.1 40 270 M M 4 123 58 270
30 82 64 73 1 0 8 0.02 0.0 0 9.9 22 270 M M 3 30 270
31 83 60 72 1 0 7 0.00 0.0 0 9.4 20 270 M M 1 27 260
================================================================================
SM 2627 2005 1 311 4.15 0.0 167.8 M 102
================================================================================
AV 84.7 64.7 5.4 FASTST M M 3 MAX(MPH)
MISC ----> 47 250 # 58 250
================================================================================
NOTES:
# LAST OF SEVERAL OCCURRENCES
COLUMN 17 PEAK WIND IN M.P.H.
PRELIMINARY LOCAL CLIMATOLOGICAL DATA (WS FORM: F-6) , PAGE 2
STATION: TOLEDO OH
MONTH: AUGUST
YEAR: 2022
LATITUDE: 41 35 N
LONGITUDE: 83 48 W
[TEMPERATURE DATA] [PRECIPITATION DATA] SYMBOLS USED IN COLUMN 16
AVERAGE MONTHLY: 74.7 TOTAL FOR MONTH: 4.15 1 = FOG OR MIST
DPTR FM NORMAL: 1.2 DPTR FM NORMAL: 1.00 2 = FOG REDUCING VISIBILITY
HIGHEST: 96 ON 3 GRTST 24HR 1.21 ON 7- 8 TO 1/4 MILE OR LESS
LOWEST: 54 ON 12 3 = THUNDER
SNOW, ICE PELLETS, HAIL 4 = ICE PELLETS
TOTAL MONTH: 0.0 INCH 5 = HAIL
GRTST 24HR 0.0 6 = FREEZING RAIN OR DRIZZLE
GRTST DEPTH: 0 7 = DUSTSTORM OR SANDSTORM:
VSBY 1/2 MILE OR LESS
8 = SMOKE OR HAZE
[NO. OF DAYS WITH] [WEATHER - DAYS WITH] 9 = BLOWING SNOW
X = TORNADO
MAX 32 OR BELOW: 0 0.01 INCH OR MORE: 10
MAX 90 OR ABOVE: 7 0.10 INCH OR MORE: 7
MIN 32 OR BELOW: 0 0.50 INCH OR MORE: 3
MIN 0 OR BELOW: 0 1.00 INCH OR MORE: 2
[HDD (BASE 65) ]
TOTAL THIS MO. 1 CLEAR (SCALE 0-3) 17
DPTR FM NORMAL -3 PTCLDY (SCALE 4-7) 12
TOTAL FM JUL 1 1 CLOUDY (SCALE 8-10) 2
DPTR FM NORMAL 0
[CDD (BASE 65) ]
TOTAL THIS MO. 311
DPTR FM NORMAL 45 [PRESSURE DATA]
TOTAL FM JAN 1 1068 HIGHEST SLP 30.24 ON 12
DPTR FM NORMAL 181 LOWEST SLP 29.77 ON 1
[REMARKS]
#FINAL-08-22#