000
CXUS51 KCLE 011456
CF6TOL
PRELIMINARY LOCAL CLIMATOLOGICAL DATA (WS FORM: F-6)
STATION: TOLEDO OH
MONTH: MAY
YEAR: 2022
LATITUDE: 41 35 N
LONGITUDE: 83 48 W
TEMPERATURE IN F: :PCPN: SNOW: WIND :SUNSHINE: SKY :PK WND
================================================================================
1 2 3 4 5 6A 6B 7 8 9 10 11 12 13 14 15 16 17 18
12Z AVG MX 2MIN
DY MAX MIN AVG DEP HDD CDD WTR SNW DPTH SPD SPD DIR MIN PSBL S-S WX SPD DR
================================================================================
1 71 54 63 6 2 0 0.54 0.0 0 12.5 26 250 M M 9 138 34 250
2 59 50 55 -2 10 0 0.00 0.0 0 7.9 18 250 M M 8 22 270
3 67 51 59 1 6 0 0.95 0.0 0 8.8 18 90 M M 8 138 25 90
4 63 49 56 -2 9 0 0.02 0.0 0 8.1 16 350 M M 10 18 21 10
5 62 42 52 -6 13 0 0.11 0.0 0 5.9 17 60 M M 7 18 21 60
6 57 50 54 -5 11 0 0.28 0.0 0 16.1 28 60 M M 10 1 35 50
7 66 45 56 -3 9 0 0.00 0.0 0 16.1 25 50 M M 3 35 50
8 67 41 54 -5 11 0 0.00 0.0 0 7.1 18 60 M M 0 24 90
9 78 50 64 4 1 0 0.00 0.0 0 6.9 16 150 M M 0 24 150
10 86 53 70 10 0 5 0.00 0.0 0 4.9 16 210 M M 4 21 210
11 88 64 76 16 0 11 0.00 0.0 0 5.3 13 100 M M 3 16 90
12 89 53 71 10 0 6 0.00 0.0 0 4.6 15 70 M M 0 19 90
13 89 56 73 12 0 8 0.00 0.0 0 5.2 15 90 M M 0 8 18 90
14 86 60 73 11 0 8 0.18 0.0 0 4.7 24 320 M M 3 3 29 320
15 87 60 74 12 0 9 0.28 0.0 0 7.4 21 280 M M 2 18 28 240
16 79 56 68 6 0 3 0.47 0.0 0 10.9 28 270 M M 3 36 270
17 73 54 64 2 1 0 0.00 0.0 0 7.6 20 280 M M 1 24 270
18 62 55 59 -4 6 0 0.35 0.0 0 4.2 9 100 M M 9 18 12 100
19 84 59 72 9 0 7 T 0.0 0 9.6 20 240 M M 5 18 25 210
20 89 67 78 14 0 13 0.00 0.0 0 13.0 25 200 M M 3 38 200
21 85 67 76 12 0 11 0.05 0.0 0 7.7 33 290 M M 4 3 51 270
22 70 52 61 -3 4 0 0.00 0.0 0 9.2 17 310 M M 7 23 300
23 63 48 56 -8 9 0 0.00 0.0 0 10.1 20 50 M M 4 25 70
24 71 48 60 -5 5 0 0.00 0.0 0 7.6 15 60 M M 2 18 60
25 82 57 70 5 0 5 0.36 0.0 0 8.2 16 190 M M 5 3 25 170
26 76 65 71 6 0 6 0.19 0.0 0 7.4 18 190 M M 8 8 26 190
27 76 61 69 3 0 4 0.04 0.0 0 7.2 16 250 M M 6 20 250
28 78 60 69 3 0 4 T 0.0 0 4.9 14 260 M M 6 18 17 240
29 84 61 73 7 0 8 0.00 0.0 0 6.3 15 160 M M 1 22 160
30 90 67 79 12 0 14 0.00 0.0 0 9.9 23 230 M M 0 35 220
31 94 71 83 16 0 18 0.00 0.0 0 10.3 23 250 M M 1 31 250
================================================================================
SM 2371 1726 97 140 3.82 0.0 255.6 M 132
================================================================================
AV 76.5 55.7 8.2 FASTST M M 4 MAX(MPH)
MISC ----> 33 290 51 270
================================================================================
NOTES:
# LAST OF SEVERAL OCCURRENCES
COLUMN 17 PEAK WIND IN M.P.H.
PRELIMINARY LOCAL CLIMATOLOGICAL DATA (WS FORM: F-6) , PAGE 2
STATION: TOLEDO OH
MONTH: MAY
YEAR: 2022
LATITUDE: 41 35 N
LONGITUDE: 83 48 W
[TEMPERATURE DATA] [PRECIPITATION DATA] SYMBOLS USED IN COLUMN 16
AVERAGE MONTHLY: 66.1 TOTAL FOR MONTH: 3.82 1 = FOG OR MIST
DPTR FM NORMAL: 4.0 DPTR FM NORMAL: -0.00 2 = FOG REDUCING VISIBILITY
HIGHEST: 94 ON 31 GRTST 24HR 0.97 ON 3- 4 TO 1/4 MILE OR LESS
LOWEST: 41 ON 8 3 = THUNDER
SNOW, ICE PELLETS, HAIL 4 = ICE PELLETS
TOTAL MONTH: 0.0 INCH 5 = HAIL
GRTST 24HR 0.0 6 = FREEZING RAIN OR DRIZZLE
GRTST DEPTH: 0 7 = DUSTSTORM OR SANDSTORM:
VSBY 1/2 MILE OR LESS
8 = SMOKE OR HAZE
[NO. OF DAYS WITH] [WEATHER - DAYS WITH] 9 = BLOWING SNOW
X = TORNADO
MAX 32 OR BELOW: 0 0.01 INCH OR MORE: 13
MAX 90 OR ABOVE: 2 0.10 INCH OR MORE: 10
MIN 32 OR BELOW: 0 0.50 INCH OR MORE: 2
MIN 0 OR BELOW: 0 1.00 INCH OR MORE: 0
[HDD (BASE 65) ]
TOTAL THIS MO. 97 CLEAR (SCALE 0-3) 13
DPTR FM NORMAL -63 PTCLDY (SCALE 4-7) 14
TOTAL FM JUL 1 5315 CLOUDY (SCALE 8-10) 4
DPTR FM NORMAL -307
[CDD (BASE 65) ]
TOTAL THIS MO. 140
DPTR FM NORMAL 70 [PRESSURE DATA]
TOTAL FM JAN 1 155 HIGHEST SLP 30.35 ON 23
DPTR FM NORMAL 74 LOWEST SLP 29.52 ON 20
[REMARKS]
#FINAL-05-22#