000
CXUS51 KCLE 010800
CF6TOL
PRELIMINARY LOCAL CLIMATOLOGICAL DATA (WS FORM: F-6)
STATION: TOLEDO OH
MONTH: MARCH
YEAR: 2022
LATITUDE: 41 35 N
LONGITUDE: 83 48 W
TEMPERATURE IN F: :PCPN: SNOW: WIND :SUNSHINE: SKY :PK WND
================================================================================
1 2 3 4 5 6A 6B 7 8 9 10 11 12 13 14 15 16 17 18
12Z AVG MX 2MIN
DY MAX MIN AVG DEP HDD CDD WTR SNW DPTH SPD SPD DIR MIN PSBL S-S WX SPD DR
================================================================================
1 50 34 42 8 23 0 T 0.0 0 10.2 22 250 M M 4 26 240
2 51 26 39 5 26 0 0.06 0.0 0 7.2 21 340 M M 5 18 29 330
3 37 23 30 -5 35 0 0.00 0.0 0 8.1 24 10 M M 1 8 33 20
4 42 19 31 -4 34 0 0.00 0.0 0 3.6 9 90 M M 0 12 120
5 74 32 53 18 12 0 0.00 0.0 0 10.0 23 200 M M 1 34 210
6 67 38 53 17 12 0 0.19 0.0 0 18.5 39 240 M M 2 3 51 250
7 40 35 38 2 27 0 0.34 T 0 12.3 22 280 M M 9 18 32 270
8 40 30 35 -1 30 0 0.00 0.0 0 6.1 15 260 M M 9 20 230
9 50 31 41 4 24 0 0.00 0.0 0 5.7 18 260 M M 3 28 250
10 45 26 36 -1 29 0 0.00 0.0 0 2.9 12 300 M M 1 16 320
11 34 28 31 -6 34 0 0.05 0.4 T 9.8 21 280 M M 8 8 29 270
12 29 17 23 -15 42 0 T T T 17.2 29 290 M M 6 40 300
13 51 16 34 -4 31 0 T 0.1 T 12.8 31 250 M M 4 36 250
14 65 31 48 10 17 0 0.00 0.0 0 8.7 29 240 M M 1 35 240
15 65 34 50 11 15 0 0.00 0.0 0 6.0 17 240 M M 4 8 20 240
16 73 33 53 14 12 0 0.00 0.0 0 5.0 20 200 M M 2 18 24 200
17 75 37 56 17 9 0 0.00 0.0 0 4.6 16 240 M M 1 23 250
18 56 46 51 11 14 0 0.48 0.0 0 8.3 20 70 M M 7 138 23 60
19 54 40 47 7 18 0 0.41 0.0 0 13.9 25 250 M M 10 128 34 240
20 60 40 50 10 15 0 0.01 0.0 0 9.2 20 250 M M 4 23 260
21 72 35 54 13 11 0 0.00 0.0 0 5.9 20 70 M M 1 27 70
22 47 40 44 3 21 0 0.24 0.0 0 14.8 26 70 M M 6 31 60
23 60 41 51 9 14 0 0.61 0.0 0 11.0 25 240 M M 9 1238 32 230
24 52 43 48 6 17 0 0.01 0.0 0 14.3 26 240 M M 8 33 230
25 50 35 43 1 22 0 0.12 T 0 13.8 30 250 M M 10 1 38 260
26 38 30 34 -9 31 0 0.02 T 0 16.4 25 280 M M 10 18 35 280
27 34 24 29 -14 36 0 0.01 T T 15.0 23 280 M M 9 31 300
28 35 20 28 -16 37 0 0.00 0.0 T 7.3 21 320 M M 4 27 320
29 45 20 33 -11 32 0 0.04 0.0 0 6.3 16 90 M M 4 6 20 100
30 74 34 54 10 11 0 0.07 0.0 0 8.4 20 200 M M 7 3 28 210
31 71 37 54 9 11 0 0.04 0.0 0 19.6 39 240 M M 10 53 230
================================================================================
SM 1636 975 702 0 2.70 0.5 312.9 M 160
================================================================================
AV 52.8 31.5 10.1 FASTST M M 5 MAX(MPH)
MISC ----> # 39 240 53 230
================================================================================
NOTES:
# LAST OF SEVERAL OCCURRENCES
COLUMN 17 PEAK WIND IN M.P.H.
PRELIMINARY LOCAL CLIMATOLOGICAL DATA (WS FORM: F-6) , PAGE 2
STATION: TOLEDO OH
MONTH: MARCH
YEAR: 2022
LATITUDE: 41 35 N
LONGITUDE: 83 48 W
[TEMPERATURE DATA] [PRECIPITATION DATA] SYMBOLS USED IN COLUMN 16
AVERAGE MONTHLY: 42.1 TOTAL FOR MONTH: 2.70 1 = FOG OR MIST
DPTR FM NORMAL: 2.9 DPTR FM NORMAL: 0.09 2 = FOG REDUCING VISIBILITY
HIGHEST: 75 ON 17 GRTST 24HR 0.86 ON 18-19 TO 1/4 MILE OR LESS
LOWEST: 16 ON 13 3 = THUNDER
SNOW, ICE PELLETS, HAIL 4 = ICE PELLETS
TOTAL MONTH: 0.5 INCH 5 = HAIL
GRTST 24HR 0.4 ON 11-11 6 = FREEZING RAIN OR DRIZZLE
GRTST DEPTH: T 7 = DUSTSTORM OR SANDSTORM:
VSBY 1/2 MILE OR LESS
8 = SMOKE OR HAZE
[NO. OF DAYS WITH] [WEATHER - DAYS WITH] 9 = BLOWING SNOW
X = TORNADO
MAX 32 OR BELOW: 1 0.01 INCH OR MORE: 16
MAX 90 OR ABOVE: 0 0.10 INCH OR MORE: 7
MIN 32 OR BELOW: 15 0.50 INCH OR MORE: 1
MIN 0 OR BELOW: 0 1.00 INCH OR MORE: 0
[HDD (BASE 65) ]
TOTAL THIS MO. 702 CLEAR (SCALE 0-3) 9
DPTR FM NORMAL -101 PTCLDY (SCALE 4-7) 14
TOTAL FM JUL 1 4727 CLOUDY (SCALE 8-10) 8
DPTR FM NORMAL -300
[CDD (BASE 65) ]
TOTAL THIS MO. 0
DPTR FM NORMAL -1 [PRESSURE DATA]
TOTAL FM JAN 1 0 HIGHEST SLP 30.53 ON 4
DPTR FM NORMAL -1 LOWEST SLP 29.16 ON 31
[REMARKS]
#FINAL-03-22#