000
CXUS51 KCLE 041836
CLSTOL
CLIMATE REPORT
NATIONAL WEATHER SERVICE CLEVELAND, OH
136 PM EST MON MAR 04 2024
...................................
...THE TOLEDO OH CLIMATE SUMMARY FOR THE SEASON, FROM
12/1/2023 TO 2/29/2024...
CLIMATE NORMAL PERIOD 1991 TO 2020
CLIMATE RECORD PERIOD 1873 TO 2024
WEATHER OBSERVED NORMAL DEPART
VALUE DATE(S) VALUE FROM
NORMAL
................................................
TEMPERATURE (F)
RECORD
HIGH 73 02/27/2024
LOW -20 01/21/1984
HIGHEST 73R 02/27
LOWEST -2 01/15
AVG. MAXIMUM 43.4 37.3 6.1
AVG. MINIMUM 29.6 22.8 6.8
MEAN 36.5 30.1 6.4
DAYS MAX >= 90 0 0.0
DAYS MAX <= 32 10 36.3
DAYS MIN <= 32 50 75.8
DAYS MIN <= 0 2 5.3
PRECIPITATION (INCHES)
RECORD
MAXIMUM 13.35 1950
MINIMUM 2.15 1920
TOTALS 7.00 7.09 -0.09
DAYS >= .01 38 36.6
DAYS >= .10 15 17.2
DAYS >= .50 2 4.2
DAYS >= 1.00 1 0.7
SNOWFALL (INCHES)
RECORDS
TOTAL 73.0 2014
TOTALS 8.6 29.0
DAYS >= TRACE 27
DAYS >= 1.0 3 9.1
DEGREE DAYS
HEATING TOTAL 2575 3143 -568
COOLING TOTAL 0 0 0
................................................
WIND (MPH)
HIGHEST GUST SPEED/DIRECTION 56/230 DATE 01/13
SKY COVER
POSSIBLE SUNSHINE (PERCENT) MM
NUMBER OF DAYS FAIR 20
NUMBER OF DAYS PC 27
NUMBER OF DAYS CLOUDY 44
WEATHER CONDITIONS. NUMBER OF DAYS WITH
THUNDERSTORM 3 MIXED PRECIP 0
HEAVY RAIN 2 RAIN 8
LIGHT RAIN 30 FREEZING RAIN 0
LT FREEZING RAIN 0 HAIL 0
HEAVY SNOW 1 SNOW 1
LIGHT SNOW 26 SLEET 0
FOG 48 FOG W/VIS <= 1/4 MILE 16
HAZE 24
- INDICATES NEGATIVE NUMBERS.
R INDICATES RECORD WAS SET OR TIED.
MM INDICATES DATA IS MISSING.
T INDICATES TRACE AMOUNT.
$$