000
CXUS55 KCYS 040940
CF6TOR
PRELIMINARY LOCAL CLIMATOLOGICAL DATA (WS FORM: F-6)
STATION: TORRINGTON WY AIRPORT
MONTH: MARCH
YEAR: 2020
LATITUDE: 42 3 N
LONGITUDE: 104 9 W
TEMPERATURE IN F: :PCPN: SNOW: WIND :SUNSHINE: SKY :PK WND
================================================================================
1 2 3 4 5 6A 6B 7 8 9 10 11 12 13 14 15 16 17 18
12Z AVG MX 2MIN
DY MAX MIN AVG DEP HDD CDD WTR SNW DPTH SPD SPD DIR MIN PSBL S-S WX SPD DR
================================================================================
1 40 22 31 -3 34 0 T M M 9.6 25 350 M M 6 1 34 360
2 44 15 30 -4 35 0 0.00 M M 14.5 32 270 M M 1 44 270
3 58 22 40 5 25 0 0.00 M M 13.0 38 270 M M 0 53 280
4 62 20 41 6 24 0 0.00 M M 19.0 40 360 M M 0 52 260
5 53 27 40 5 25 0 0.00 M M 8.7 23 340 M M 2 37 350
6 71 23 47 12 18 0 0.00 M M 5.9 17 290 M M 0 8 25 300
7 71 25 48 12 17 0 0.00 M M 5.4 23 270 M M 0 33 280
8 66 29 48 12 17 0 0.01 M M 11.6 29 290 M M 4 8 39 290
9 62 24 43 7 22 0 0.00 M M 7.5 24 280 M M 3 35 280
10 61 36 49 13 16 0 0.00 M M 12.9 36 290 M M 2 50 280
11 64 37 51 14 14 0 0.00 M M 20.5 40 270 M M 0 69 260
12 52 24 38 1 27 0 T M M 9.9 24 330 M M 9 1 40 330
13 36 26 31 -6 34 0 T M M 15.4 29 140 M M 10 12 42 140
14 33 26 30 -7 35 0 T M M 18.2 25 150 M M 10 34 140
15 52 29 41 3 24 0 0.00 M M 12.9 23 140 M M 4 31 150
16 39 31 35 -3 30 0 0.00 M M 7.3 16 20 M M 10 1 20 30
17 58 31 45 7 20 0 0.00 M M 12.7 22 160 M M 5 1 29 180
18 47 27 37 -1 28 0 0.01 M M 5.7 13 100 M M 7 12 16 130
19 39 17 28 -11 37 0 T M M 15.0 35 30 M M 10 1 46 40
20 27 13 20 -19 45 0 T M M 13.0 25 150 M M 6 1 31 160
21 56 18 37 -2 28 0 0.00 M M 6.7 23 170 M M 3 35 200
22 58 27 43 4 22 0 T M M 7.4 29 290 M M 4 40 300
23 63 19 41 1 24 0 T M M 6.6 24 160 M M 3 12 34 160
24 64 36 50 10 15 0 0.00 M M 13.7 31 270 M M 1 43 270
25 61 30 46 6 19 0 0.00 M M 8.7 25 290 M M 2 36 290
26 57 30 44 4 21 0 T M M 7.9 14 120 M M 6 1 19 120
27 41 34 38 -3 27 0 0.22 M M 10.7 22 30 M M 10 1 28 40
28 52 31 42 1 23 0 0.00 M M 13.0 26 320 M M 7 39 330
29 59 26 43 2 22 0 0.00 M M 6.1 21 190 M M 4 27 200
30 63 30 47 5 18 0 0.00 M M 6.4 21 290 M M 4 28 350
31 68 36 52 10 13 0 0.00 M M 14.0 36 270 M M 1 50 260
================================================================================
SM 1677 821 759 0 0.24 M 339.9 M 134
================================================================================
AV 54.1 26.5 11.0 FASTST M M 4 MAX(MPH)
MISC ----> # 40 360 # 69 260
================================================================================
NOTES:
# LAST OF SEVERAL OCCURRENCES
COLUMN 17 PEAK WIND IN M.P.H.
PRELIMINARY LOCAL CLIMATOLOGICAL DATA (WS FORM: F-6) , PAGE 2
STATION: TORRINGTON WY AIRPORT
MONTH: MARCH
YEAR: 2020
LATITUDE: 42 3 N
LONGITUDE: 104 9 W
[TEMPERATURE DATA] [PRECIPITATION DATA] SYMBOLS USED IN COLUMN 16
AVERAGE MONTHLY: 40.3 TOTAL FOR MONTH: 0.24 1 = FOG OR MIST
DPTR FM NORMAL: 2.4 DPTR FM NORMAL: -0.51 2 = FOG REDUCING VISIBILITY
HIGHEST: 71 ON 7, 6 GRTST 24HR 0.22 ON 27-27 TO 1/4 MILE OR LESS
LOWEST: 13 ON 20 3 = THUNDER
SNOW, ICE PELLETS, HAIL 4 = ICE PELLETS
TOTAL MONTH: M 5 = HAIL
GRTST 24HR M ON M 6 = FREEZING RAIN OR DRIZZLE
GRTST DEPTH: M ON M 7 = DUSTSTORM OR SANDSTORM:
VSBY 1/2 MILE OR LESS
8 = SMOKE OR HAZE
[NO. OF DAYS WITH] [WEATHER - DAYS WITH] 9 = BLOWING SNOW
X = TORNADO
MAX 32 OR BELOW: 1 0.01 INCH OR MORE: 3
MAX 90 OR ABOVE: 0 0.10 INCH OR MORE: 1
MIN 32 OR BELOW: 26 0.50 INCH OR MORE: 0
MIN 0 OR BELOW: 0 1.00 INCH OR MORE: 0
[HDD (BASE 65) ]
TOTAL THIS MO. 759 CLEAR (SCALE 0-3) 14
DPTR FM NORMAL -81 PTCLDY (SCALE 4-7) 11
TOTAL FM JUL 1 5517 CLOUDY (SCALE 8-10) 6
DPTR FM NORMAL -167
[CDD (BASE 65) ]
TOTAL THIS MO. 0
DPTR FM NORMAL 0 [PRESSURE DATA]
TOTAL FM JAN 1 0 HIGHEST SLP 30.59 ON 20
DPTR FM NORMAL 0 LOWEST SLP 29.60 ON 26
[REMARKS]
#FINAL-03-20#