000
CXUS55 KLKN 021808
CLSTPH
CLIMATE REPORT
NATIONAL WEATHER SERVICE ELKO, NV
1108 AM PDT SAT SEP 02 2023
...................................
...THE TONOPAH AIRPORT NV CLIMATE SUMMARY FOR THE SEASON, FROM
6/1/2023 TO 8/31/2023...
CLIMATE NORMAL PERIOD 1991 TO 2020
CLIMATE RECORD PERIOD 1954 TO 2023
WEATHER OBSERVED NORMAL DEPART LAST YEAR`S
VALUE DATE(S) VALUE FROM VALUE DATE(S)
NORMAL
................................................................
TEMPERATURE (F)
RECORD
HIGH 105 07/11/2021
LOW 27 06/01/1971
HIGHEST 104 07/16 100 4 101 07/22
LOWEST 43 06/08 39 4 43 06/01
06/14
06/20
AVG. MAXIMUM 87.2 89.4 -2.2 90.3
AVG. MINIMUM 56.4 56.3 0.1 59.4
MEAN 71.7 72.9 -1.2 74.8
DAYS MAX >= 90 45 54.8 -9.8 59
DAYS MAX <= 32 0 0.0 0.0 0
DAYS MIN <= 32 0 0.1 -0.1 0
DAYS MIN <= 0 0 0.0 0.0 0
PRECIPITATION (INCHES)
RECORD
MAXIMUM 4.36 1984
MINIMUM 0.18 1980
TOTALS 3.54 1.12 2.42 2.24
DAILY AVG. T 0.01 -0.01 T
DAYS >= .01 5 8.3 -3.3 11
DAYS >= .10 3 3.1 -0.1 3
DAYS >= .50 2 0.4 1.6 2
DAYS >= 1.00 1 0.0 1.0 1
GREATEST
24 HR. TOTAL 2.55 08/20 TO 08/20 1.09
DEGREE DAYS
HEATING TOTAL 53 48 5 24
SINCE 7/1 9 1 8 MM
COOLING TOTAL 708 773 -65 960
SINCE 1/1 721 804 -83 MM
................................................................
WIND (MPH)
AVERAGE WIND SPEED 9.6
HIGHEST WIND SPEED/DIRECTION 98/131 DATE 08/25
HIGHEST GUST SPEED/DIRECTION 57/310 DATE 06/23
AVERAGE RH (PERCENT) 35
WEATHER CONDITIONS. NUMBER OF DAYS WITH
THUNDERSTORM 13 MIXED PRECIP 0
HEAVY RAIN 2 RAIN 5
LIGHT RAIN 15 FREEZING RAIN 0
LT FREEZING RAIN 0 HAIL 0
HEAVY SNOW 0 SNOW 0
LIGHT SNOW 0 SLEET 0
FOG 3 FOG W/VIS <= 1/4 MILE 0
HAZE 9
- INDICATES NEGATIVE NUMBERS.
R INDICATES RECORD WAS SET OR TIED.
MM INDICATES DATA IS MISSING.
T INDICATES TRACE AMOUNT.
=====================================================================
...COLDER THAN NORMAL METEORLOGICAL SUMMER IN TONOPAH...
...WETTER THAN NORMAL METEORLOGICAL SUMMER IN TONOPAH...
...3RD WETTEST METEORLOGICAL SUMMER ON RECORD FOR TONOPAH...
$$