000
CXUS54 KMRX 011708
CF6TRI
PRELIMINARY LOCAL CLIMATOLOGICAL DATA (WS FORM: F-6)
STATION: TRI-CITIES AIRPORT
MONTH: OCTOBER
YEAR: 2020
LATITUDE: 36 28 N
LONGITUDE: 82 24 W
TEMPERATURE IN F: :PCPN: SNOW: WIND :SUNSHINE: SKY :PK WND
================================================================================
1 2 3 4 5 6A 6B 7 8 9 10 11 12 13 14 15 16 17 18
12Z AVG MX 2MIN
DY MAX MIN AVG DEP HDD CDD WTR SNW DPTH SPD SPD DIR MIN PSBL S-S WX SPD DR
================================================================================
1 71 45 58 -3 7 0 0.00 0.0 0 3.6 16 290 M M 3 12 22 280
2 65 40 53 -8 12 0 0.00 0.0 0 1.4 12 350 M M 4 12 16 350
3 69 38 54 -6 11 0 0.00 0.0 0 1.0 12 270 M M 2 15 280
4 70 41 56 -4 9 0 0.00 0.0 0 2.7 14 230 M M 2 1 18 210
5 68 45 57 -3 8 0 0.00 0.0 0 1.1 8 310 M M 3 1 13 310
6 74 41 58 -1 7 0 0.00 0.0 0 2.3 14 250 M M 1 1 26 240
7 77 46 62 3 3 0 0.00 0.0 0 3.5 15 250 M M 2 12 21 240
8 82 48 65 6 0 0 0.00 0.0 0 1.3 8 350 M M 4 1 14 300
9 72 54 63 5 2 0 T 0.0 0 1.4 7 110 M M 9 1 11 140
10 65 60 63 5 2 0 0.86 0.0 0 0.9 8 100 M M 9 1 13 100
11 76 63 70 12 0 5 0.88 0.0 0 3.0 12 110 M M 9 1 19 60
12 74 60 67 10 0 2 0.00 0.0 0 1.8 13 260 M M 8 12 17 270
13 71 45 58 1 7 0 0.01 0.0 0 3.7 14 350 M M 5 1 20 260
14 77 40 59 2 6 0 0.00 0.0 0 0.4 6 350 M M 1 12 7 100
15 77 42 60 4 5 0 0.00 0.0 0 3.2 18 250 M M 3 1 28 250
16 62 39 51 -5 14 0 0.04 0.0 0 4.9 12 320 M M 7 1 19 360
17 62 35 49 -7 16 0 0.00 0.0 0 1.8 8 130 M M 3 12 12 10
18 70 34 52 -4 13 0 0.00 0.0 0 0.8 6 340 M M 1 10 90
19 76 44 60 5 5 0 0.00 0.0 0 0.9 7 240 M M 2 9 240
20 78 46 62 7 3 0 0.00 0.0 0 0.5 6 110 M M 1 18 8 220
21 80 45 63 8 2 0 0.00 0.0 0 0.9 8 310 M M 1 1 10 310
22 82 48 65 11 0 0 0.00 0.0 0 0.6 7 150 M M 2 1 9 150
23 80 49 65 11 0 0 0.00 0.0 0 0.7 9 270 M M 3 13 230
24 75 56 66 12 0 1 0.01 0.0 0 1.6 8 340 M M 7 1 11 290
25 77 57 67 13 0 2 0.00 0.0 0 2.0 8 130 M M 7 1 12 120
26 76 56 66 13 0 1 0.00 0.0 0 2.0 12 320 M M 8 19 320
27 75 56 66 13 0 1 0.00 0.0 0 2.4 12 210 M M 7 1 15 210
28 68 54 61 8 4 0 0.62 0.0 0 0.9 7 80 M M 8 1 10 80
29 78 60 69 17 0 4 1.25 0.0 0 9.6 24 310 M M 8 13 36 290
30 60 39 50 -2 15 0 0.01 0.0 0 8.1 20 260 M M 8 18 34 260
31 62 32 47 -5 18 0 0.00 0.0 0 1.6 14 220 M M 2 17 220
================================================================================
SM 2249 1458 169 16 3.68 0.0 70.6 M 140
================================================================================
AV 72.5 47.0 2.3 FASTST M M 5 MAX(MPH)
MISC ----> 24 310 36 290
================================================================================
NOTES:
# LAST OF SEVERAL OCCURRENCES
COLUMN 17 PEAK WIND IN M.P.H.
PRELIMINARY LOCAL CLIMATOLOGICAL DATA (WS FORM: F-6) , PAGE 2
STATION: TRI-CITIES AIRPORT
MONTH: OCTOBER
YEAR: 2020
LATITUDE: 36 28 N
LONGITUDE: 82 24 W
[TEMPERATURE DATA] [PRECIPITATION DATA] SYMBOLS USED IN COLUMN 16
AVERAGE MONTHLY: 59.8 TOTAL FOR MONTH: 3.68 1 = FOG OR MIST
DPTR FM NORMAL: 3.5 DPTR FM NORMAL: 1.58 2 = FOG REDUCING VISIBILITY
HIGHEST: 82 ON 22, 8 GRTST 24HR 1.87 ON 28-29 TO 1/4 MILE OR LESS
LOWEST: 32 ON 31 3 = THUNDER
SNOW, ICE PELLETS, HAIL 4 = ICE PELLETS
TOTAL MONTH: 0.0 INCH 5 = HAIL
GRTST 24HR 0.0 6 = FREEZING RAIN OR DRIZZLE
GRTST DEPTH: 0 7 = DUSTSTORM OR SANDSTORM:
VSBY 1/2 MILE OR LESS
8 = SMOKE OR HAZE
[NO. OF DAYS WITH] [WEATHER - DAYS WITH] 9 = BLOWING SNOW
X = TORNADO
MAX 32 OR BELOW: 0 0.01 INCH OR MORE: 8
MAX 90 OR ABOVE: 0 0.10 INCH OR MORE: 4
MIN 32 OR BELOW: 1 0.50 INCH OR MORE: 4
MIN 0 OR BELOW: 0 1.00 INCH OR MORE: 1
[HDD (BASE 65) ]
TOTAL THIS MO. 169 CLEAR (SCALE 0-3) 13
DPTR FM NORMAL -113 PTCLDY (SCALE 4-7) 12
TOTAL FM JUL 1 222 CLOUDY (SCALE 8-10) 6
DPTR FM NORMAL -113
[CDD (BASE 65) ]
TOTAL THIS MO. 16
DPTR FM NORMAL 4 [PRESSURE DATA]
TOTAL FM JAN 1 1219 HIGHEST SLP 30.38 ON 17
DPTR FM NORMAL 239 LOWEST SLP 29.34 ON 29
[REMARKS]
#FINAL-10-20#