000
CXUS54 KFWD 010731
CF6TRL
PRELIMINARY LOCAL CLIMATOLOGICAL DATA (WS FORM: F-6)
STATION: TERRELL
MONTH: SEPTEMBER
YEAR: 2022
LATITUDE: 32 42 N
LONGITUDE: 96 16 W
TEMPERATURE IN F: :PCPN: SNOW: WIND :SUNSHINE: SKY :PK WND
================================================================================
1 2 3 4 5 6A 6B 7 8 9 10 11 12 13 14 15 16 17 18
12Z AVG MX 2MIN
DY MAX MIN AVG DEP HDD CDD WTR SNW DPTH SPD SPD DIR MIN PSBL S-S WX SPD DR
================================================================================
1 89 71 80 -2 0 15 2.10 M M 4.7 35 180 M M 3 123 52 180
2 81 73 77 -5 0 12 0.38 M M 2.8 9 190 M M 5 1 12 230
3 95 72 84 2 0 19 T M M 3.4 8 60 M M 1 1 12 50
4 94 69 82 0 0 17 T M M 3.7 22 320 M M 1 3 31 310
5 91 67 79 -2 0 14 0.00 M M 4.0 13 210 M M 0 18 180
6 93 73 83 2 0 18 M M M 5.3 14 170 M M 2 3 19 180
7 93 73 83 2 0 18 T M M 3.5 10 80 M M 1 3 16 40
8 89 72 81 0 0 16 0.00 M M 5.8 14 40 M M 1 21 40
9 88 66 77 -3 0 12 0.00 M M 4.4 12 80 M M 1 16 80
10 89 63 76 -4 0 11 0.00 M M 2.7 10 90 M M 0 15 20
11 85 67 76 -4 0 11 0.00 M M 7.1 16 10 M M 0 23 10
12 85 61 73 -6 0 8 0.00 M M 2.5 8 70 M M 0 12 70
13 88 61 75 -4 0 10 0.00 M M 4.9 13 150 M M 0 18 140
14 88 61 75 -4 0 10 0.00 M M 5.2 14 150 M M 0 21 100
15 87 60 74 -4 0 9 0.00 M M 5.3 13 120 M M 0 17 140
16 90 66 78 0 0 13 0.00 M M 6.9 16 170 M M 1 21 170
17 92 73 83 5 0 18 0.00 M M 7.6 15 170 M M 3 22 150
18 93 72 83 5 0 18 0.00 M M 6.2 15 210 M M 0 20 190
19 93 72 83 6 0 18 0.00 M M 4.6 13 180 M M 0 17 170
20 94 72 83 6 0 18 0.00 M M 5.3 12 150 M M 0 19 160
21 95 70 83 6 0 18 T M M 3.0 13 180 M M 0 8 17 180
22 97 68 83 7 0 18 T M M 2.1 8 60 M M 0 8 13 260
23 94 70 82 6 0 17 0.00 M M 6.4 12 170 M M 0 8 16 180
24 94 72 83 7 0 18 0.00 M M 5.0 14 170 M M 0 18 170
25 96 69 83 8 0 18 T M M 4.4 22 60 M M 1 3 32 50
26 87 59 73 -2 0 8 0.00 M M 7.0 17 40 M M 0 23 40
27 88 55 72 -3 0 7 0.00 M M 3.8 12 70 M M 0 16 80
28 88 58 73 -1 0 8 0.00 M M 4.8 12 210 M M 1 17 180
29 81 60 71 -3 0 6 0.00 M M 7.1 17 120 M M 0 22 120
30 81 52 67 -7 0 2 0.00 M M 5.0 13 70 M M 0 17 40
================================================================================
SM 2698 1997 0 405 2.48 M 144.5 M 21
================================================================================
AV 89.9 66.6 4.8 FASTST M M 1 MAX(MPH)
MISC ----> 35 180 52 180
================================================================================
NOTES:
# LAST OF SEVERAL OCCURRENCES
COLUMN 17 PEAK WIND IN M.P.H.
PRELIMINARY LOCAL CLIMATOLOGICAL DATA (WS FORM: F-6) , PAGE 2
STATION: TERRELL
MONTH: SEPTEMBER
YEAR: 2022
LATITUDE: 32 42 N
LONGITUDE: 96 16 W
[TEMPERATURE DATA] [PRECIPITATION DATA] SYMBOLS USED IN COLUMN 16
AVERAGE MONTHLY: 78.3 TOTAL FOR MONTH: 2.48 1 = FOG OR MIST
DPTR FM NORMAL: 0.1 DPTR FM NORMAL: -0.26 2 = FOG REDUCING VISIBILITY
HIGHEST: 97 ON 22 GRTST 24HR 2.48 ON 1- 2 TO 1/4 MILE OR LESS
LOWEST: 52 ON 30 3 = THUNDER
SNOW, ICE PELLETS, HAIL 4 = ICE PELLETS
TOTAL MONTH: M 5 = HAIL
GRTST 24HR M ON M 6 = FREEZING RAIN OR DRIZZLE
GRTST DEPTH: M ON M 7 = DUSTSTORM OR SANDSTORM:
VSBY 1/2 MILE OR LESS
8 = SMOKE OR HAZE
[NO. OF DAYS WITH] [WEATHER - DAYS WITH] 9 = BLOWING SNOW
X = TORNADO
MAX 32 OR BELOW: 0 0.01 INCH OR MORE: 2
MAX 90 OR ABOVE: 15 0.10 INCH OR MORE: 2
MIN 32 OR BELOW: 0 0.50 INCH OR MORE: 1
MIN 0 OR BELOW: 0 1.00 INCH OR MORE: 1
[HDD (BASE 65) ]
TOTAL THIS MO. 0 CLEAR (SCALE 0-3) 28
DPTR FM NORMAL -2 PTCLDY (SCALE 4-7) 2
TOTAL FM JUL 1 0 CLOUDY (SCALE 8-10) 0
DPTR FM NORMAL 0
[CDD (BASE 65) ]
TOTAL THIS MO. 405
DPTR FM NORMAL 5 [PRESSURE DATA]
TOTAL FM JAN 1 2942 HIGHEST SLP M ON M
DPTR FM NORMAL 387 LOWEST SLP 29.76 ON 8
[REMARKS]
#FINAL-09-22#