000
CXUS51 KPHI 190815
CF6TTN
PRELIMINARY LOCAL CLIMATOLOGICAL DATA (WS FORM: F-6)
STATION: TRENTON NJ
MONTH: APRIL
YEAR: 2024
LATITUDE: 40 16 N
LONGITUDE: 74 49 W
TEMPERATURE IN F: :PCPN: SNOW: WIND :SUNSHINE: SKY :PK WND
================================================================================
1 2 3 4 5 6A 6B 7 8 9 10 11 12 13 14 15 16 17 18
12Z AVG MX 2MIN
DY MAX MIN AVG DEP HDD CDD WTR SNW DPTH SPD SPD DIR MIN PSBL S-S WX SPD DR
================================================================================
1 50 43 47 0 18 0 0.34 0.0 0 3.8 12 350 M M 9 1 16 360
2 47 43 45 -3 20 0 0.90 0.0 0 10.0 20 80 M M 9 1 30 90
3 43 40 42 -6 23 0 1.64 0.0 0 18.7 35 60 M M 10 13 49 90
4 54 37 46 -2 19 0 0.24 T 0 7.3 18 20 M M 9 15 28 30
5 49 38 44 -5 21 0 T 0.0 0 9.0 22 300 M M 6 30 320
6 53 38 46 -3 19 0 T 0.0 0 12.1 28 340 M M 7 39 10
7 61 38 50 1 15 0 0.00 0.0 0 7.4 18 350 M M 4 27 350
8 64 31 48 -2 17 0 T 0.0 0 1.9 9 270 M M 3 15 250
9 78 41 60 10 5 0 0.00 0.0 0 3.4 17 160 M M 1 24 160
10 67 50 59 8 6 0 0.00 0.0 0 4.6 12 50 M M 4 17 50
11 70 50 60 9 5 0 0.18 0.0 0 11.4 24 160 M M 8 18 36 160
12 64 54 59 8 6 0 0.75 0.0 0 13.8 30 160 M M 8 13 44 140
13 58 45 52 0 13 0 0.01 0.0 0 13.6 26 270 M M 6 46 300
14 73 43 58 6 7 0 0.06 0.0 0 10.8 28 200 M M 1 18 40 210
15 80 54 67 15 0 2 0.00 0.0 0 6.0 17 10 M M 2 30 10
16 71 47 59 6 6 0 0.00 0.0 0 6.5 17 330 M M 0 26 330
17 63 45 54 1 11 0 0.01 0.0 0 5.9 16 100 M M 7 22 110
18 51 43 47 -7 18 0 0.00 0.0 0 10.7 18 60 M M 10 1 28 50
================================================================================
SM 1096 780 229 2 4.13 T 156.9 M 104
================================================================================
AV 60.9 43.3 8.7 FASTST M M 6 MAX(MPH)
MISC ----> 35 60 49 90
================================================================================
NOTES:
# LAST OF SEVERAL OCCURRENCES
COLUMN 17 PEAK WIND IN M.P.H.
PRELIMINARY LOCAL CLIMATOLOGICAL DATA (WS FORM: F-6) , PAGE 2
STATION: TRENTON NJ
MONTH: APRIL
YEAR: 2024
LATITUDE: 40 16 N
LONGITUDE: 74 49 W
[TEMPERATURE DATA] [PRECIPITATION DATA] SYMBOLS USED IN COLUMN 16
AVERAGE MONTHLY: 52.1 TOTAL FOR MONTH: 4.13 1 = FOG OR MIST
DPTR FM NORMAL: 1.7 DPTR FM NORMAL: 1.97 2 = FOG REDUCING VISIBILITY
HIGHEST: 80 ON 15 GRTST 24HR 1.76 ON 3- 4 TO 1/4 MILE OR LESS
LOWEST: 31 ON 8 3 = THUNDER
SNOW, ICE PELLETS, HAIL 4 = ICE PELLETS
TOTAL MONTH: T 5 = HAIL
GRTST 24HR T ON 4- 4 6 = FREEZING RAIN OR DRIZZLE
GRTST DEPTH: 0 7 = DUSTSTORM OR SANDSTORM:
VSBY 1/2 MILE OR LESS
8 = SMOKE OR HAZE
[NO. OF DAYS WITH] [WEATHER - DAYS WITH] 9 = BLOWING SNOW
X = TORNADO
MAX 32 OR BELOW: 0 0.01 INCH OR MORE: 9
MAX 90 OR ABOVE: 0 0.10 INCH OR MORE: 6
MIN 32 OR BELOW: 1 0.50 INCH OR MORE: 3
MIN 0 OR BELOW: 0 1.00 INCH OR MORE: 1
[HDD (BASE 65) ]
TOTAL THIS MO. 229 CLEAR (SCALE 0-3) 5
DPTR FM NORMAL -39 PTCLDY (SCALE 4-7) 7
TOTAL FM JUL 1 4261 CLOUDY (SCALE 8-10) 6
DPTR FM NORMAL -428
[CDD (BASE 65) ]
TOTAL THIS MO. 2
DPTR FM NORMAL 2 [PRESSURE DATA]
TOTAL FM JAN 1 2 HIGHEST SLP M ON M
DPTR FM NORMAL 1 LOWEST SLP 29.24 ON 4
[REMARKS]