000
CXUS55 KBOI 011002
CF6TWF
PRELIMINARY LOCAL CLIMATOLOGICAL DATA (WS FORM: F-6)
STATION: TWIN FALLS ID
MONTH: AUGUST
YEAR: 2022
LATITUDE: 42 28 N
LONGITUDE: 114 29 W
TEMPERATURE IN F: :PCPN: SNOW: WIND :SUNSHINE: SKY :PK WND
================================================================================
1 2 3 4 5 6A 6B 7 8 9 10 11 12 13 14 15 16 17 18
12Z AVG MX 2MIN
DY MAX MIN AVG DEP HDD CDD WTR SNW DPTH SPD SPD DIR MIN PSBL S-S WX SPD DR
================================================================================
1 96 66 81 7 0 16 0.01 M M 10.2 38 120 M M 1 38 52 140
2 88 68 78 4 0 13 T M M 14.7 25 290 M M 3 34 300
3 93 66 80 6 0 15 0.00 M M 9.2 17 210 M M 0 24 210
4 94 67 81 7 0 16 T M M 9.2 25 220 M M 1 42 230
5 79 64 72 -2 0 7 0.13 M M 5.7 16 260 M M 8 22 270
6 82 63 73 -1 0 8 0.02 M M 9.6 21 210 M M 3 30 210
7 90 58 74 0 0 9 0.00 M M 7.9 16 210 M M 0 25 210
8 96 56 76 3 0 11 0.00 M M 6.8 14 210 M M 0 20 200
9 99 62 81 8 0 16 0.00 M M 9.2 23 250 M M 0 31 250
10 82 66 74 1 0 9 T M M 7.2 16 270 M M 3 23 270
11 92 59 76 3 0 11 0.00 M M 7.4 20 190 M M 0 28 180
12 96 67 82 10 0 17 T M M 9.2 20 180 M M 1 3 30 180
13 94 67 81 9 0 16 0.00 M M 10.6 24 190 M M 0 36 180
14 91 59 75 3 0 10 0.00 M M 7.5 18 190 M M 0 26 190
15 93 62 78 6 0 13 0.00 M M 8.3 17 220 M M 0 8 25 220
16 98 63 81 9 0 16 0.00 M M 7.9 15 200 M M 0 20 220
17 99 61 80 9 0 15 0.00 M M 7.1 15 200 M M 0 20 220
18 93 60 77 6 0 12 0.00 M M 9.4 21 310 M M 0 25 200
19 84 66 75 4 0 10 0.01 M M 10.3 25 180 M M 3 37 190
20 87 64 76 6 0 11 0.00 0.0 0 7.3 16 100 M M 2 22 90
21 93 60 77 7 0 12 0.00 0.0 0 6.9 14 210 M M 0 20 210
22 95 58 77 7 0 12 0.00 0.0 0 7.4 25 200 M M 0 40 190
23 95 53 74 4 0 9 0.00 M M 6.9 14 170 M M 0 15 60
24 90 61 76 7 0 11 0.00 M M 9.3 29 190 M M 0 45 200
25 92 57 75 6 0 10 0.00 M M 8.6 25 190 M M 0 38 180
26 91 63 77 8 0 12 0.00 M M 9.2 15 320 M M 0 20 210
27 86 62 74 6 0 9 0.00 M M 12.8 21 280 M M 0 27 280
28 83 56 70 2 0 5 0.00 M M 12.7 20 270 M M 0 25 260
29 88 56 72 4 0 7 0.00 M M 8.1 16 210 M M 0 22 210
30 95 53 74 6 0 9 0.00 M M 7.3 14 180 M M 0 18 200
31 101 58 80 13 0 15 0.00 M M 8.7 18 210 M M 0 25 200
================================================================================
SM 2835 1901 0 362 0.17 0.0 272.6 M 25
================================================================================
AV 91.5 61.3 8.8 FASTST M M 1 MAX(MPH)
MISC ----> 38 120 52 140
================================================================================
NOTES:
# LAST OF SEVERAL OCCURRENCES
COLUMN 17 PEAK WIND IN M.P.H.
PRELIMINARY LOCAL CLIMATOLOGICAL DATA (WS FORM: F-6) , PAGE 2
STATION: TWIN FALLS ID
MONTH: AUGUST
YEAR: 2022
LATITUDE: 42 28 N
LONGITUDE: 114 29 W
[TEMPERATURE DATA] [PRECIPITATION DATA] SYMBOLS USED IN COLUMN 16
AVERAGE MONTHLY: 76.4 TOTAL FOR MONTH: 0.17 1 = FOG OR MIST
DPTR FM NORMAL: 5.1 DPTR FM NORMAL: -0.26 2 = FOG REDUCING VISIBILITY
HIGHEST: 101 ON 31 GRTST 24HR 0.15 ON 5- 6 TO 1/4 MILE OR LESS
LOWEST: 53 ON 23,30 3 = THUNDER
SNOW, ICE PELLETS, HAIL 4 = ICE PELLETS
TOTAL MONTH: 0.0 INCH 5 = HAIL
GRTST 24HR 0.0 6 = FREEZING RAIN OR DRIZZLE
GRTST DEPTH: 0 7 = DUSTSTORM OR SANDSTORM:
VSBY 1/2 MILE OR LESS
8 = SMOKE OR HAZE
[NO. OF DAYS WITH] [WEATHER - DAYS WITH] 9 = BLOWING SNOW
X = TORNADO
MAX 32 OR BELOW: 0 0.01 INCH OR MORE: 4
MAX 90 OR ABOVE: 22 0.10 INCH OR MORE: 1
MIN 32 OR BELOW: 0 0.50 INCH OR MORE: 0
MIN 0 OR BELOW: 0 1.00 INCH OR MORE: 0
[HDD (BASE 65) ]
TOTAL THIS MO. 0 CLEAR (SCALE 0-3) 29
DPTR FM NORMAL -17 PTCLDY (SCALE 4-7) 1
TOTAL FM JUL 1 0 CLOUDY (SCALE 8-10) 1
DPTR FM NORMAL -23
[CDD (BASE 65) ]
TOTAL THIS MO. 362
DPTR FM NORMAL 150 [PRESSURE DATA]
TOTAL FM JAN 1 885 HIGHEST SLP 30.11 ON 7
DPTR FM NORMAL 325 LOWEST SLP 29.66 ON 27
[REMARKS]
#FINAL-08-22#