614
CXUS55 KBOI 011002
CF6TWF
PRELIMINARY LOCAL CLIMATOLOGICAL DATA (WS FORM: F-6)
STATION: TWIN FALLS ID
MONTH: AUGUST
YEAR: 2020
LATITUDE: 42 28 N
LONGITUDE: 114 29 W
TEMPERATURE IN F: :PCPN: SNOW: WIND :SUNSHINE: SKY :PK WND
================================================================================
1 2 3 4 5 6A 6B 7 8 9 10 11 12 13 14 15 16 17 18
12Z AVG MX 2MIN
DY MAX MIN AVG DEP HDD CDD WTR SNW DPTH SPD SPD DIR MIN PSBL S-S WX SPD DR
================================================================================
1 97 58 78 3 0 13 0.00 M M 7.7 16 210 M M 0 22 20
2 97 63 80 5 0 15 0.00 M M 7.8 20 240 M M 0 26 240
3 91 65 78 3 0 13 0.00 M M 14.5 23 300 M M 0 29 290
4 90 61 76 2 0 11 0.00 M M 10.3 18 300 M M 0 23 280
5 95 59 77 3 0 12 0.01 M M 7.2 18 210 M M 0 3 27 220
6 91 64 78 4 0 13 0.00 M M 10.5 18 280 M M 0 22 270
7 79 57 68 -6 0 3 0.00 M M 12.7 21 240 M M 0 30 250
8 86 54 70 -4 0 5 0.00 M M 9.3 15 220 M M 0 19 220
9 87 56 72 -2 0 7 0.00 M M 12.3 18 230 M M 0 24 230
10 85 57 71 -3 0 6 0.00 M M 9.9 20 230 M M 0 24 230
11 91 60 76 3 0 11 0.00 M M 9.6 30 160 M M 0 34 160
12 87 63 75 2 0 10 0.00 M M 10.0 18 290 M M 0 25 280
13 86 57 72 -1 0 7 0.00 M M 9.4 16 340 M M 0 18 330
14 85 58 72 -1 0 7 0.00 M M 11.4 17 280 M M 0 21 220
15 92 58 75 3 0 10 0.00 M M 9.1 15 210 M M 0 8 21 200
16 97 58 78 6 0 13 0.00 M M 9.9 20 300 M M 0 28 300
17 97 66 82 10 0 17 0.00 M M 9.4 21 230 M M 0 27 230
18 95 71 83 11 0 18 0.00 M M 9.3 22 240 M M 0 27 210
19 97 61 79 7 0 14 T M M 7.1 21 270 M M 1 8 29 260
20 85 62 74 3 0 9 0.00 M M 8.1 15 320 M M 7 8 20 280
21 91 57 74 3 0 9 0.00 M M 8.3 15 200 M M 7 8 19 210
22 84 59 72 1 0 7 0.00 M M 8.5 15 230 M M 9 8 19 230
23 91 54 73 3 0 8 0.00 M M 7.1 17 220 M M 6 8 21 220
24 91 65 78 8 0 13 0.00 M M 6.8 21 320 M M 0 8 24 320
25 90 57 74 4 0 9 0.09 M M 9.2 28 320 M M 1 38 34 330
26 91 57 74 4 0 9 T M M 8.4 18 300 M M 1 1 23 290
27 81 56 69 0 0 4 T M M 8.0 16 230 M M 1 3 22 220
28 87 53 70 1 0 5 0.01 M M 8.4 23 290 M M 0 3 38 280
29 89 58 74 5 0 9 T M M 9.4 20 220 M M 0 25 210
30 75 51 63 -5 2 0 0.00 M M 18.1 29 290 M M 0 36 300
31 69 49 59 -9 6 0 T M M 15.7 28 280 M M 3 34 280
================================================================================
SM 2749 1824 8 287 0.11 M 303.4 M 36
================================================================================
AV 88.7 58.8 9.8 FASTST M M 1 MAX(MPH)
MISC ----> 30 160 38 280
================================================================================
NOTES:
# LAST OF SEVERAL OCCURRENCES
COLUMN 17 PEAK WIND IN M.P.H.
PRELIMINARY LOCAL CLIMATOLOGICAL DATA (WS FORM: F-6) , PAGE 2
STATION: TWIN FALLS ID
MONTH: AUGUST
YEAR: 2020
LATITUDE: 42 28 N
LONGITUDE: 114 29 W
[TEMPERATURE DATA] [PRECIPITATION DATA] SYMBOLS USED IN COLUMN 16
AVERAGE MONTHLY: 73.8 TOTAL FOR MONTH: 0.11 1 = FOG OR MIST
DPTR FM NORMAL: 1.8 DPTR FM NORMAL: -0.21 2 = FOG REDUCING VISIBILITY
HIGHEST: 97 ON 19,17 GRTST 24HR 0.09 ON 25-25 TO 1/4 MILE OR LESS
LOWEST: 49 ON 31 3 = THUNDER
SNOW, ICE PELLETS, HAIL 4 = ICE PELLETS
TOTAL MONTH: M 5 = HAIL
GRTST 24HR M ON M 6 = FREEZING RAIN OR DRIZZLE
GRTST DEPTH: M ON M 7 = DUSTSTORM OR SANDSTORM:
VSBY 1/2 MILE OR LESS
8 = SMOKE OR HAZE
[NO. OF DAYS WITH] [WEATHER - DAYS WITH] 9 = BLOWING SNOW
X = TORNADO
MAX 32 OR BELOW: 0 0.01 INCH OR MORE: 3
MAX 90 OR ABOVE: 17 0.10 INCH OR MORE: 0
MIN 32 OR BELOW: 0 0.50 INCH OR MORE: 0
MIN 0 OR BELOW: 0 1.00 INCH OR MORE: 0
[HDD (BASE 65) ]
TOTAL THIS MO. 8 CLEAR (SCALE 0-3) 27
DPTR FM NORMAL -7 PTCLDY (SCALE 4-7) 3
TOTAL FM JUL 1 13 CLOUDY (SCALE 8-10) 1
DPTR FM NORMAL -4
[CDD (BASE 65) ]
TOTAL THIS MO. 287
DPTR FM NORMAL 56 [PRESSURE DATA]
TOTAL FM JAN 1 660 HIGHEST SLP 30.11 ON 17
DPTR FM NORMAL 43 LOWEST SLP 29.57 ON 5
[REMARKS]
#FINAL-08-20#