000
CXUS56 KPQR 011301
CF6UAO
PRELIMINARY LOCAL CLIMATOLOGICAL DATA (WS FORM: F-6)
STATION: AURORA STATE OR
MONTH: DECEMBER
YEAR: 2022
LATITUDE: 45 15 N
LONGITUDE: 122 46 W
TEMPERATURE IN F: :PCPN: SNOW: WIND :SUNSHINE: SKY :PK WND
================================================================================
1 2 3 4 5 6A 6B 7 8 9 10 11 12 13 14 15 16 17 18
12Z AVG MX 2MIN
DY MAX MIN AVG DEP HDD CDD WTR SNW DPTH SPD SPD DIR MIN PSBL S-S WX SPD DR
================================================================================
1 41 31 36 -7 29 0 0.04 M M 7.1 17 190 M M 7 1 22 190
2 48 31 40 -3 25 0 0.00 M M 3.6 17 170 M M 9 22 180
3 48 37 43 0 22 0 0.00 M M 12.1 20 50 M M 2 26 40
4 42 33 38 -5 27 0 0.09 M M 7.2 21 50 M M 8 18 27 40
5 42 30 36 -7 29 0 0.00 M M 2.7 9 170 M M 8 12 11 170
6 42 35 39 -3 26 0 0.00 M M 0.5 7 180 M M 10 18 7 180
7 39 35 37 -5 28 0 T M M 3.0 9 180 M M 10 1 11 180
8 44 38 41 -1 24 0 0.63 M M 5.0 15 190 M M 10 1 19 220
9 52 39 46 4 19 0 0.32 M M 9.8 26 190 M M 10 1 35 190
10 51 40 46 4 19 0 0.30 M M 5.6 23 180 M M 9 1 31 180
11 44 40 42 0 23 0 0.02 M M 1.7 7 250 M M 10 1 9 240
12 47 37 42 0 23 0 0.00 M M 0.1 5 40 M M 9 1 6 80
13 43 35 39 -3 26 0 0.00 M M 2.1 8 360 M M 9 18 10 320
14 45 32 39 -3 26 0 0.00 M M 3.3 13 20 M M 5 1 15 20
15 47 31 39 -3 26 0 0.00 M M 10.5 18 10 M M 0 22 10
16 44 26 35 -6 30 0 0.00 M M 9.8 18 10 M M 0 23 360
17 42 23 33 -8 32 0 0.00 M M 1.5 8 180 M M 3 18 10 180
18 43 35 39 -2 26 0 0.05 M M 8.1 18 180 M M 9 18 24 180
19 42 36 39 -2 26 0 0.01 M M 3.0 8 50 M M 8 1 9 30
20 48 37 43 2 22 0 0.31 M M 8.4 22 190 M M 10 1 31 200
21 42 25 34 -7 31 0 0.00 M M 7.6 20 20 M M 5 24 20
22 27 22 25 -16 40 0 0.05 M M 15.3 22 20 M M 8 16 29 40
23 30 22 26 -15 39 0 0.16 M M 4.5 15 30 M M 10 16 18 20
24 46 30 38 -3 27 0 0.52 M M 1.1 18 120 M M 10 12 22 160
25 50 39 45 4 20 0 0.19 M M 2.5 9 10 M M 9 12 11 10
26 59 46 53 12 12 0 1.34 M M 6.1 23 190 M M 10 1 32 190
27 57 44 51 10 14 0 M M M 12.3 39 180 M M 9 1 53 190
28 49 42 46 5 19 0 0.01 M M 7.8 18 180 M M 8 1 23 180
29 52 41 47 6 18 0 0.23 M M 3.3 10 190 M M 9 1 M M
30 54 44 49 8 16 0 0.34 M M 8.9 17 180 M M 9 1 24 190
31 49 42 46 5 19 0 0.09 M M 4.1 14 180 M M 10 1 16 180
================================================================================
SM 1409 1078 763 0 4.70 M 178.6 M 243
================================================================================
AV 45.5 34.8 5.8 FASTST M M 8 MAX(MPH)
MISC ----> 39 180 53 190
================================================================================
NOTES:
# LAST OF SEVERAL OCCURRENCES
COLUMN 17 PEAK WIND IN M.P.H.
PRELIMINARY LOCAL CLIMATOLOGICAL DATA (WS FORM: F-6) , PAGE 2
STATION: AURORA STATE OR
MONTH: DECEMBER
YEAR: 2022
LATITUDE: 45 15 N
LONGITUDE: 122 46 W
[TEMPERATURE DATA] [PRECIPITATION DATA] SYMBOLS USED IN COLUMN 16
AVERAGE MONTHLY: 40.1 TOTAL FOR MONTH: 4.70 1 = FOG OR MIST
DPTR FM NORMAL: -1.7 DPTR FM NORMAL: -1.53 2 = FOG REDUCING VISIBILITY
HIGHEST: 59 ON 26 GRTST 24HR 1.34 ON 26-26 TO 1/4 MILE OR LESS
LOWEST: 22 ON 23,22 3 = THUNDER
SNOW, ICE PELLETS, HAIL 4 = ICE PELLETS
TOTAL MONTH: M 5 = HAIL
GRTST 24HR M ON M 6 = FREEZING RAIN OR DRIZZLE
GRTST DEPTH: M ON M 7 = DUSTSTORM OR SANDSTORM:
VSBY 1/2 MILE OR LESS
8 = SMOKE OR HAZE
[NO. OF DAYS WITH] [WEATHER - DAYS WITH] 9 = BLOWING SNOW
X = TORNADO
MAX 32 OR BELOW: 2 0.01 INCH OR MORE: 18
MAX 90 OR ABOVE: 0 0.10 INCH OR MORE: 10
MIN 32 OR BELOW: 11 0.50 INCH OR MORE: 3
MIN 0 OR BELOW: 0 1.00 INCH OR MORE: 1
[HDD (BASE 65) ]
TOTAL THIS MO. 763 CLEAR (SCALE 0-3) 4
DPTR FM NORMAL 42 PTCLDY (SCALE 4-7) 7
TOTAL FM JUL 1 1655 CLOUDY (SCALE 8-10) 20
DPTR FM NORMAL -31
[CDD (BASE 65) ]
TOTAL THIS MO. 0
DPTR FM NORMAL 0 [PRESSURE DATA]
TOTAL FM JAN 1 634 HIGHEST SLP 30.45 ON 15
DPTR FM NORMAL 178 LOWEST SLP 28.98 ON 27
[REMARKS]
#FINAL-12-22#