000
CXUS56 KSEW 012042
CLMUIL
CLIMATE REPORT
NATIONAL WEATHER SERVICE SEATTLE
142 PM PDT WED NOV 01 2023
...................................
...THE QUILLAYUTE WA AIRPORT CLIMATE SUMMARY FOR THE MONTH OF OCTOBER 2023...
CLIMATE NORMAL PERIOD 1991 TO 2020
CLIMATE RECORD PERIOD 1966 TO 2023
WEATHER OBSERVED NORMAL DEPART LAST YEAR`S
VALUE DATE(S) VALUE FROM VALUE DATE(S)
NORMAL
................................................................
TEMPERATURE (F)
RECORD
HIGH 84 10/06/2023
LOW 23 10/31/2006
HIGHEST 84R 10/06 MM MM 83 10/15
LOWEST 29 10/28 MM MM 31 10/23
10/29
10/30
AVG. MAXIMUM 64.0 58.7 5.3 64.8
AVG. MINIMUM 46.4 42.4 4.0 44.2
MEAN 55.2 50.6 4.6 54.5
DAYS MAX >= 90 0 0.0 0.0 0
DAYS MAX <= 32 0 0.0 0.0 0
DAYS MIN <= 32 4 2.0 2.0 1
DAYS MIN <= 0 0 0.0 0.0 0
PRECIPITATION (INCHES)
RECORD
MAXIMUM 27.17 1975
MINIMUM 1.37 1987
TOTALS 8.08 10.68 -2.60 9.24
DAILY AVG. 0.26 0.34 -0.08 0.30
DAYS >= .01 13 17.8 -4.8 12
DAYS >= .10 11 13.8 -2.8 9
DAYS >= .50 5 7.4 -2.4 5
DAYS >= 1.00 4 3.5 0.5 3
GREATEST
24 HR. TOTAL 1.83 10/24 TO 10/24
DEGREE DAYS
HEATING TOTAL 299 448 -149 316
SINCE 7/1 556 1035 -479 MM
COOLING TOTAL 3 0 3 0
SINCE 1/1 116 22 94 MM
................................................................
WIND (MPH)
AVERAGE WIND SPEED 4.7
HIGHEST WIND SPEED/DIRECTION 23/050 DATE 10/25
HIGHEST GUST SPEED/DIRECTION 41/150 DATE 10/09
SKY COVER
POSSIBLE SUNSHINE (PERCENT) MM
AVERAGE SKY COVER 0.52
NUMBER OF DAYS FAIR 12
NUMBER OF DAYS PC 7
NUMBER OF DAYS CLOUDY 12
AVERAGE RH (PERCENT) 73
WEATHER CONDITIONS. NUMBER OF DAYS WITH
THUNDERSTORM 0 MIXED PRECIP 0
HEAVY RAIN 4 RAIN 9
LIGHT RAIN 16 FREEZING RAIN 0
LT FREEZING RAIN 0 HAIL 0
HEAVY SNOW 0 SNOW 0
LIGHT SNOW 0 SLEET 0
FOG 21 FOG W/VIS <= 1/4 MILE 3
HAZE 13
- INDICATES NEGATIVE NUMBERS.
R INDICATES RECORD WAS SET OR TIED.
MM INDICATES DATA IS MISSING.
T INDICATES TRACE AMOUNT.
$$