585
CXUS53 KLSX 011803 CCB
CF6UIN
PRELIMINARY LOCAL CLIMATOLOGICAL DATA (WS FORM: F-6)
STATION: QUINCY IL
MONTH: MARCH
YEAR: 2021
LATITUDE: 39 57 N
LONGITUDE: 91 12 W
TEMPERATURE IN F: :PCPN: SNOW: WIND :SUNSHINE: SKY :PK WND
================================================================================
1 2 3 4 5 6A 6B 7 8 9 10 11 12 13 14 15 16 17 18
12Z AVG MX 2MIN
DY MAX MIN AVG DEP HDD CDD WTR SNW DPTH SPD SPD DIR MIN PSBL S-S WX SPD DR
================================================================================
1 46 23 35 -1 30 0 0.00 0.0 0 7.4 14 320 M M 0 18 320
2 55 23 39 3 26 0 0.00 0.0 0 9.3 17 210 M M 0 24 200
3 64 36 50 13 15 0 0.00 0.0 0 8.3 14 280 M M 0 19 300
4 57 31 44 7 21 0 0.00 0.0 0 10.0 18 70 M M 0 24 70
5 50 28 39 1 26 0 T 0.0 0 8.3 16 80 M M 3 22 90
6 58 35 47 9 18 0 0.00 0.0 0 5.5 13 200 M M 6 17 200
7 66 35 51 13 14 0 0.00 0.0 0 8.9 21 200 M M 2 28 190
8 69 41 55 16 10 0 0.00 0.0 0 11.0 21 220 M M 0 27 240
9 74 45 60 21 5 0 0.00 0.0 0 14.2 28 180 M M 0 42 160
10 71 56 64 24 1 0 0.05 0.0 0 20.9 32 200 M M 5 3 47 190
11 59 37 48 8 17 0 0.21 0.0 0 9.5 33 240 M M 3 13 49 240
12 53 34 44 4 21 0 0.00 0.0 0 7.4 16 40 M M 4 20 40
13 58 42 50 9 15 0 0.00 0.0 0 10.3 16 110 M M 5 21 120
14 51 41 46 5 19 0 0.09 0.0 0 15.4 29 80 M M 10 41 80
15 43 37 40 -2 25 0 0.47 0.0 0 13.2 25 80 M M 10 12 35 90
16 44 37 41 -1 24 0 0.00 0.0 0 7.9 14 80 M M 10 12 19 80
17 42 37 40 -2 25 0 0.90 0.0 0 16.1 26 20 M M 10 13 36 20
18 44 34 39 -4 26 0 1.45 M 0 21.5 36 10 M M 9 1 46 20
19 51 29 40 -3 25 0 0.00 0.0 0 9.5 16 40 M M 0 21 70
20 59 30 45 1 20 0 0.00 0.0 0 8.7 15 130 M M 0 19 140
21 67 39 53 9 12 0 0.00 0.0 0 13.0 22 160 M M 0 35 160
22 68 52 60 16 5 0 0.00 0.0 0 10.3 15 140 M M 1 25 170
23 60 50 55 10 10 0 0.72 0.0 0 14.3 24 140 M M 9 13 32 130
24 53 45 49 4 16 0 T 0.0 0 14.1 24 230 M M 10 8 37 240
25 48 40 44 -2 21 0 0.53 0.0 0 9.6 20 40 M M 8 1 24 40
26 55 43 49 3 16 0 0.00 0.0 0 5.2 14 320 M M 7 1 18 320
27 63 45 54 8 11 0 0.10 0.0 0 11.4 28 320 M M 4 13 40 330
28 51 34 43 -4 22 0 0.02 0.0 0 14.0 31 300 M M 2 1 40 300
29 71 35 53 6 12 0 0.00 0.0 0 15.3 28 180 M M 0 40 170
30 65 44 55 8 10 0 0.00 0.0 0 14.5 25 330 M M 4 34 220
31 45 29 37 -11 28 0 0.00 0.0 0 14.1 29 300 M M 0 43 290
================================================================================
SM 1760 1167 546 0 4.54 M 359.1 M 122
================================================================================
AV 56.8 37.6 11.6 FASTST M M 4 MAX(MPH)
MISC ----> 36 10 49 240
================================================================================
NOTES:
# LAST OF SEVERAL OCCURRENCES
COLUMN 17 PEAK WIND IN M.P.H.
PRELIMINARY LOCAL CLIMATOLOGICAL DATA (WS FORM: F-6) , PAGE 2
STATION: QUINCY IL
MONTH: MARCH
YEAR: 2021
LATITUDE: 39 57 N
LONGITUDE: 91 12 W
[TEMPERATURE DATA] [PRECIPITATION DATA] SYMBOLS USED IN COLUMN 16
AVERAGE MONTHLY: 47.2 TOTAL FOR MONTH: 4.54 1 = FOG OR MIST
DPTR FM NORMAL: 5.3 DPTR FM NORMAL: 2.08 2 = FOG REDUCING VISIBILITY
HIGHEST: 74 ON 9 GRTST 24HR 1.95 ON 17-18 TO 1/4 MILE OR LESS
LOWEST: 23 ON 2, 1 3 = THUNDER
SNOW, ICE PELLETS, HAIL 4 = ICE PELLETS
TOTAL MONTH: M 5 = HAIL
GRTST 24HR M 6 = FREEZING RAIN OR DRIZZLE
GRTST DEPTH: M 7 = DUSTSTORM OR SANDSTORM:
VSBY 1/2 MILE OR LESS
8 = SMOKE OR HAZE
[NO. OF DAYS WITH] [WEATHER - DAYS WITH] 9 = BLOWING SNOW
X = TORNADO
MAX 32 OR BELOW: 0 0.01 INCH OR MORE: 10
MAX 90 OR ABOVE: 0 0.10 INCH OR MORE: 7
MIN 32 OR BELOW: 7 0.50 INCH OR MORE: 4
MIN 0 OR BELOW: 0 1.00 INCH OR MORE: 1
[HDD (BASE 65) ]
TOTAL THIS MO. 546 CLEAR (SCALE 0-3) 16
DPTR FM NORMAL -172 PTCLDY (SCALE 4-7) 7
TOTAL FM JUL 1 4866 CLOUDY (SCALE 8-10) 8
DPTR FM NORMAL -196
[CDD (BASE 65) ]
TOTAL THIS MO. 0
DPTR FM NORMAL -2 [PRESSURE DATA]
TOTAL FM JAN 1 0 HIGHEST SLP 30.51 ON 20
DPTR FM NORMAL -2 LOWEST SLP 29.49 ON 23
[REMARKS]
#FINAL-03-21#