000
CXUS53 KLSX 011930
CLMUIN
CLIMATE REPORT
NATIONAL WEATHER SERVICE ST LOUIS MO
130 PM CST THU FEB 01 2024
...................................
...THE QUINCY IL CLIMATE SUMMARY FOR THE MONTH OF JANUARY 2024...
CLIMATE NORMAL PERIOD 1991 TO 2020
CLIMATE RECORD PERIOD 1901 TO 2024
WEATHER OBSERVED NORMAL DEPART LAST YEAR`S
VALUE DATE(S) VALUE FROM VALUE
NORMAL
..............................................................
TEMPERATURE (F)
RECORD
HIGH 73 01/24/1950
LOW -21 01/20/1985
01/10/1982
HIGHEST 53 01/29 66
LOWEST -14 01/14 5
AVG. MAXIMUM 30.9 34.6 -3.7 40.5
AVG. MINIMUM 19.5 18.6 0.9 25.8
MEAN 25.2 26.6 -1.4 33.1
DAYS MAX >= 90 0 0.0 0.0 0
DAYS MAX <= 32 10 13.0 -3.0 6
DAYS MIN <= 32 25 27.3 -2.3 25
DAYS MIN <= 0 7 2.8 4.2 0
PRECIPITATION (INCHES)
RECORD
MAXIMUM 6.56 1916
MINIMUM 0.09 2009
TOTALS 2.45 1.57 0.88 0.63
DAILY AVG. 0.08 0.05 0.03 0.02
DAYS >= .01 10 7.8 2.2 MM
DAYS >= .10 7 3.4 3.6 MM
DAYS >= .50 2 0.8 1.2 0
DAYS >= 1.00 0 0.3 -0.3 0
GREATEST
24 HR. TOTAL 0.64 01/25 TO 01/25
DEGREE DAYS
HEATING TOTAL 1163 1190 -27 982
SINCE 7/1 2814 3317 -503 MM
COOLING TOTAL 0 0 0 0
SINCE 1/1 0 0 0 MM
..............................................................
WIND (MPH)
HIGHEST WIND SPEED/DIRECTION 29/310 DATE 01/09
29/270 01/12
29/280 01/13
HIGHEST GUST SPEED/DIRECTION 43/260 DATE 01/12
SKY COVER
POSSIBLE SUNSHINE (PERCENT) MM
NUMBER OF DAYS FAIR 9
NUMBER OF DAYS PC 7
NUMBER OF DAYS CLOUDY 15
WEATHER CONDITIONS. NUMBER OF DAYS WITH
THUNDERSTORM 1 MIXED PRECIP 0
HEAVY RAIN 2 RAIN 4
LIGHT RAIN 7 FREEZING RAIN 0
LT FREEZING RAIN 1 HAIL 0
HEAVY SNOW 0 SNOW 3
LIGHT SNOW 11 SLEET 0
FOG 19 FOG W/VIS <= 1/4 MILE 9
HAZE 10
- INDICATES NEGATIVE NUMBERS.
R INDICATES RECORD WAS SET OR TIED.
MM INDICATES DATA IS MISSING.
T INDICATES TRACE AMOUNT.
...MONTHLY...
TIED 8TH MOST DAYS WITH A HIGH TEMPERATURE LESS THAN 10 DEGREES (3
DAYS).
TIED 5TH MOST DAYS WITH AT LEAST A TENTH OF AN INCH OF
PRECIPITATION (7 DAYS).
...DAILY...
RECORD LOW MAXIMUM TEMPERATURE OF -5 DEGREES SET ON 01/14. PREVIOUS
0 DEGREES IN 1916.
$$