000
CXUS54 KHGX 011410
CF6UTS
PRELIMINARY LOCAL CLIMATOLOGICAL DATA (WS FORM: F-6)
STATION: HUNTSVILLE
MONTH: AUGUST
YEAR: 2022
LATITUDE: 30 45 N
LONGITUDE: 95 35 W
TEMPERATURE IN F: :PCPN: SNOW: WIND :SUNSHINE: SKY :PK WND
================================================================================
1 2 3 4 5 6A 6B 7 8 9 10 11 12 13 14 15 16 17 18
12Z AVG MX 2MIN
DY MAX MIN AVG DEP HDD CDD WTR SNW DPTH SPD SPD DIR MIN PSBL S-S WX SPD DR
================================================================================
1 100 78 89 3 0 24 0.00 0.0 0 6.1 14 220 M M 2 21 210
2 103 80 92 6 0 27 0.00 0.0 0 8.3 17 200 M M 2 24 190
3 104 80 92 6 0 27 0.00 0.0 0 9.3 16 220 M M 2 27 190
4 103 81 92 6 0 27 0.00 0.0 0 6.9 15 190 M M 2 23 180
5 103 80 92 6 0 27 0.00 0.0 0 4.7 13 170 M M 0 38 25 100
6 97 76 87 1 0 22 T 0.0 0 4.2 13 180 M M 3 21 180
7 102 76 89 3 0 24 0.00 0.0 0 4.3 12 170 M M 1 8 21 170
8 103 77 90 4 0 25 0.00 0.0 0 4.4 14 170 M M 1 25 160
9 104 77 91 5 0 26 0.00 0.0 0 3.3 10 180 M M 1 17 180
10 104 77 91 5 0 26 0.03 0.0 0 2.8 18 330 M M 2 38 30 330
11 100 76 88 2 0 23 T 0.0 0 3.6 15 70 M M 5 123 27 40
12 98 75 87 2 0 22 0.20 0.0 0 2.3 15 50 M M 5 29 60
13 99 75 87 2 0 22 0.00 0.0 0 4.1 10 60 M M 1 1 21 70
14 96 75 86 1 0 21 T 0.0 0 5.2 17 200 M M 2 26 190
15 99 74 87 2 0 22 0.00 0.0 0 4.9 13 190 M M 1 22 190
16 100 73 87 2 0 22 0.00 0.0 0 4.4 9 220 M M 2 M M
17 103 78 91 6 0 26 T 0.0 0 6.1 13 240 M M 2 20 270
18 96 75 86 1 0 21 T 0.0 0 3.4 20 260 M M 4 3 31 260
19 86 73 80 -5 0 15 0.47 0.0 0 4.0 13 190 M M 4 138 22 150
20 95 73 84 -1 0 19 0.04 0.0 0 3.5 13 190 M M 2 3 20 130
21 95 77 86 1 0 21 0.06 0.0 0 7.6 23 220 M M 4 13 38 220
22 92 75 84 0 0 19 0.20 0.0 0 6.4 18 180 M M 8 13 25 200
23 90 75 83 -1 0 18 0.01 0.0 0 4.7 14 300 M M 8 20 240
24 92 75 84 0 0 19 0.00 0.0 0 3.5 12 340 M M 5 22 330
25 92 72 82 -2 0 17 0.00 0.0 0 3.3 10 330 M M 3 18 340
26 94 73 84 0 0 19 T 0.0 0 1.8 8 350 M M 3 1 12 170
27 97 76 87 3 0 22 0.16 0.0 0 4.1 13 60 M M 3 1 24 50
28 96 75 86 2 0 21 0.00 0.0 0 4.7 13 160 M M 1 21 170
29 90 76 83 0 0 18 T 0.0 0 4.6 18 200 M M 5 3 25 200
30 83 73 78 -5 0 13 2.22 0.0 0 1.5 14 210 M M 4 13 22 160
31 94 75 85 2 0 20 0.08 0.0 0 1.0 10 290 M M 1 3 15 300
================================================================================
SM 3010 2351 0 675 3.47 0.0 139.0 M 89
================================================================================
AV 97.1 75.8 4.5 FASTST M M 3 MAX(MPH)
MISC ----> 23 220 38 220
================================================================================
NOTES:
# LAST OF SEVERAL OCCURRENCES
COLUMN 17 PEAK WIND IN M.P.H.
PRELIMINARY LOCAL CLIMATOLOGICAL DATA (WS FORM: F-6) , PAGE 2
STATION: HUNTSVILLE
MONTH: AUGUST
YEAR: 2022
LATITUDE: 30 45 N
LONGITUDE: 95 35 W
[TEMPERATURE DATA] [PRECIPITATION DATA] SYMBOLS USED IN COLUMN 16
AVERAGE MONTHLY: 86.5 TOTAL FOR MONTH: 3.47 1 = FOG OR MIST
DPTR FM NORMAL: 1.7 DPTR FM NORMAL: 0.23 2 = FOG REDUCING VISIBILITY
HIGHEST: 104 ON 9,10 GRTST 24HR 2.22 ON 30-30 TO 1/4 MILE OR LESS
LOWEST: 72 ON 25 3 = THUNDER
SNOW, ICE PELLETS, HAIL 4 = ICE PELLETS
TOTAL MONTH: 0.0 INCH 5 = HAIL
GRTST 24HR 0.0 6 = FREEZING RAIN OR DRIZZLE
GRTST DEPTH: 0 7 = DUSTSTORM OR SANDSTORM:
VSBY 1/2 MILE OR LESS
8 = SMOKE OR HAZE
[NO. OF DAYS WITH] [WEATHER - DAYS WITH] 9 = BLOWING SNOW
X = TORNADO
MAX 32 OR BELOW: 0 0.01 INCH OR MORE: 10
MAX 90 OR ABOVE: 29 0.10 INCH OR MORE: 5
MIN 32 OR BELOW: 0 0.50 INCH OR MORE: 1
MIN 0 OR BELOW: 0 1.00 INCH OR MORE: 1
[HDD (BASE 65) ]
TOTAL THIS MO. 0 CLEAR (SCALE 0-3) 19
DPTR FM NORMAL 0 PTCLDY (SCALE 4-7) 12
TOTAL FM JUL 1 0 CLOUDY (SCALE 8-10) 0
DPTR FM NORMAL 0
[CDD (BASE 65) ]
TOTAL THIS MO. 675
DPTR FM NORMAL 61 [PRESSURE DATA]
TOTAL FM JAN 1 3015 HIGHEST SLP 30.13 ON 7
DPTR FM NORMAL 691 LOWEST SLP 29.79 ON 27
[REMARKS]
#FINAL-08-22#