000
CXUS54 KHGX 011410
CF6UTS
PRELIMINARY LOCAL CLIMATOLOGICAL DATA (WS FORM: F-6)
STATION: HUNTSVILLE
MONTH: OCTOBER
YEAR: 2023
LATITUDE: 30 45 N
LONGITUDE: 95 35 W
TEMPERATURE IN F: :PCPN: SNOW: WIND :SUNSHINE: SKY :PK WND
================================================================================
1 2 3 4 5 6A 6B 7 8 9 10 11 12 13 14 15 16 17 18
12Z AVG MX 2MIN
DY MAX MIN AVG DEP HDD CDD WTR SNW DPTH SPD SPD DIR MIN PSBL S-S WX SPD DR
================================================================================
1 93 67 80 5 0 15 0.00 0.0 0 4.8 14 60 M M 1 23 80
2 92 68 80 6 0 15 0.00 0.0 0 4.7 14 60 M M 0 21 80
3 81 65 73 -1 0 8 0.31 0.0 0 6.9 15 120 M M 5 1 23 130
4 87 74 81 7 0 16 0.73 0.0 0 9.0 22 160 M M 6 13 32 170
5 78 67 73 -1 0 8 3.30 0.0 0 6.9 35 10 M M 6 13 47 10
6 84 64 74 1 0 9 0.00 0.0 0 6.3 17 40 M M 0 1 23 30
7 75 56 66 -7 0 1 0.00 0.0 0 8.1 17 10 M M 0 25 20
8 77 50 64 -9 1 0 0.00 0.0 0 3.1 8 100 M M 0 13 40
9 84 58 71 -1 0 6 0.00 0.0 0 5.9 14 210 M M 0 20 190
10 80 66 73 1 0 8 T 0.0 0 5.4 13 180 M M 4 20 210
11 72 63 68 -4 0 3 0.30 0.0 0 5.2 13 130 M M 5 1 19 120
12 80 59 70 -1 0 5 0.00 0.0 0 7.9 14 160 M M 4 19 150
13 88 66 77 6 0 12 0.00 0.0 0 7.1 15 350 M M 5 21 200
14 74 56 65 -5 0 0 0.00 0.0 0 8.0 20 360 M M 0 28 360
15 70 51 61 -9 4 0 0.00 0.0 0 10.7 24 330 M M 1 32 10
16 68 47 58 -12 7 0 0.00 0.0 0 8.1 22 360 M M 0 30 350
17 74 44 59 -10 6 0 0.00 0.0 0 3.0 9 180 M M 0 14 170
18 81 56 69 0 0 4 0.00 0.0 0 8.3 17 170 M M 0 26 160
19 86 60 73 4 0 8 0.00 0.0 0 5.2 16 220 M M 1 22 230
20 92 56 74 6 0 9 0.00 0.0 0 4.2 14 240 M M 0 19 250
21 91 56 74 6 0 9 0.00 0.0 0 2.6 9 190 M M 0 14 190
22 86 69 78 10 0 13 0.00 0.0 0 7.2 14 160 M M 3 1 21 150
23 85 71 78 11 0 13 0.29 0.0 0 11.0 18 140 M M 5 1 26 130
24 86 73 80 13 0 15 0.00 0.0 0 13.3 23 150 M M 2 33 140
25 87 72 80 13 0 15 0.00 0.0 0 12.1 22 150 M M 6 31 140
26 86 72 79 13 0 14 3.88 0.0 0 8.6 21 180 M M 9 123 30 170
27 86 73 80 14 0 15 0.00 0.0 0 8.1 15 150 M M 6 21 160
28 84 74 79 13 0 14 0.00 0.0 0 9.0 16 160 M M 6 23 160
29 83 47 65 0 0 0 T 0.0 0 11.5 23 360 M M 8 1 32 330
30 47 42 45 -20 20 0 0.24 0.0 0 13.2 23 360 M M 10 1 33 360
31 59 41 50 -14 15 0 T 0.0 0 9.6 18 360 M M 5 26 20
================================================================================
SM 2496 1883 53 235 9.05 0.0 235.0 M 98
================================================================================
AV 80.5 60.7 7.6 FASTST M M 3 MAX(MPH)
MISC ----> 35 10 47 10
================================================================================
NOTES:
# LAST OF SEVERAL OCCURRENCES
COLUMN 17 PEAK WIND IN M.P.H.
PRELIMINARY LOCAL CLIMATOLOGICAL DATA (WS FORM: F-6) , PAGE 2
STATION: HUNTSVILLE
MONTH: OCTOBER
YEAR: 2023
LATITUDE: 30 45 N
LONGITUDE: 95 35 W
[TEMPERATURE DATA] [PRECIPITATION DATA] SYMBOLS USED IN COLUMN 16
AVERAGE MONTHLY: 70.6 TOTAL FOR MONTH: 9.05 1 = FOG OR MIST
DPTR FM NORMAL: 0.8 DPTR FM NORMAL: 4.69 2 = FOG REDUCING VISIBILITY
HIGHEST: 93 ON 1 GRTST 24HR 3.88 ON 26-26 TO 1/4 MILE OR LESS
LOWEST: 41 ON 31 3 = THUNDER
SNOW, ICE PELLETS, HAIL 4 = ICE PELLETS
TOTAL MONTH: 0.0 INCH 5 = HAIL
GRTST 24HR 0.0 6 = FREEZING RAIN OR DRIZZLE
GRTST DEPTH: 0 7 = DUSTSTORM OR SANDSTORM:
VSBY 1/2 MILE OR LESS
8 = SMOKE OR HAZE
[NO. OF DAYS WITH] [WEATHER - DAYS WITH] 9 = BLOWING SNOW
X = TORNADO
MAX 32 OR BELOW: 0 0.01 INCH OR MORE: 7
MAX 90 OR ABOVE: 4 0.10 INCH OR MORE: 7
MIN 32 OR BELOW: 0 0.50 INCH OR MORE: 3
MIN 0 OR BELOW: 0 1.00 INCH OR MORE: 2
[HDD (BASE 65) ]
TOTAL THIS MO. 53 CLEAR (SCALE 0-3) 16
DPTR FM NORMAL 6 PTCLDY (SCALE 4-7) 13
TOTAL FM JUL 1 53 CLOUDY (SCALE 8-10) 2
DPTR FM NORMAL 6
[CDD (BASE 65) ]
TOTAL THIS MO. 235
DPTR FM NORMAL 41 [PRESSURE DATA]
TOTAL FM JAN 1 3907 HIGHEST SLP 30.40 ON 31
DPTR FM NORMAL 962 LOWEST SLP 29.67 ON 12
[REMARKS]
#FINAL-10-23#