000
CXUS54 KEWX 011110
CF6UVA
PRELIMINARY LOCAL CLIMATOLOGICAL DATA (WS FORM: F-6)
STATION: UVALDE
MONTH: JANUARY
YEAR: 2022
LATITUDE: 29 12 N
LONGITUDE: 99 44 W
TEMPERATURE IN F: :PCPN: SNOW: WIND :SUNSHINE: SKY :PK WND
================================================================================
1 2 3 4 5 6A 6B 7 8 9 10 11 12 13 14 15 16 17 18
12Z AVG MX 2MIN
DY MAX MIN AVG DEP HDD CDD WTR SNW DPTH SPD SPD DIR MIN PSBL S-S WX SPD DR
================================================================================
1 85 60 73 M 0 8 0.00 M M 4.0 10 330 M M 3 12 24 10
2 60 29 45 M 20 0 0.00 M M 11.6 22 330 M M 0 29 360
3 57 21 39 M 26 0 0.00 M M 3.6 10 200 M M 0 9 190
4 66 29 48 M 17 0 0.00 M M 3.1 13 190 M M 0 17 190
5 80 33 57 M 8 0 0.00 M M 2.1 10 300 M M 0 8 M M
6 78 37 58 M 7 0 0.00 M M 5.4 17 40 M M 0 22 40
7 48 31 40 M 25 0 0.00 M M 4.7 9 90 M M 9 1 M M
8 59 42 51 M 14 0 0.00 M M 1.3 6 70 M M 9 12 M M
9 73 42 58 M 7 0 0.00 M M 7.1 16 360 M M 3 1 22 10
10 63 38 51 M 14 0 0.00 M M 6.5 14 60 M M 1 21 60
11 53 39 46 M 19 0 0.00 M M 3.9 10 70 M M 9 M M
12 63 38 51 M 14 0 0.00 M M 2.2 7 250 M M 1 M M
13 76 30 53 M 12 0 0.00 M M 1.5 9 280 M M 0 M M
14 79 33 56 M 9 0 0.00 M M 3.5 13 200 M M 0 17 180
15 65 44 55 M 10 0 0.00 M M 17.7 31 330 M M 0 37 350
16 66 23 45 M 20 0 0.00 M M 3.0 12 240 M M 0 8 17 250
17 36 33 35 M 30 0 0.00 M M 0.0 M M M M 0 M M
18 75 39 57 M 8 0 0.00 M M 5.6 10 150 M M 0 M M
19 82 50 66 M 0 1 0.00 M M 6.8 17 300 M M 3 1 29 350
20 51 33 42 M 23 0 0.00 M M 12.0 21 10 M M 8 26 10
21 51 32 42 M 23 0 0.00 M M 4.6 8 30 M M 5 M M
22 50 30 40 M 25 0 0.00 M M 5.7 13 70 M M 8 16 80
23 55 45 50 M 15 0 0.00 M M 1.6 7 160 M M 10 M M
24 62 39 51 M 14 0 0.00 M M 2.5 9 250 M M 5 M M
25 71 35 53 M 12 0 0.00 M M 7.1 16 90 M M 4 1 22 90
26 55 49 52 M 13 0 0.00 M M 7.6 15 70 M M 9 20 70
27 57 48 53 M 12 0 0.00 M M 4.2 8 60 M M 10 M M
28 60 33 47 M 18 0 0.00 M M 6.9 15 20 M M 3 27 20
29 64 27 46 M 19 0 0.00 M M 2.4 12 220 M M 0 18 220
30 70 31 51 M 14 0 0.00 M M 6.2 13 140 M M 1 18 140
31 71 50 61 M 4 0 0.00 M M 4.8 9 130 M M 6 M M
================================================================================
SM 1981 1143 452 9 0.00 M 159.2 M 107
================================================================================
AV 63.9 36.9 5.1 FASTST M M 3 MAX(MPH)
MISC ----> 31 330 37 350
================================================================================
NOTES:
# LAST OF SEVERAL OCCURRENCES
COLUMN 17 PEAK WIND IN M.P.H.
PRELIMINARY LOCAL CLIMATOLOGICAL DATA (WS FORM: F-6) , PAGE 2
STATION: UVALDE
MONTH: JANUARY
YEAR: 2022
LATITUDE: 29 12 N
LONGITUDE: 99 44 W
[TEMPERATURE DATA] [PRECIPITATION DATA] SYMBOLS USED IN COLUMN 16
AVERAGE MONTHLY: 50.4 TOTAL FOR MONTH: 0.00 1 = FOG OR MIST
DPTR FM NORMAL: 0.0 DPTR FM NORMAL: M 2 = FOG REDUCING VISIBILITY
HIGHEST: 85 ON 1 GRTST 24HR 0.12 ON 8- 8 TO 1/4 MILE OR LESS
LOWEST: 21 ON 3 3 = THUNDER
SNOW, ICE PELLETS, HAIL 4 = ICE PELLETS
TOTAL MONTH: M 5 = HAIL
GRTST 24HR M ON M 6 = FREEZING RAIN OR DRIZZLE
GRTST DEPTH: M ON M 7 = DUSTSTORM OR SANDSTORM:
VSBY 1/2 MILE OR LESS
8 = SMOKE OR HAZE
[NO. OF DAYS WITH] [WEATHER - DAYS WITH] 9 = BLOWING SNOW
X = TORNADO
MAX 32 OR BELOW: 0 0.01 INCH OR MORE: 0
MAX 90 OR ABOVE: 0 0.10 INCH OR MORE: 0
MIN 32 OR BELOW: 10 0.50 INCH OR MORE: 0
MIN 0 OR BELOW: 0 1.00 INCH OR MORE: 0
[HDD (BASE 65) ]
TOTAL THIS MO. 452 CLEAR (SCALE 0-3) 18
DPTR FM NORMAL M PTCLDY (SCALE 4-7) 7
TOTAL FM JUL 1 723 CLOUDY (SCALE 8-10) 6
DPTR FM NORMAL M
[CDD (BASE 65) ]
TOTAL THIS MO. 9
DPTR FM NORMAL M [PRESSURE DATA]
TOTAL FM JAN 1 9 HIGHEST SLP M ON M
DPTR FM NORMAL M LOWEST SLP M ON M
[REMARKS]
#FINAL-01-22#