000
CXUS54 KEWX 011010
CF6UVA
PRELIMINARY LOCAL CLIMATOLOGICAL DATA (WS FORM: F-6)
STATION: UVALDE
MONTH: JANUARY
YEAR: 2021
LATITUDE: 29 12 N
LONGITUDE: 99 44 W
TEMPERATURE IN F: :PCPN: SNOW: WIND :SUNSHINE: SKY :PK WND
================================================================================
1 2 3 4 5 6A 6B 7 8 9 10 11 12 13 14 15 16 17 18
12Z AVG MX 2MIN
DY MAX MIN AVG DEP HDD CDD WTR SNW DPTH SPD SPD DIR MIN PSBL S-S WX SPD DR
================================================================================
1 55 34 45 M 20 0 0.00 M M 7.2 15 330 M M 0 18 280
2 60 32 46 M 19 0 0.00 M M 4.2 12 250 M M 0 18 240
3 68 31 50 M 15 0 0.00 M M 2.3 9 230 M M 0 M M
4 77 36 57 M 8 0 0.00 M M 2.8 12 10 M M 0 17 300
5 69 43 56 M 9 0 0.00 M M 5.8 10 50 M M 3 1 M M
6 68 48 58 M 7 0 0.00 M M 9.4 24 310 M M 4 1 30 310
7 67 37 52 M 13 0 0.00 M M 5.6 12 20 M M 0 20 350
8 60 33 47 M 18 0 0.00 M M 5.7 10 60 M M 0 M M
9 48 32 40 M 25 0 0.00 M M 7.3 10 70 M M 6 18 90
10 47 37 42 M 23 0 0.00 M M 9.6 15 90 M M 10 1 21 90
11 49 35 42 M 23 0 0.00 M M 5.6 9 350 M M 8 9 360
12 51 29 40 M 25 0 0.00 M M 2.2 7 240 M M 1 M M
13 63 28 46 M 19 0 0.00 M M 3.0 8 200 M M 0 M M
14 72 31 52 M 13 0 0.00 M M 6.7 20 310 M M 0 29 310
15 61 32 47 M 18 0 0.00 M M 5.2 10 310 M M 0 16 330
16 65 24 45 M 20 0 0.00 M M 4.3 12 170 M M 0 16 170
17 67 36 52 M 13 0 0.00 M M 3.6 8 40 M M 1 M M
18 74 40 57 M 8 0 0.00 M M 6.7 14 170 M M 3 1 22 140
19 72 48 60 M 5 0 0.05 M M 8.9 15 50 M M 10 22 30
20 53 47 50 M 15 0 0.00 M M 3.1 7 300 M M 10 1 M M
21 61 48 55 M 10 0 0.00 M M 1.4 6 250 M M 5 1 M M
22 78 50 64 M 1 0 0.00 M M 4.9 12 50 M M 5 M M
23 62 56 59 M 6 0 0.00 M M 8.3 12 90 M M 10 1 16 90
24 69 58 64 M 1 0 0.00 M M 6.8 10 120 M M 10 12 20 120
25 74 51 63 M 2 0 0.00 M M 8.0 17 360 M M 3 12 25 360
26 77 41 59 M 6 0 0.00 M M 4.8 20 170 M M 0 20 130
27 65 43 54 M 11 0 0.00 M M 8.4 22 360 M M 2 30 360
28 58 37 48 M 17 0 0.00 M M 8.1 15 80 M M 0 18 70
29 67 39 53 M 12 0 0.00 M M 7.3 15 150 M M 6 22 170
30 79 51 65 M 0 0 0.00 M M 6.3 12 150 M M 5 16 140
31 74 46 60 M 5 0 0.00 M M 7.9 15 350 M M 0 22 340
================================================================================
SM 2010 1233 387 0 0.05 M 181.4 M 102
================================================================================
AV 64.8 39.8 5.9 FASTST M M 3 MAX(MPH)
MISC ----> 24 310 30 310
================================================================================
NOTES:
# LAST OF SEVERAL OCCURRENCES
COLUMN 17 PEAK WIND IN M.P.H.
PRELIMINARY LOCAL CLIMATOLOGICAL DATA (WS FORM: F-6) , PAGE 2
STATION: UVALDE
MONTH: JANUARY
YEAR: 2021
LATITUDE: 29 12 N
LONGITUDE: 99 44 W
[TEMPERATURE DATA] [PRECIPITATION DATA] SYMBOLS USED IN COLUMN 16
AVERAGE MONTHLY: 52.3 TOTAL FOR MONTH: 0.05 1 = FOG OR MIST
DPTR FM NORMAL: 0.0 DPTR FM NORMAL: M 2 = FOG REDUCING VISIBILITY
HIGHEST: 79 ON 30 GRTST 24HR 0.83 ON 9-10 TO 1/4 MILE OR LESS
LOWEST: 24 ON 16 3 = THUNDER
SNOW, ICE PELLETS, HAIL 4 = ICE PELLETS
TOTAL MONTH: M 5 = HAIL
GRTST 24HR M ON M 6 = FREEZING RAIN OR DRIZZLE
GRTST DEPTH: M ON M 7 = DUSTSTORM OR SANDSTORM:
VSBY 1/2 MILE OR LESS
8 = SMOKE OR HAZE
[NO. OF DAYS WITH] [WEATHER - DAYS WITH] 9 = BLOWING SNOW
X = TORNADO
MAX 32 OR BELOW: 0 0.01 INCH OR MORE: 1
MAX 90 OR ABOVE: 0 0.10 INCH OR MORE: 0
MIN 32 OR BELOW: 8 0.50 INCH OR MORE: 0
MIN 0 OR BELOW: 0 1.00 INCH OR MORE: 0
[HDD (BASE 65) ]
TOTAL THIS MO. 387 CLEAR (SCALE 0-3) 18
DPTR FM NORMAL M PTCLDY (SCALE 4-7) 8
TOTAL FM JUL 1 876 CLOUDY (SCALE 8-10) 5
DPTR FM NORMAL M
[CDD (BASE 65) ]
TOTAL THIS MO. 0
DPTR FM NORMAL M [PRESSURE DATA]
TOTAL FM JAN 1 0 HIGHEST SLP M ON M
DPTR FM NORMAL M LOWEST SLP M ON M
[REMARKS]
#FINAL-01-21#