878
CXUS55 KGJT 011000
CF6VEL
PRELIMINARY LOCAL CLIMATOLOGICAL DATA (WS FORM: F-6)
STATION: VERNAL UT
MONTH: JULY
YEAR: 2020
LATITUDE: 40 27 N
LONGITUDE: 109 31 W
TEMPERATURE IN F: :PCPN: SNOW: WIND :SUNSHINE: SKY :PK WND
================================================================================
1 2 3 4 5 6A 6B 7 8 9 10 11 12 13 14 15 16 17 18
12Z AVG MX 2MIN
DY MAX MIN AVG DEP HDD CDD WTR SNW DPTH SPD SPD DIR MIN PSBL S-S WX SPD DR
================================================================================
1 85 44 65 -5 0 0 0.00 M M 5.4 17 260 M M 0 25 230
2 89 50 70 0 0 5 0.00 M M 6.3 21 200 M M 0 30 220
3 92 52 72 2 0 7 0.00 M M 5.4 20 250 M M 0 26 280
4 94 54 74 4 0 9 0.00 M M 4.8 21 210 M M 0 28 210
5 96 58 77 6 0 12 T M M 6.8 20 250 M M 0 28 250
6 97 58 78 7 0 13 0.00 M M 5.0 15 250 M M 0 21 250
7 95 55 75 4 0 10 0.00 M M 8.4 26 210 M M 0 36 260
8 93 54 74 3 0 9 0.00 M M 6.9 20 270 M M 0 27 260
9 93 58 76 4 0 11 0.00 M M 6.1 16 30 M M 0 22 30
10 98 53 76 4 0 11 0.00 M M 4.9 15 280 M M 0 23 230
11 97 55 76 4 0 11 0.00 M M 6.2 18 250 M M 0 27 270
12 96 60 78 6 0 13 0.13 M M 4.3 29 300 M M 0 37 300
13 99 62 81 9 0 16 0.01 M M 10.8 31 280 M M 0 3 41 290
14 96 64 80 8 0 15 0.00 M M 9.3 21 280 M M 0 33 220
15 95 58 77 5 0 12 0.00 M M 6.8 21 280 M M 0 30 300
16 94 58 76 3 0 11 T M M 6.8 29 270 M M 0 43 150
17 95 60 78 5 0 13 0.00 M M 5.7 24 340 M M 0 39 340
18 97 57 77 4 0 12 0.00 M M 4.9 24 330 M M 0 31 350
19 96 60 78 5 0 13 0.00 M M 8.2 30 320 M M 0 41 330
20 96 54 75 2 0 10 T M M 5.0 25 360 M M 0 3 36 360
21 95 55 75 2 0 10 0.00 M M 5.2 10 330 M M 0 16 340
22 84 60 72 -1 0 7 T M M 6.9 24 230 M M 3 34 220
23 89 55 72 -1 0 7 T M M 5.8 40 280 M M 1 38 58 270
24 88 60 74 1 0 9 T M M 6.1 23 260 M M 1 3 31 280
25 88 56 72 -1 0 7 0.03 M M 3.8 21 330 M M 0 26 330
26 93 56 75 2 0 10 0.00 M M 3.5 15 320 M M 0 18 330
27 95 59 77 4 0 12 T M M 6.6 21 240 M M 1 28 230
28 89 60 75 2 0 10 0.08 M M 8.0 25 260 M M 1 3 36 230
29 95 56 76 3 0 11 0.00 M M 5.8 17 350 M M 0 22 340
30 94 57 76 3 0 11 0.00 M M 3.5 12 70 M M 0 16 60
31 95 59 77 4 0 12 0.00 M M 6.9 29 240 M M 0 41 240
================================================================================
SM 2898 1757 0 319 0.25 M 190.1 M 7
================================================================================
AV 93.5 56.7 6.1 FASTST M M 0 MAX(MPH)
MISC ----> # 40 280 # 58 270
================================================================================
NOTES:
# LAST OF SEVERAL OCCURRENCES
COLUMN 17 PEAK WIND IN M.P.H.
PRELIMINARY LOCAL CLIMATOLOGICAL DATA (WS FORM: F-6) , PAGE 2
STATION: VERNAL UT
MONTH: JULY
YEAR: 2020
LATITUDE: 40 27 N
LONGITUDE: 109 31 W
[TEMPERATURE DATA] [PRECIPITATION DATA] SYMBOLS USED IN COLUMN 16
AVERAGE MONTHLY: 75.1 TOTAL FOR MONTH: 0.25 1 = FOG OR MIST
DPTR FM NORMAL: 3.0 DPTR FM NORMAL: -0.39 2 = FOG REDUCING VISIBILITY
HIGHEST: 99 ON 13 GRTST 24HR 0.13 ON 12-12 TO 1/4 MILE OR LESS
LOWEST: 44 ON 1 3 = THUNDER
SNOW, ICE PELLETS, HAIL 4 = ICE PELLETS
TOTAL MONTH: M 5 = HAIL
GRTST 24HR M ON M 6 = FREEZING RAIN OR DRIZZLE
GRTST DEPTH: M ON M 7 = DUSTSTORM OR SANDSTORM:
VSBY 1/2 MILE OR LESS
8 = SMOKE OR HAZE
[NO. OF DAYS WITH] [WEATHER - DAYS WITH] 9 = BLOWING SNOW
X = TORNADO
MAX 32 OR BELOW: 0 0.01 INCH OR MORE: 4
MAX 90 OR ABOVE: 24 0.10 INCH OR MORE: 1
MIN 32 OR BELOW: 0 0.50 INCH OR MORE: 0
MIN 0 OR BELOW: 0 1.00 INCH OR MORE: 0
[HDD (BASE 65) ]
TOTAL THIS MO. 0 CLEAR (SCALE 0-3) 31
DPTR FM NORMAL -6 PTCLDY (SCALE 4-7) 0
TOTAL FM JUL 1 0 CLOUDY (SCALE 8-10) 0
DPTR FM NORMAL -6
[CDD (BASE 65) ]
TOTAL THIS MO. 319
DPTR FM NORMAL 92 [PRESSURE DATA]
TOTAL FM JAN 1 481 HIGHEST SLP 30.10 ON 30
DPTR FM NORMAL 163 LOWEST SLP 29.61 ON 13
[REMARKS]
#FINAL-07-20#