000
CXUS55 KVEF 010910
CF6VGT
PRELIMINARY LOCAL CLIMATOLOGICAL DATA (WS FORM: F-6)
STATION: NORTH_LAS_VEGAS NV
MONTH: JULY
YEAR: 2021
LATITUDE: 36 12 N
LONGITUDE: 115 12 W
TEMPERATURE IN F: :PCPN: SNOW: WIND :SUNSHINE: SKY :PK WND
================================================================================
1 2 3 4 5 6A 6B 7 8 9 10 11 12 13 14 15 16 17 18
12Z AVG MX 2MIN
DY MAX MIN AVG DEP HDD CDD WTR SNW DPTH SPD SPD DIR MIN PSBL S-S WX SPD DR
================================================================================
1 107 79 93 3 0 28 0.00 M M 5.9 18 210 M M 0 24 210
2 110 80 95 4 0 30 0.00 M M 6.3 17 200 M M 0 22 150
3 109 88 99 8 0 34 0.00 M M 8.9 25 320 M M 0 35 250
4 107 87 97 6 0 32 0.00 M M 6.6 16 140 M M 0 8 19 140
5 109 85 97 6 0 32 0.00 M M 5.8 13 170 M M 0 17 140
6 113 87 100 9 0 35 0.00 M M 4.9 13 300 M M 0 17 220
7 115 90 103 11 0 38 0.00 M M 7.0 16 260 M M 0 24 150
8 115 90 103 11 0 38 0.00 M M 8.0 22 130 M M 0 28 160
9 117 92 105 13 0 40 0.00 M M 5.3 18 290 M M 0 22 300
10 118 94 106 14 0 41 0.00 M M 4.5 16 270 M M 0 21 280
11 116 95 106 14 0 41 T M M 10.1 43 300 M M 0 38 53 300
12 113 84 99 7 0 34 0.00 M M 8.9 33 70 M M 0 3 45 60
13 110 79 95 3 0 30 0.00 M M 10.5 33 80 M M 0 41 70
14 108 83 96 4 0 31 0.00 M M 12.6 32 60 M M 0 42 60
15 106 81 94 2 0 29 T M M 8.9 17 230 M M 0 3 23 120
16 109 85 97 5 0 32 0.00 M M 11.8 24 170 M M 0 30 180
17 108 86 97 5 0 32 0.00 M M 11.3 24 120 M M 0 29 140
18 103 84 94 2 0 29 T M M 7.6 24 120 M M 1 3 30 170
19 100 84 92 0 0 27 T M M 4.5 21 340 M M 2 26 350
20 107 85 96 4 0 31 0.00 M M 8.4 22 160 M M 1 3 27 340
21 103 88 96 4 0 31 0.00 M M 4.8 13 160 M M 1 16 160
22 106 88 97 5 0 32 T M M 8.2 32 270 M M 0 3 40 270
23 107 84 96 4 0 31 T M M 7.4 29 60 M M 1 36 50
24 103 87 95 3 0 30 0.00 M M 7.5 22 120 M M 0 26 110
25 102 73 88 -4 0 23 M M M 9.4 47 50 M M 1 38 68 60
26 92 77 85 -7 0 20 M M M 5.8 20 160 M M 3 3 27 160
27 102 77 90 -2 0 25 0.00 M M 3.7 13 180 M M 0 18 180
28 105 85 95 3 0 30 0.00 M M 6.7 21 200 M M 0 27 210
29 108 82 95 3 0 30 M M M 7.3 41 90 M M 1 38 50 130
30 97 81 89 -3 0 24 0.00 M M 5.1 24 250 M M 1 28 260
31 98 74 86 -6 0 21 0.00 M M 7.3 35 240 M M 3 3 40 250
================================================================================
SM 3323 2614 0 961 T M 231.0 M 15
================================================================================
AV107.2 84.3 7.5 FASTST M M 0 MAX(MPH)
MISC ----> 47 50 68 60
================================================================================
NOTES:
# LAST OF SEVERAL OCCURRENCES
COLUMN 17 PEAK WIND IN M.P.H.
PRELIMINARY LOCAL CLIMATOLOGICAL DATA (WS FORM: F-6) , PAGE 2
STATION: NORTH_LAS_VEGAS NV
MONTH: JULY
YEAR: 2021
LATITUDE: 36 12 N
LONGITUDE: 115 12 W
[TEMPERATURE DATA] [PRECIPITATION DATA] SYMBOLS USED IN COLUMN 16
AVERAGE MONTHLY: 95.8 TOTAL FOR MONTH: T 1 = FOG OR MIST
DPTR FM NORMAL: 4.0 DPTR FM NORMAL: -0.13 2 = FOG REDUCING VISIBILITY
HIGHEST: 118 ON 10 GRTST 24HR T ON 11-11 TO 1/4 MILE OR LESS
LOWEST: 73 ON 25 3 = THUNDER
SNOW, ICE PELLETS, HAIL 4 = ICE PELLETS
TOTAL MONTH: M 5 = HAIL
GRTST 24HR M ON M 6 = FREEZING RAIN OR DRIZZLE
GRTST DEPTH: M ON M 7 = DUSTSTORM OR SANDSTORM:
VSBY 1/2 MILE OR LESS
8 = SMOKE OR HAZE
[NO. OF DAYS WITH] [WEATHER - DAYS WITH] 9 = BLOWING SNOW
X = TORNADO
MAX 32 OR BELOW: 0 0.01 INCH OR MORE: 0
MAX 90 OR ABOVE: 31 0.10 INCH OR MORE: 0
MIN 32 OR BELOW: 0 0.50 INCH OR MORE: 0
MIN 0 OR BELOW: 0 1.00 INCH OR MORE: 0
[HDD (BASE 65) ]
TOTAL THIS MO. 0 CLEAR (SCALE 0-3) 31
DPTR FM NORMAL 0 PTCLDY (SCALE 4-7) 0
TOTAL FM JUL 1 0 CLOUDY (SCALE 8-10) 0
DPTR FM NORMAL 0
[CDD (BASE 65) ]
TOTAL THIS MO. 961
DPTR FM NORMAL 130 [PRESSURE DATA]
TOTAL FM JAN 1 2504 HIGHEST SLP M ON M
DPTR FM NORMAL 557 LOWEST SLP 27.46 ON 10
[REMARKS]
#FINAL-07-21#