000
CXUS53 KSGF 010810
CF6VIH
PRELIMINARY LOCAL CLIMATOLOGICAL DATA (WS FORM: F-6)
STATION: VICHY-ROLLA MO
MONTH: FEBRUARY
YEAR: 2023
LATITUDE: 38 7 N
LONGITUDE: 91 46 W
TEMPERATURE IN F: :PCPN: SNOW: WIND :SUNSHINE: SKY :PK WND
================================================================================
1 2 3 4 5 6A 6B 7 8 9 10 11 12 13 14 15 16 17 18
12Z AVG MX 2MIN
DY MAX MIN AVG DEP HDD CDD WTR SNW DPTH SPD SPD DIR MIN PSBL S-S WX SPD DR
================================================================================
1 32 14 23 -10 42 0 0.00 M M 2.2 9 210 M M 0 12 200
2 48 18 33 0 32 0 0.00 M M 9.3 18 340 M M 0 27 340
3 32 13 23 -10 42 0 0.00 M M 7.5 17 340 M M 0 24 330
4 52 27 40 7 25 0 0.00 M M 16.8 25 210 M M 0 35 200
5 61 30 46 12 19 0 0.00 M M 9.7 20 210 M M 0 27 200
6 63 32 48 14 17 0 0.00 M M 16.1 32 180 M M 3 48 160
7 57 36 47 13 18 0 T M M 6.7 20 290 M M 4 29 300
8 45 38 42 8 23 0 1.05 M M 10.5 22 90 M M 8 1 29 90
9 50 34 42 8 23 0 0.20 M M 15.7 35 230 M M 8 1 48 220
10 44 24 34 -1 31 0 0.00 M M 7.0 16 330 M M 6 22 320
11 50 21 36 1 29 0 0.00 M M 2.9 8 100 M M 0 10 100
12 60 22 41 6 24 0 0.00 M M 7.5 14 210 M M 0 20 180
13 61 31 46 10 19 0 0.00 M M 7.0 14 160 M M 0 20 150
14 56 47 52 16 13 0 0.40 M M 16.1 33 220 M M 5 1 51 150
15 58 40 49 13 16 0 0.00 M M 9.4 28 240 M M 1 38 240
16 40 28 34 -2 31 0 0.50 M M 13.0 25 90 M M 10 123 32 90
17 39 20 30 -7 35 0 0.00 M M 9.5 18 330 M M 1 25 310
18 56 28 42 5 23 0 0.00 M M 13.6 20 180 M M 1 30 190
19 59 36 48 11 17 0 0.00 M M 11.4 21 220 M M 0 26 220
20 63 33 48 10 17 0 0.00 M M 6.3 23 320 M M 2 8 33 330
21 61 33 47 9 18 0 0.00 M M 9.6 22 150 M M 1 29 150
22 70 53 62 24 3 0 0.33 M M 14.7 28 180 M M 4 1 39 190
23 54 25 40 2 25 0 0.00 M M 11.2 22 320 M M 3 32 310
24 44 20 32 -7 33 0 T M M 9.1 16 60 M M 3 21 60
25 54 30 42 3 23 0 0.00 M M 3.8 9 290 M M 5 16 190
26 56 45 51 11 14 0 0.01 M M 9.5 25 170 M M 10 1 35 170
27 65 47 56 16 9 0 0.26 M M 18.4 44 220 M M 5 1 61 220
28 70 31 51 11 14 0 0.00 M M 8.4 22 170 M M 0 1 30 170
================================================================================
SM 1500 856 635 0 2.75 M 282.9 M 80
================================================================================
AV 53.6 30.6 10.1 FASTST M M 3 MAX(MPH)
MISC ----> 44 220 61 220
================================================================================
NOTES:
# LAST OF SEVERAL OCCURRENCES
COLUMN 17 PEAK WIND IN M.P.H.
PRELIMINARY LOCAL CLIMATOLOGICAL DATA (WS FORM: F-6) , PAGE 2
STATION: VICHY-ROLLA MO
MONTH: FEBRUARY
YEAR: 2023
LATITUDE: 38 7 N
LONGITUDE: 91 46 W
[TEMPERATURE DATA] [PRECIPITATION DATA] SYMBOLS USED IN COLUMN 16
AVERAGE MONTHLY: 42.1 TOTAL FOR MONTH: 2.75 1 = FOG OR MIST
DPTR FM NORMAL: 6.0 DPTR FM NORMAL: 0.69 2 = FOG REDUCING VISIBILITY
HIGHEST: 70 ON 28,22 GRTST 24HR 1.25 ON 8- 9 TO 1/4 MILE OR LESS
LOWEST: 13 ON 3 3 = THUNDER
SNOW, ICE PELLETS, HAIL 4 = ICE PELLETS
TOTAL MONTH: M 5 = HAIL
GRTST 24HR M ON M 6 = FREEZING RAIN OR DRIZZLE
GRTST DEPTH: M ON M 7 = DUSTSTORM OR SANDSTORM:
VSBY 1/2 MILE OR LESS
8 = SMOKE OR HAZE
[NO. OF DAYS WITH] [WEATHER - DAYS WITH] 9 = BLOWING SNOW
X = TORNADO
MAX 32 OR BELOW: 2 0.01 INCH OR MORE: 7
MAX 90 OR ABOVE: 0 0.10 INCH OR MORE: 6
MIN 32 OR BELOW: 17 0.50 INCH OR MORE: 2
MIN 0 OR BELOW: 0 1.00 INCH OR MORE: 1
[HDD (BASE 65) ]
TOTAL THIS MO. 635 CLEAR (SCALE 0-3) 18
DPTR FM NORMAL -175 PTCLDY (SCALE 4-7) 7
TOTAL FM JUL 1 3144 CLOUDY (SCALE 8-10) 3
DPTR FM NORMAL -553
[CDD (BASE 65) ]
TOTAL THIS MO. 0
DPTR FM NORMAL 0 [PRESSURE DATA]
TOTAL FM JAN 1 0 HIGHEST SLP M ON M
DPTR FM NORMAL 0 LOWEST SLP 29.20 ON 27
[REMARKS]
#FINAL-02-23#